--
-- Host: localhost    Database: plusparts_clean
-- ------------------------------------------------------


--
-- Table structure for table `allowed_temporary_customer_files`
--

CREATE TABLE `allowed_temporary_customer_files` (
  `id` int(11) NOT NULL auto_increment,
  `shop_id` int(11) NOT NULL default '1',
  `country_id` int(11) NOT NULL default '1',
  `file_name` varchar(255) NOT NULL default '',
  `is_allowed` tinyint(1) NOT NULL default '0',
  PRIMARY KEY  (`id`),
  KEY `shop_id` (`shop_id`),
  KEY `country_id` (`country_id`),
  KEY `is_allowed` (`is_allowed`),
  KEY `file_name` (`file_name`)
) ENGINE=MyISAM DEFAULT CHARSET=utf8;

--
-- Dumping data for table `allowed_temporary_customer_files`
--



--
-- Table structure for table `article`
--

CREATE TABLE `article` (
  `int_id` int(11) NOT NULL auto_increment,
  `artno` varchar(25) NOT NULL default '',
  `replaced_by` varchar(25) NOT NULL default '',
  `package_size` smallint(6) NOT NULL default '1',
  `cat_id` int(11) NOT NULL default '0',
  PRIMARY KEY  (`int_id`),
  UNIQUE KEY `artno` (`artno`),
  KEY `replaced_by` (`replaced_by`),
  KEY `cat_id` (`cat_id`)
) ENGINE=MyISAM DEFAULT CHARSET=utf8;

--
-- Dumping data for table `article`
--



--
-- Table structure for table `article_data`
--

CREATE TABLE `article_data` (
  `int_id` int(11) NOT NULL auto_increment,
  `name` varchar(255) NOT NULL default '',
  `description` varchar(255) NOT NULL default '',
  `lang_id` int(11) NOT NULL default '0',
  `id` int(11) NOT NULL default '0',
  `artno` varchar(25) NOT NULL default '',
  PRIMARY KEY  (`int_id`),
  KEY `artno` (`artno`),
  KEY `lang_id` (`lang_id`),
  KEY `artno_2` (`artno`,`lang_id`)
) ENGINE=MyISAM DEFAULT CHARSET=utf8;

--
-- Dumping data for table `article_data`
--



--
-- Table structure for table `articlesToBaskets`
--

CREATE TABLE `articlesToBaskets` (
  `basketId` int(10) unsigned NOT NULL default '0',
  `articleId` int(10) unsigned NOT NULL default '0',
  `quantity` mediumint(8) unsigned NOT NULL default '0',
  PRIMARY KEY  (`basketId`,`articleId`)
) ENGINE=MyISAM DEFAULT CHARSET=utf8;

--
-- Dumping data for table `articlesToBaskets`
--



--
-- Table structure for table `articlesToWarrantyApplications`
--

CREATE TABLE `articlesToWarrantyApplications` (
  `articleId` int(10) unsigned NOT NULL default '0',
  `warrantyApplicationId` int(10) unsigned NOT NULL default '0',
  `price` float(6,4) unsigned NOT NULL default '0.0000',
  `discount` float(6,4) unsigned NOT NULL default '0.0000',
  `quantity` int(10) unsigned NOT NULL default '0'
) ENGINE=MyISAM DEFAULT CHARSET=utf8;

--
-- Dumping data for table `articlesToWarrantyApplications`
--



--
-- Table structure for table `articlesettingstandard`
--

CREATE TABLE `articlesettingstandard` (
  `id` int(11) NOT NULL auto_increment,
  `countryunique_id` int(11) NOT NULL default '0',
  `article_int_id` int(11) NOT NULL default '0',
  `shop_id` int(11) NOT NULL default '0',
  `stockavailability` tinyint(1) NOT NULL default '0',
  PRIMARY KEY  (`id`),
  KEY `countryunique_id` (`countryunique_id`),
  KEY `article_int_id` (`article_int_id`),
  KEY `shop_id` (`shop_id`),
  KEY `stockavailability` (`stockavailability`)
) ENGINE=MyISAM DEFAULT CHARSET=utf8;

--
-- Dumping data for table `articlesettingstandard`
--



--
-- Table structure for table `baskets`
--

CREATE TABLE `baskets` (
  `basketId` int(10) unsigned NOT NULL auto_increment,
  `customerId` int(10) unsigned NOT NULL default '0',
  `timestamp` int(10) unsigned NOT NULL default '0',
  `sessionKey` varchar(255) NOT NULL default '',
  PRIMARY KEY  (`basketId`),
  KEY `sessionKey` (`sessionKey`),
  KEY `customerId` (`customerId`)
) ENGINE=MyISAM DEFAULT CHARSET=utf8;

--
-- Dumping data for table `baskets`
--



--
-- Table structure for table `binary_name`
--

CREATE TABLE `binary_name` (
  `int_id` int(11) NOT NULL auto_increment,
  `id` int(11) NOT NULL default '0',
  `name` varchar(255) NOT NULL default '',
  `lang_id` int(11) NOT NULL default '0',
  PRIMARY KEY  (`int_id`),
  KEY `id` (`id`),
  KEY `name` (`name`),
  KEY `lang_id` (`lang_id`)
) ENGINE=MyISAM DEFAULT CHARSET=utf8;

--
-- Dumping data for table `binary_name`
--



--
-- Table structure for table `binary_value`
--

CREATE TABLE `binary_value` (
  `int_id` int(11) NOT NULL auto_increment,
  `artno` varchar(25) NOT NULL default '0',
  `bin_name_id` int(11) NOT NULL default '0',
  `value` enum('Y','N') NOT NULL default 'Y',
  PRIMARY KEY  (`int_id`),
  KEY `artno` (`artno`),
  KEY `bin_name_id` (`bin_name_id`)
) ENGINE=MyISAM DEFAULT CHARSET=utf8;

--
-- Dumping data for table `binary_value`
--



--
-- Table structure for table `bookmark`
--

CREATE TABLE `bookmark` (
  `id` int(11) NOT NULL auto_increment,
  `view` int(1) NOT NULL default '0',
  `artno` varchar(25) NOT NULL default '',
  `serialno` varchar(50) NOT NULL default '',
  `artyear` varchar(50) NOT NULL default '',
  `customer_row_id` int(11) NOT NULL default '0',
  `timestamp` timestamp NOT NULL default CURRENT_TIMESTAMP on update CURRENT_TIMESTAMP,
  `directory` varchar(20) NOT NULL default '',
  `template` varchar(30) NOT NULL default '',
  `parameters` varchar(20) NOT NULL default '',
  `builtdate` varchar(14) default NULL,
  PRIMARY KEY  (`id`),
  KEY `customer_row_id` (`customer_row_id`)
) ENGINE=MyISAM DEFAULT CHARSET=utf8;

--
-- Dumping data for table `bookmark`
--



--
-- Table structure for table `category_name`
--

CREATE TABLE `category_name` (
  `int_id` int(11) NOT NULL auto_increment,
  `id` int(11) NOT NULL default '0',
  `name` varchar(255) NOT NULL default '',
  `lang_id` int(11) NOT NULL default '0',
  `parent_id` int(11) NOT NULL default '0',
  PRIMARY KEY  (`int_id`),
  KEY `id` (`id`),
  KEY `lang_id` (`lang_id`),
  KEY `parent_id` (`parent_id`)
) ENGINE=MyISAM DEFAULT CHARSET=utf8;

--
-- Dumping data for table `category_name`
--


INSERT INTO `category_name` VALUES (1,1,'Marke',1,0),(2,2,'Ebene 2',1,1),(3,3,'Ebene 3',1,2),(4,1,'Brand',3,0),(5,2,'Level 2',3,1),(6,3,'Level 3',3,2),(7,4,'Ebene 4',1,3),(8,4,'Level 4',3,3),(9,5,'Ebene 5',1,4),(10,5,'Level 5',3,4),(11,6,'Ebene 6',1,5),(12,6,'Level 6',3,5),(13,7,'Ebene 7',1,6),(14,7,'Level 7',3,6),(15,8,'Ebene 8',1,7),(16,8,'Level 8',3,7);

--
-- Table structure for table `category_value`
--

CREATE TABLE `category_value` (
  `int_id` int(11) NOT NULL auto_increment,
  `id` int(11) NOT NULL default '0',
  `name` varchar(255) NOT NULL default '',
  `lang_id` int(11) NOT NULL default '0',
  `cat_id` int(11) NOT NULL default '0',
  `isOpen` tinyint(1) NOT NULL default '1',
  `bestseller` tinyint(3) unsigned NOT NULL default '0',
  PRIMARY KEY  (`int_id`),
  KEY `lang_id` (`lang_id`),
  KEY `cat_id` (`cat_id`),
  KEY `name` (`name`),
  KEY `id` (`id`),
  KEY `id_2` (`id`,`lang_id`)
) ENGINE=MyISAM DEFAULT CHARSET=utf8;

--
-- Dumping data for table `category_value`
--



--
-- Table structure for table `cd_directory`
--

CREATE TABLE `cd_directory` (
  `int_id` int(11) NOT NULL auto_increment,
  `artno` varchar(255) NOT NULL default '',
  `cd` int(11) NOT NULL default '0',
  `deleted` enum('N','Y') NOT NULL default 'N',
  PRIMARY KEY  (`int_id`),
  KEY `deleted` (`deleted`),
  KEY `artno` (`artno`)
) ENGINE=MyISAM DEFAULT CHARSET=utf8;

--
-- Dumping data for table `cd_directory`
--



--
-- Table structure for table `change_date`
--

CREATE TABLE `change_date` (
  `int_id` int(11) NOT NULL auto_increment,
  `year` mediumint(9) NOT NULL default '0',
  `month` tinyint(4) NOT NULL default '0',
  `day` tinyint(4) NOT NULL default '0',
  `serialno` varchar(255) default NULL,
  `cd_nr` tinyint(4) NOT NULL default '0',
  `artno` varchar(25) NOT NULL default '',
  PRIMARY KEY  (`int_id`),
  KEY `artno` (`artno`),
  KEY `serialno` (`serialno`),
  KEY `artno_2` (`artno`,`year`,`month`,`day`)
) ENGINE=MyISAM DEFAULT CHARSET=utf8;

--
-- Dumping data for table `change_date`
--



--
-- Table structure for table `characteristic_name`
--

CREATE TABLE `characteristic_name` (
  `int_id` int(11) NOT NULL auto_increment,
  `id` int(11) NOT NULL default '0',
  `name` varchar(255) NOT NULL default '',
  `lang_id` int(11) NOT NULL default '0',
  PRIMARY KEY  (`int_id`),
  KEY `lang_id` (`lang_id`),
  KEY `id` (`id`)
) ENGINE=MyISAM DEFAULT CHARSET=utf8;

--
-- Dumping data for table `characteristic_name`
--



--
-- Table structure for table `characteristic_value`
--

CREATE TABLE `characteristic_value` (
  `int_id` int(11) NOT NULL auto_increment,
  `id` int(11) NOT NULL default '0',
  `name` varchar(255) NOT NULL default '',
  `lang_id` int(11) NOT NULL default '0',
  `standard` enum('N','Y') NOT NULL default 'N',
  PRIMARY KEY  (`int_id`),
  KEY `id` (`id`),
  KEY `name` (`name`),
  KEY `lang_id` (`lang_id`)
) ENGINE=MyISAM DEFAULT CHARSET=utf8;

--
-- Dumping data for table `characteristic_value`
--



--
-- Table structure for table `conditions`
--

CREATE TABLE `conditions` (
  `conditionId` int(10) unsigned NOT NULL auto_increment,
  `code` text NOT NULL,
  `nameTextId` int(10) unsigned NOT NULL default '0',
  `owningShopId` int(10) unsigned NOT NULL default '0',
  PRIMARY KEY  (`conditionId`)
) ENGINE=MyISAM DEFAULT CHARSET=utf8;

--
-- Dumping data for table `conditions`
--



--
-- Table structure for table `conditionsToDiscounts`
--

CREATE TABLE `conditionsToDiscounts` (
  `conditionId` int(10) unsigned NOT NULL default '0',
  `discountId` int(10) unsigned NOT NULL default '0',
  PRIMARY KEY  (`conditionId`,`discountId`),
  KEY `discountId` (`discountId`)
) ENGINE=MyISAM DEFAULT CHARSET=utf8;

--
-- Dumping data for table `conditionsToDiscounts`
--



--
-- Table structure for table `conditionsToSurcharges`
--

CREATE TABLE `conditionsToSurcharges` (
  `conditionId` int(10) unsigned NOT NULL default '0',
  `surchargeId` int(10) unsigned NOT NULL default '0',
  PRIMARY KEY  (`conditionId`,`surchargeId`),
  KEY `conditionId` (`conditionId`),
  KEY `surchargeId` (`surchargeId`)
) ENGINE=MyISAM DEFAULT CHARSET=utf8;

--
-- Dumping data for table `conditionsToSurcharges`
--



--
-- Table structure for table `contact_area`
--

CREATE TABLE `contact_area` (
  `int_id` int(11) NOT NULL auto_increment,
  `name` varchar(255) default NULL,
  `area_code` varchar(255) default NULL,
  `phone_no` varchar(255) default NULL,
  `street1` varchar(255) NOT NULL default '',
  `street2` varchar(255) NOT NULL default '',
  `postcode` varchar(255) NOT NULL default '',
  `city` varchar(255) NOT NULL default '',
  `state` varchar(255) NOT NULL default '',
  `country` varchar(255) NOT NULL default '',
  `phone_no2` varchar(255) NOT NULL default '',
  `phone_no3` varchar(255) NOT NULL default '',
  `fax_no` varchar(255) NOT NULL default '',
  `email` varchar(255) NOT NULL default '',
  `Type` varchar(2) NOT NULL default 'CA',
  PRIMARY KEY  (`int_id`)
) ENGINE=MyISAM DEFAULT CHARSET=utf8 PACK_KEYS=0;

--
-- Dumping data for table `contact_area`
--



--
-- Table structure for table `contact_dealer`
--

CREATE TABLE `contact_dealer` (
  `int_id` int(11) NOT NULL auto_increment,
  `name` varchar(255) default NULL,
  `contact_name` varchar(255) default NULL,
  `area_code` varchar(255) default NULL,
  `phone_no` varchar(255) default NULL,
  `street1` varchar(255) NOT NULL default '',
  `street2` varchar(255) NOT NULL default '',
  `postcode` varchar(255) NOT NULL default '',
  `city` varchar(255) NOT NULL default '',
  `country` varchar(255) NOT NULL default '',
  `region` varchar(255) NOT NULL default '',
  `phone_no2` varchar(255) NOT NULL default '',
  `phone_no3` varchar(255) NOT NULL default '',
  `fax_no` varchar(255) NOT NULL default '',
  `email` varchar(255) NOT NULL default '',
  `Type` varchar(2) NOT NULL default 'DL',
  `country_id` int(11) NOT NULL default '0',
  `shop_id` int(11) NOT NULL default '1',
  `use_agb` char(1) NOT NULL default '',
  `agb_text` text NOT NULL,
  PRIMARY KEY  (`int_id`),
  KEY `country_id` (`country_id`),
  KEY `shop_id` (`shop_id`)
) ENGINE=MyISAM DEFAULT CHARSET=utf8;

--
-- Dumping data for table `contact_dealer`
--



--
-- Table structure for table `contacts`
--

CREATE TABLE `contacts` (
  `int_id` int(11) NOT NULL auto_increment,
  `name` varchar(255) default NULL,
  `email` varchar(255) default NULL,
  `extension` varchar(255) default NULL,
  PRIMARY KEY  (`int_id`)
) ENGINE=MyISAM DEFAULT CHARSET=utf8 PACK_KEYS=0;

--
-- Dumping data for table `contacts`
--



--
-- Table structure for table `conversion`
--

CREATE TABLE `conversion` (
  `int_id` bigint(20) NOT NULL auto_increment,
  `source_curr_id` varchar(15) default NULL,
  `target_curr_id` varchar(15) default NULL,
  `factor` float default NULL,
  PRIMARY KEY  (`int_id`),
  KEY `source_curr_id` (`source_curr_id`),
  KEY `target_curr_id` (`target_curr_id`)
) ENGINE=MyISAM DEFAULT CHARSET=utf8;

--
-- Dumping data for table `conversion`
--


INSERT INTO `conversion` VALUES (1,'1','2',1),(2,'55','1',1),(3,'1','55',1),(8,'1','19',1),(6,'55','2',1),(7,'2','55',1),(9,'1','146',1),(10,'1','118',1),(11,'55','19',1),(12,'55','146',1),(13,'55','118',1),(14,'118','55',1),(15,'118','19',1),(16,'118','146',1),(17,'118','1',1),(18,'118','2',1),(19,'2','19',1),(20,'2','146',1),(21,'2','118',1),(22,'2','1',1),(23,'19','55',1),(24,'19','1',1),(25,'19','146',1),(26,'19','118',1),(27,'19','2',1),(28,'146','55',1),(29,'146','19',1),(30,'146','1',1),(31,'146','118',1),(32,'146','2',1),(33,'1','235',1),(34,'235','1',1);

--
-- Table structure for table `country`
--

CREATE TABLE `country` (
  `int_id` int(11) NOT NULL auto_increment,
  `id` int(11) NOT NULL default '0',
  `name` varchar(255) NOT NULL default '',
  `tax_name` varchar(255) NOT NULL default '',
  `tax_value` float(10,3) NOT NULL default '0.000',
  `currency_name` varchar(255) NOT NULL default '',
  `currency_orientation` enum('left','right') NOT NULL default 'left',
  `lang_id` int(11) NOT NULL default '0',
  `separate_sign_1000` varchar(5) NOT NULL default '',
  `separate_sign_dec` varchar(5) NOT NULL default '',
  `abbreviation` varchar(8) NOT NULL default '',
  `date_format` varchar(255) NOT NULL default 'Y-m-d',
  PRIMARY KEY  (`int_id`),
  KEY `id` (`id`),
  KEY `lang_id` (`lang_id`),
  KEY `name` (`name`)
) ENGINE=MyISAM DEFAULT CHARSET=utf8;

--
-- Dumping data for table `country`
--


INSERT INTO `country` VALUES (1,236,'Afghanistan','',0.000,'','left',1,'',',','AF','Y-m-d'),(2,236,'Afghanistan','',0.000,'','left',3,'',',','AF','Y-m-d'),(3,236,'Afghanistan','',0.000,'','left',2,'',',','AF','Y-m-d'),(4,236,'Afghanistan','',0.000,'','left',5,'',',','AF','Y-m-d'),(5,236,'Afganistán','',0.000,'','left',4,'',',','AF','Y-m-d'),(6,236,'Афганистан','',0.000,'','left',6,'',',','AF','Y-m-d'),(7,236,'Afganisztán','',0.000,'','left',9,'',',','AF','Y-m-d'),(8,236,'Afganistan','',0.000,'','left',7,'',',','AF','Y-m-d'),(9,236,'Afghánistán','',0.000,'','left',8,'',',','AF','Y-m-d'),(10,154,'Ägypten','',0.000,'','left',1,'',',','EG','Y-m-d'),(11,154,'Egypt','',0.000,'','left',3,'',',','EG','Y-m-d'),(12,154,'Égypte','',0.000,'','left',2,'',',','EG','Y-m-d'),(13,154,'Egitto','',0.000,'','left',5,'',',','EG','Y-m-d'),(14,154,'Egipto','',0.000,'','left',4,'',',','EG','Y-m-d'),(15,154,'Оман','',0.000,'','left',6,'',',','EG','Y-m-d'),(16,154,'Egyiptom','',0.000,'','left',9,'',',','EG','Y-m-d'),(17,154,'Egipt','',0.000,'','left',7,'',',','EG','Y-m-d'),(18,154,'Egypt','',0.000,'','left',8,'',',','EG','Y-m-d'),(19,237,'Albanien','',0.000,'','left',1,'',',','AL','Y-m-d'),(20,237,'Albania','',0.000,'','left',3,'',',','AL','Y-m-d'),(21,237,'Albanie','',0.000,'','left',2,'',',','AL','Y-m-d'),(22,237,'Albania','',0.000,'','left',5,'',',','AL','Y-m-d'),(23,237,'Albania','',0.000,'','left',4,'',',','AL','Y-m-d'),(24,237,'Албания','',0.000,'','left',6,'',',','AL','Y-m-d'),(25,237,'Albánia','',0.000,'','left',9,'',',','AL','Y-m-d'),(26,237,'Albania','',0.000,'','left',7,'',',','AL','Y-m-d'),(27,237,'Albánie','',0.000,'','left',8,'',',','AL','Y-m-d'),(28,238,'Algerien','',0.000,'','left',1,'',',','DZ','Y-m-d'),(29,238,'Algeria','',0.000,'','left',3,'',',','DZ','Y-m-d'),(30,238,'Algérie','',0.000,'','left',2,'',',','DZ','Y-m-d'),(31,238,'Algeria','',0.000,'','left',5,'',',','DZ','Y-m-d'),(32,238,'Argelia','',0.000,'','left',4,'',',','DZ','Y-m-d'),(33,238,'Алжир','',0.000,'','left',6,'',',','DZ','Y-m-d'),(34,238,'Algéria','',0.000,'','left',9,'',',','DZ','Y-m-d'),(35,238,'Algieria','',0.000,'','left',7,'',',','DZ','Y-m-d'),(36,238,'Al?írsko','',0.000,'','left',8,'',',','DZ','Y-m-d'),(37,90,'Amerikanische Jungferninseln','',0.000,'','left',1,'',',','VI','Y-m-d'),(38,90,'US Virgin Islands','',0.000,'','left',3,'',',','VI','Y-m-d'),(39,90,'Iles Vierges américaines','',0.000,'','left',2,'',',','VI','Y-m-d'),(40,90,'Isole Vergini americane','',0.000,'','left',5,'',',','VI','Y-m-d'),(41,90,'Islas Vírgenes Americanas','',0.000,'','left',4,'',',','VI','Y-m-d'),(42,90,'Вирджинские острова (США)','',0.000,'','left',6,'',',','VI','Y-m-d'),(43,90,'Amerikai Virgin-szigetek','',0.000,'','left',9,'',',','VI','Y-m-d'),(44,90,'Wyspy Dziewicze (Stanów Zjednoczonych)','',0.000,'','left',7,'',',','VI','Y-m-d'),(45,90,'Panenské ostrovy','',0.000,'','left',8,'',',','VI','Y-m-d'),(46,239,'Amerikanisch-Samoa','',0.000,'','left',1,'',',','AS','Y-m-d'),(47,239,'American Samoa','',0.000,'','left',3,'',',','AS','Y-m-d'),(48,239,'Samoa américaines','',0.000,'','left',2,'',',','AS','Y-m-d'),(49,239,'Samoa americane','',0.000,'','left',5,'',',','AS','Y-m-d'),(50,239,'Samoa Americana','',0.000,'','left',4,'',',','AS','Y-m-d'),(51,239,'Самоа (США)','',0.000,'','left',6,'',',','AS','Y-m-d'),(52,239,'Amerikai Szamoa','',0.000,'','left',9,'',',','AS','Y-m-d'),(53,239,'Samoa Amerykańskie','',0.000,'','left',7,'',',','AS','Y-m-d'),(54,239,'Amerikanisch-Samoa','',0.000,'','left',8,'',',','AS','Y-m-d'),(55,3,'Andorra','',0.000,'','left',1,'',',','AD','Y-m-d'),(56,3,'Andorra','',0.000,'','left',3,'',',','AD','Y-m-d'),(57,3,'Andorre','',0.000,'','left',2,'',',','AD','Y-m-d'),(58,3,'Andorra','',0.000,'','left',5,'',',','AD','Y-m-d'),(59,3,'Andorra','',0.000,'','left',4,'',',','AD','Y-m-d'),(60,3,'Андорра','',0.000,'','left',6,'',',','AD','Y-m-d'),(61,3,'Andorra','',0.000,'','left',9,'',',','AD','Y-m-d'),(62,3,'Andora','',0.000,'','left',7,'',',','AD','Y-m-d'),(63,3,'Andorra','',0.000,'','left',8,'',',','AD','Y-m-d'),(64,4,'Angola','',0.000,'','left',1,'',',','AO','Y-m-d'),(65,4,'Angola','',0.000,'','left',3,'',',','AO','Y-m-d'),(66,4,'Angola','',0.000,'','left',2,'',',','AO','Y-m-d'),(67,4,'Angola','',0.000,'','left',5,'',',','AO','Y-m-d'),(68,4,'Angola','',0.000,'','left',4,'',',','AO','Y-m-d'),(69,4,'Ангола','',0.000,'','left',6,'',',','AO','Y-m-d'),(70,4,'Angola','',0.000,'','left',9,'',',','AO','Y-m-d'),(71,4,'Angola','',0.000,'','left',7,'',',','AO','Y-m-d'),(72,4,'Angola','',0.000,'','left',8,'',',','AO','Y-m-d'),(73,5,'Anguilla','',0.000,'','left',1,'',',','AI','Y-m-d'),(74,5,'Anguilla','',0.000,'','left',3,'',',','AI','Y-m-d'),(75,5,'Anguilla','',0.000,'','left',2,'',',','AI','Y-m-d'),(76,5,'Anguilla','',0.000,'','left',5,'',',','AI','Y-m-d'),(77,5,'Anguila','',0.000,'','left',4,'',',','AI','Y-m-d'),(78,5,'Ангуилла (Anguilla)','',0.000,'','left',6,'',',','AI','Y-m-d'),(79,5,'Anguilla','',0.000,'','left',9,'',',','AI','Y-m-d'),(80,5,'Anguilla','',0.000,'','left',7,'',',','AI','Y-m-d'),(81,5,'Anguilla','',0.000,'','left',8,'',',','AI','Y-m-d'),(82,6,'Antarktis','',0.000,'','left',1,'',',','AQ','Y-m-d'),(83,6,'Antarctica','',0.000,'','left',3,'',',','AQ','Y-m-d'),(84,6,'Antarctique','',0.000,'','left',2,'',',','AQ','Y-m-d'),(85,6,'Antartide','',0.000,'','left',5,'',',','AQ','Y-m-d'),(86,6,'Antártida','',0.000,'','left',4,'',',','AQ','Y-m-d'),(87,6,'Антарктика','',0.000,'','left',6,'',',','AQ','Y-m-d'),(88,6,'Antarktisz','',0.000,'','left',9,'',',','AQ','Y-m-d'),(89,6,'Antarktyka','',0.000,'','left',7,'',',','AQ','Y-m-d'),(90,6,'Antarktida','',0.000,'','left',8,'',',','AQ','Y-m-d'),(91,7,'Antigua und Barbuda','',0.000,'','left',1,'',',','AG','Y-m-d'),(92,7,'Antigua and Barbuda','',0.000,'','left',3,'',',','AG','Y-m-d'),(93,7,'Antigua-et-Barbuda','',0.000,'','left',2,'',',','AG','Y-m-d'),(94,7,'Antigua e Barbuda','',0.000,'','left',5,'',',','AG','Y-m-d'),(95,7,'Antigua y Barbuda','',0.000,'','left',4,'',',','AG','Y-m-d'),(96,7,'Антигуа и Барбуда','',0.000,'','left',6,'',',','AG','Y-m-d'),(97,7,'Antigua és Barbuda','',0.000,'','left',9,'',',','AG','Y-m-d'),(98,7,'Antigua i Barbuda','',0.000,'','left',7,'',',','AG','Y-m-d'),(99,7,'Antigua a Barbuda','',0.000,'','left',8,'',',','AG','Y-m-d'),(100,8,'Äquatorialguinea','',0.000,'','left',1,'',',','GQ','Y-m-d'),(101,8,'Equatorial Guinea','',0.000,'','left',3,'',',','GQ','Y-m-d'),(102,8,'Guinée équatoriale','',0.000,'','left',2,'',',','GQ','Y-m-d'),(103,8,'Guinea Equatoriale','',0.000,'','left',5,'',',','GQ','Y-m-d'),(104,8,'Guinea Ecuatorial','',0.000,'','left',4,'',',','GQ','Y-m-d'),(105,8,'Экваториальная Гвинея','',0.000,'','left',6,'',',','GQ','Y-m-d'),(106,8,'Egyenlítõi Guinea','',0.000,'','left',9,'',',','GQ','Y-m-d'),(107,8,'Gwinea Równikowa','',0.000,'','left',7,'',',','GQ','Y-m-d'),(108,8,'Rovníková Guinea','',0.000,'','left',8,'',',','GQ','Y-m-d'),(109,9,'Argentinien','',0.000,'','left',1,'',',','AR','Y-m-d'),(110,9,'Argentina','',0.000,'','left',3,'',',','AR','Y-m-d'),(111,9,'Argentine','',0.000,'','left',2,'',',','AR','Y-m-d'),(112,9,'Argentina','',0.000,'','left',5,'',',','AR','Y-m-d'),(113,9,'Argentina','',0.000,'','left',4,'',',','AR','Y-m-d'),(114,9,'Аргентина','',0.000,'','left',6,'',',','AR','Y-m-d'),(115,9,'Argentína','',0.000,'','left',9,'',',','AR','Y-m-d'),(116,9,'Argentyna','',0.000,'','left',7,'',',','AR','Y-m-d'),(117,9,'Argentina','',0.000,'','left',8,'',',','AR','Y-m-d'),(118,10,'Armenien','',0.000,'','left',1,'',',','AM','Y-m-d'),(119,10,'Armenia','',0.000,'','left',3,'',',','AM','Y-m-d'),(120,10,'Arménie','',0.000,'','left',2,'',',','AM','Y-m-d'),(121,10,'Armenia','',0.000,'','left',5,'',',','AM','Y-m-d'),(122,10,'Armenia','',0.000,'','left',4,'',',','AM','Y-m-d'),(123,10,'Армения','',0.000,'','left',6,'',',','AM','Y-m-d'),(124,10,'Örményország','',0.000,'','left',9,'',',','AM','Y-m-d'),(125,10,'Armenia','',0.000,'','left',7,'',',','AM','Y-m-d'),(126,10,'Arménie','',0.000,'','left',8,'',',','AM','Y-m-d'),(127,11,'Aruba','',0.000,'','left',1,'',',','AW','Y-m-d'),(128,11,'Aruba','',0.000,'','left',3,'',',','AW','Y-m-d'),(129,11,'Aruba','',0.000,'','left',2,'',',','AW','Y-m-d'),(130,11,'Aruba','',0.000,'','left',5,'',',','AW','Y-m-d'),(131,11,'Aruba','',0.000,'','left',4,'',',','AW','Y-m-d'),(132,11,'Аруба','',0.000,'','left',6,'',',','AW','Y-m-d'),(133,11,'Aruba','',0.000,'','left',9,'',',','AW','Y-m-d'),(134,11,'Aruba','',0.000,'','left',7,'',',','AW','Y-m-d'),(135,11,'Aruba','',0.000,'','left',8,'',',','AW','Y-m-d'),(136,12,'Aserbaidschan','',0.000,'','left',1,'',',','AZ','Y-m-d'),(137,12,'Azerbaijan','',0.000,'','left',3,'',',','AZ','Y-m-d'),(138,12,'Azerbaïdjan','',0.000,'','left',2,'',',','AZ','Y-m-d'),(139,12,'Azerbaigian','',0.000,'','left',5,'',',','AZ','Y-m-d'),(140,12,'Azerbaiyán','',0.000,'','left',4,'',',','AZ','Y-m-d'),(141,12,'Азербайджан','',0.000,'','left',6,'',',','AZ','Y-m-d'),(142,12,'Azerbajdzsán','',0.000,'','left',9,'',',','AZ','Y-m-d'),(143,12,'Azerbejdżan','',0.000,'','left',7,'',',','AZ','Y-m-d'),(144,12,'Ázerbajd?án','',0.000,'','left',8,'',',','AZ','Y-m-d'),(145,13,'Äthiopien','',0.000,'','left',1,'',',','ET','Y-m-d'),(146,13,'Ethiopia','',0.000,'','left',3,'',',','ET','Y-m-d'),(147,13,'Éthiopie','',0.000,'','left',2,'',',','ET','Y-m-d'),(148,13,'Etiopia','',0.000,'','left',5,'',',','ET','Y-m-d'),(149,13,'Etiopía','',0.000,'','left',4,'',',','ET','Y-m-d'),(150,13,'Эфиопия','',0.000,'','left',6,'',',','ET','Y-m-d'),(151,13,'Etiópia','',0.000,'','left',9,'',',','ET','Y-m-d'),(152,13,'Etiopia','',0.000,'','left',7,'',',','ET','Y-m-d'),(153,13,'Etiopie','',0.000,'','left',8,'',',','ET','Y-m-d'),(154,14,'Australien','',0.000,'','left',1,'',',','AU','Y-m-d'),(155,14,'Australia','',0.000,'','left',3,'',',','AU','Y-m-d'),(156,14,'Australie','',0.000,'','left',2,'',',','AU','Y-m-d'),(157,14,'Australia','',0.000,'','left',5,'',',','AU','Y-m-d'),(158,14,'Australia','',0.000,'','left',4,'',',','AU','Y-m-d'),(159,14,'Австралия','',0.000,'','left',6,'',',','AU','Y-m-d'),(160,14,'Ausztrália','',0.000,'','left',9,'',',','AU','Y-m-d'),(161,14,'Australia','',0.000,'','left',7,'',',','AU','Y-m-d'),(162,14,'Austrálie','',0.000,'','left',8,'',',','AU','Y-m-d'),(163,15,'Bahamas','',0.000,'','left',1,'',',','BS','Y-m-d'),(164,15,'The Bahamas','',0.000,'','left',3,'',',','BS','Y-m-d'),(165,15,'Bahamas','',0.000,'','left',2,'',',','BS','Y-m-d'),(166,15,'\"Bahamas; Bahama\"','',0.000,'','left',5,'',',','BS','Y-m-d'),(167,15,'Bahamas','',0.000,'','left',4,'',',','BS','Y-m-d'),(168,15,'Багамы','',0.000,'','left',6,'',',','BS','Y-m-d'),(169,15,'Bahama-szigetek','',0.000,'','left',9,'',',','BS','Y-m-d'),(170,15,'Bahamy','',0.000,'','left',7,'',',','BS','Y-m-d'),(171,15,'Bahamy','',0.000,'','left',8,'',',','BS','Y-m-d'),(172,16,'Bahrain','',0.000,'','left',1,'',',','BH','Y-m-d'),(173,16,'Bahrain','',0.000,'','left',3,'',',','BH','Y-m-d'),(174,16,'Bahreïn','',0.000,'','left',2,'',',','BH','Y-m-d'),(175,16,'Bahrein','',0.000,'','left',5,'',',','BH','Y-m-d'),(176,16,'Bahráin','',0.000,'','left',4,'',',','BH','Y-m-d'),(177,16,'Бахрейн','',0.000,'','left',6,'',',','BH','Y-m-d'),(178,16,'Bahrein','',0.000,'','left',9,'',',','BH','Y-m-d'),(179,16,'Bahrajn','',0.000,'','left',7,'',',','BH','Y-m-d'),(180,16,'Bahrejn','',0.000,'','left',8,'',',','BH','Y-m-d'),(181,17,'Bangladesch','',0.000,'','left',1,'',',','BD','Y-m-d'),(182,17,'Bangladesh','',0.000,'','left',3,'',',','BD','Y-m-d'),(183,17,'Bangladesh','',0.000,'','left',2,'',',','BD','Y-m-d'),(184,17,'Bangladesh','',0.000,'','left',5,'',',','BD','Y-m-d'),(185,17,'Bangladesh','',0.000,'','left',4,'',',','BD','Y-m-d'),(186,17,'Бангладеш','',0.000,'','left',6,'',',','BD','Y-m-d'),(187,17,'Banglades','',0.000,'','left',9,'',',','BD','Y-m-d'),(188,17,'Bangladesz','',0.000,'','left',7,'',',','BD','Y-m-d'),(189,17,'Bangladé?','',0.000,'','left',8,'',',','BD','Y-m-d'),(190,18,'Barbados','',0.000,'','left',1,'',',','BB','Y-m-d'),(191,18,'Barbados','',0.000,'','left',3,'',',','BB','Y-m-d'),(192,18,'Barbade','',0.000,'','left',2,'',',','BB','Y-m-d'),(193,18,'Barbados','',0.000,'','left',5,'',',','BB','Y-m-d'),(194,18,'Barbados','',0.000,'','left',4,'',',','BB','Y-m-d'),(195,18,'Барбадос','',0.000,'','left',6,'',',','BB','Y-m-d'),(196,18,'Barbados','',0.000,'','left',9,'',',','BB','Y-m-d'),(197,18,'Barbados','',0.000,'','left',7,'',',','BB','Y-m-d'),(198,18,'Barbados','',0.000,'','left',8,'',',','BB','Y-m-d'),(199,230,'Belarus','',0.000,'','left',1,'',',','BY','Y-m-d'),(200,230,'Belarus','',0.000,'','left',3,'',',','BY','Y-m-d'),(201,230,'Biélorussie','',0.000,'','left',2,'',',','BY','Y-m-d'),(202,230,'Bielorussia','',0.000,'','left',5,'',',','BY','Y-m-d'),(203,230,'Bielorrusia','',0.000,'','left',4,'',',','BY','Y-m-d'),(204,230,'Беларусь','',0.000,'','left',6,'',',','BY','Y-m-d'),(205,230,'Belorusszia','',0.000,'','left',9,'',',','BY','Y-m-d'),(206,230,'Białoruś','',0.000,'','left',7,'',',','BY','Y-m-d'),(207,230,'B?lorusko','',0.000,'','left',8,'',',','BY','Y-m-d'),(208,19,'Belgien','BTW',0.210,'€','left',1,'.',',','BE','Y-m-d'),(209,19,'Belgium','BTW',0.210,'€','left',3,'.',',','BE','Y-m-d'),(210,19,'Belgique','BTW',0.210,'€','left',2,'.',',','BE','Y-m-d'),(211,19,'Belgio','BTW',0.210,'€','left',5,'.',',','BE','Y-m-d'),(212,19,'Bélgica','BTW',0.210,'€','left',4,'.',',','BE','Y-m-d'),(213,19,'Бельгия','BTW',0.210,'€','left',6,'.',',','BE','Y-m-d'),(214,19,'Belgium','BTW',0.210,'€','left',9,'.',',','BE','Y-m-d'),(215,19,'Belgia','BTW',0.210,'€','left',7,'.',',','BE','Y-m-d'),(216,19,'Belgie','BTW',0.210,'€','left',8,'.',',','BE','Y-m-d'),(217,20,'Belize','',0.000,'','left',1,'',',','BZ','Y-m-d'),(218,20,'Belize','',0.000,'','left',3,'',',','BZ','Y-m-d'),(219,20,'Belize','',0.000,'','left',2,'',',','BZ','Y-m-d'),(220,20,'Belize','',0.000,'','left',5,'',',','BZ','Y-m-d'),(221,20,'Belice','',0.000,'','left',4,'',',','BZ','Y-m-d'),(222,20,'Белиз','',0.000,'','left',6,'',',','BZ','Y-m-d'),(223,20,'Belize','',0.000,'','left',9,'',',','BZ','Y-m-d'),(224,20,'Belize','',0.000,'','left',7,'',',','BZ','Y-m-d'),(225,20,'Belize','',0.000,'','left',8,'',',','BZ','Y-m-d'),(226,21,'Benin','',0.000,'','left',1,'',',','BJ','Y-m-d'),(227,21,'Benin','',0.000,'','left',3,'',',','BJ','Y-m-d'),(228,21,'Bénin','',0.000,'','left',2,'',',','BJ','Y-m-d'),(229,21,'Benin','',0.000,'','left',5,'',',','BJ','Y-m-d'),(230,21,'Benín','',0.000,'','left',4,'',',','BJ','Y-m-d'),(231,21,'Бенин','',0.000,'','left',6,'',',','BJ','Y-m-d'),(232,21,'Benin','',0.000,'','left',9,'',',','BJ','Y-m-d'),(233,21,'Benin','',0.000,'','left',7,'',',','BJ','Y-m-d'),(234,21,'Benin','',0.000,'','left',8,'',',','BJ','Y-m-d'),(235,22,'Bermuda','',0.000,'','left',1,'',',','BM','Y-m-d'),(236,22,'Bermuda','',0.000,'','left',3,'',',','BM','Y-m-d'),(237,22,'Bermudes','',0.000,'','left',2,'',',','BM','Y-m-d'),(238,22,'Bermuda','',0.000,'','left',5,'',',','BM','Y-m-d'),(239,22,'Bermudas','',0.000,'','left',4,'',',','BM','Y-m-d'),(240,22,'Бермуды','',0.000,'','left',6,'',',','BM','Y-m-d'),(241,22,'Bermuda','',0.000,'','left',9,'',',','BM','Y-m-d'),(242,22,'Bermudy','',0.000,'','left',7,'',',','BM','Y-m-d'),(243,22,'Bermuda','',0.000,'','left',8,'',',','BM','Y-m-d'),(244,23,'Bhutan','',0.000,'','left',1,'',',','BT','Y-m-d'),(245,23,'Bhutan','',0.000,'','left',3,'',',','BT','Y-m-d'),(246,23,'Bhoutan','',0.000,'','left',2,'',',','BT','Y-m-d'),(247,23,'Bhutan','',0.000,'','left',5,'',',','BT','Y-m-d'),(248,23,'Bután','',0.000,'','left',4,'',',','BT','Y-m-d'),(249,23,'Бутан','',0.000,'','left',6,'',',','BT','Y-m-d'),(250,23,'Bhután','',0.000,'','left',9,'',',','BT','Y-m-d'),(251,23,'Bhutan','',0.000,'','left',7,'',',','BT','Y-m-d'),(252,23,'Bhútán','',0.000,'','left',8,'',',','BT','Y-m-d'),(253,24,'Bolivien','',0.000,'','left',1,'',',','BO','Y-m-d'),(254,24,'Bolivia','',0.000,'','left',3,'',',','BO','Y-m-d'),(255,24,'Bolivie','',0.000,'','left',2,'',',','BO','Y-m-d'),(256,24,'Bolivia','',0.000,'','left',5,'',',','BO','Y-m-d'),(257,24,'Bolivia','',0.000,'','left',4,'',',','BO','Y-m-d'),(258,24,'Боливия','',0.000,'','left',6,'',',','BO','Y-m-d'),(259,24,'Bolívia','',0.000,'','left',9,'',',','BO','Y-m-d'),(260,24,'Boliwia','',0.000,'','left',7,'',',','BO','Y-m-d'),(261,24,'Bolívie','',0.000,'','left',8,'',',','BO','Y-m-d'),(262,25,'Bosnien und Herzegowina','',0.000,'','left',1,'',',','BA','Y-m-d'),(263,25,'Bosnia and Herzegovina','',0.000,'','left',3,'',',','BA','Y-m-d'),(264,25,'Bosnie-Herzégovine , la Bosnie-et-Herzégovine','',0.000,'','left',2,'',',','BA','Y-m-d'),(265,25,'Bosnia-Erzegovina','',0.000,'','left',5,'',',','BA','Y-m-d'),(266,25,'Bosnia y Hercegovina','',0.000,'','left',4,'',',','BA','Y-m-d'),(267,25,'Босния-Герцеговина','',0.000,'','left',6,'',',','BA','Y-m-d'),(268,25,'Bosznia-Hercegovina','',0.000,'','left',9,'',',','BA','Y-m-d'),(269,25,'Bośnia i Hercegowina','',0.000,'','left',7,'',',','BA','Y-m-d'),(270,25,'Bosna a Hercegovina','',0.000,'','left',8,'',',','BA','Y-m-d'),(271,26,'Botsuana','',0.000,'','left',1,'',',','BW','Y-m-d'),(272,26,'Botswana','',0.000,'','left',3,'',',','BW','Y-m-d'),(273,26,'Botswana','',0.000,'','left',2,'',',','BW','Y-m-d'),(274,26,'Botswana','',0.000,'','left',5,'',',','BW','Y-m-d'),(275,26,'Botsuana','',0.000,'','left',4,'',',','BW','Y-m-d'),(276,26,'Ботсвана','',0.000,'','left',6,'',',','BW','Y-m-d'),(277,26,'Botswana','',0.000,'','left',9,'',',','BW','Y-m-d'),(278,26,'Botswana','',0.000,'','left',7,'',',','BW','Y-m-d'),(279,26,'Botswana','',0.000,'','left',8,'',',','BW','Y-m-d'),(280,27,'Bouvetinsel','',0.000,'','left',1,'',',','BV','Y-m-d'),(281,27,'Bouvet Island','',0.000,'','left',3,'',',','BV','Y-m-d'),(282,27,'Ile Bouvet','',0.000,'','left',2,'',',','BV','Y-m-d'),(283,27,'Isola Bouvet','',0.000,'','left',5,'',',','BV','Y-m-d'),(284,27,'Isla Bouvet','',0.000,'','left',4,'',',','BV','Y-m-d'),(285,27,'Боуветские острова (Bouvet Island)','',0.000,'','left',6,'',',','BV','Y-m-d'),(286,27,'Bouvet-sziget','',0.000,'','left',9,'',',','BV','Y-m-d'),(287,27,'Wyspa Bouvet','',0.000,'','left',7,'',',','BV','Y-m-d'),(288,27,'Bouvetinsel','',0.000,'','left',8,'',',','BV','Y-m-d'),(289,28,'Brasilien','',0.000,'','left',1,'',',','BR','Y-m-d'),(290,28,'Brazil','',0.000,'','left',3,'',',','BR','Y-m-d'),(291,28,'Brésil','',0.000,'','left',2,'',',','BR','Y-m-d'),(292,28,'Brasile','',0.000,'','left',5,'',',','BR','Y-m-d'),(293,28,'Brasil','',0.000,'','left',4,'',',','BR','Y-m-d'),(294,28,'Бразилия','',0.000,'','left',6,'',',','BR','Y-m-d'),(295,28,'Brazília','',0.000,'','left',9,'',',','BR','Y-m-d'),(296,28,'Brazylia','',0.000,'','left',7,'',',','BR','Y-m-d'),(297,28,'Brazílie','',0.000,'','left',8,'',',','BR','Y-m-d'),(298,89,'Britische Jungferninseln','',0.000,'','left',1,'',',','VG','Y-m-d'),(299,89,'British Virgin Islands','',0.000,'','left',3,'',',','VG','Y-m-d'),(300,89,'Iles Vierges britanniques','',0.000,'','left',2,'',',','VG','Y-m-d'),(301,89,'Isole Vergini britanniche','',0.000,'','left',5,'',',','VG','Y-m-d'),(302,89,'Islas Vírgenes Británicas','',0.000,'','left',4,'',',','VG','Y-m-d'),(303,89,'Вирджинские острова (Брит.)','',0.000,'','left',6,'',',','VG','Y-m-d'),(304,89,'Brit Virgin-szigetek','',0.000,'','left',9,'',',','VG','Y-m-d'),(305,89,'Wyspy Dziewicze (Brytyjskie)','',0.000,'','left',7,'',',','VG','Y-m-d'),(306,89,'Britische Jungferninseln','',0.000,'','left',8,'',',','VG','Y-m-d'),(307,29,'Britisches Territorium im Indischen Ozean','',0.000,'','left',1,'',',','IO','Y-m-d'),(308,29,'British Indian Ocean Territory','',0.000,'','left',3,'',',','IO','Y-m-d'),(309,29,'Territorio Británico del Océano Indico','',0.000,'','left',4,'',',','IO','Y-m-d'),(310,29,'Старые Британские Индийские Территории','',0.000,'','left',6,'',',','IO','Y-m-d'),(311,29,'Brit Indiai-óceáni Terület','',0.000,'','left',9,'',',','IO','Y-m-d'),(312,29,'Brytyjskie Terytorium Oceanu Indyjskiego','',0.000,'','left',7,'',',','IO','Y-m-d'),(313,29,'Britisches Territorium im Indischen Ozean','',0.000,'','left',8,'',',','IO','Y-m-d'),(314,30,'Brunei Darussalam','',0.000,'','left',1,'',',','BN','Y-m-d'),(315,30,'Brunei','',0.000,'','left',3,'',',','BN','Y-m-d'),(316,30,'Brunei','',0.000,'','left',2,'',',','BN','Y-m-d'),(317,30,'Brunei','',0.000,'','left',5,'',',','BN','Y-m-d'),(318,30,'Brunéi','',0.000,'','left',4,'',',','BN','Y-m-d'),(319,30,'Бруней','',0.000,'','left',6,'',',','BN','Y-m-d'),(320,30,'Brunei Darussalam','',0.000,'','left',9,'',',','BN','Y-m-d'),(321,30,'Brunei Darussalam','',0.000,'','left',7,'',',','BN','Y-m-d'),(322,30,'Brunei','',0.000,'','left',8,'',',','BN','Y-m-d'),(323,31,'Bulgarien','',0.000,'','left',1,'',',','BG','Y-m-d'),(324,31,'Bulgaria','',0.000,'','left',3,'',',','BG','Y-m-d'),(325,31,'Bulgarie','',0.000,'','left',2,'',',','BG','Y-m-d'),(326,31,'Bulgaria','',0.000,'','left',5,'',',','BG','Y-m-d'),(327,31,'Bulgaria','',0.000,'','left',4,'',',','BG','Y-m-d'),(328,31,'Болгария','',0.000,'','left',6,'',',','BG','Y-m-d'),(329,31,'Bulgária','',0.000,'','left',9,'',',','BG','Y-m-d'),(330,31,'Bułgaria','',0.000,'','left',7,'',',','BG','Y-m-d'),(331,31,'Bulharsko','',0.000,'','left',8,'',',','BG','Y-m-d'),(332,32,'Burkina Faso','',0.000,'','left',1,'',',','BF','Y-m-d'),(333,32,'Burkina Faso','',0.000,'','left',3,'',',','BF','Y-m-d'),(334,32,'Burkina Faso','',0.000,'','left',2,'',',','BF','Y-m-d'),(335,32,'Burkina Faso','',0.000,'','left',5,'',',','BF','Y-m-d'),(336,32,'Burkina Faso','',0.000,'','left',4,'',',','BF','Y-m-d'),(337,32,'Буркина-Фасо','',0.000,'','left',6,'',',','BF','Y-m-d'),(338,32,'Burkina Faso','',0.000,'','left',9,'',',','BF','Y-m-d'),(339,32,'Burkina Faso','',0.000,'','left',7,'',',','BF','Y-m-d'),(340,32,'Burkina Faso','',0.000,'','left',8,'',',','BF','Y-m-d'),(341,33,'Burundi','',0.000,'','left',1,'',',','BI','Y-m-d'),(342,33,'Burundi','',0.000,'','left',3,'',',','BI','Y-m-d'),(343,33,'Burundi','',0.000,'','left',2,'',',','BI','Y-m-d'),(344,33,'Burundi','',0.000,'','left',5,'',',','BI','Y-m-d'),(345,33,'Burundi','',0.000,'','left',4,'',',','BI','Y-m-d'),(346,33,'Бурунди','',0.000,'','left',6,'',',','BI','Y-m-d'),(347,33,'Burundi','',0.000,'','left',9,'',',','BI','Y-m-d'),(348,33,'Burundi','',0.000,'','left',7,'',',','BI','Y-m-d'),(349,33,'Burundi','',0.000,'','left',8,'',',','BI','Y-m-d'),(350,35,'Chile','',0.000,'','left',1,'',',','CL','Y-m-d'),(351,35,'Chile','',0.000,'','left',3,'',',','CL','Y-m-d'),(352,35,'Chili','',0.000,'','left',2,'',',','CL','Y-m-d'),(353,35,'Cile','',0.000,'','left',5,'',',','CL','Y-m-d'),(354,35,'Chile','',0.000,'','left',4,'',',','CL','Y-m-d'),(355,35,'Чили','',0.000,'','left',6,'',',','CL','Y-m-d'),(356,35,'Chile','',0.000,'','left',9,'',',','CL','Y-m-d'),(357,35,'Chile','',0.000,'','left',7,'',',','CL','Y-m-d'),(358,35,'Chile','',0.000,'','left',8,'',',','CL','Y-m-d'),(359,36,'China','',0.000,'','left',1,'',',','CN','Y-m-d'),(360,36,'China','',0.000,'','left',3,'',',','CN','Y-m-d'),(361,36,'Chine','',0.000,'','left',2,'',',','CN','Y-m-d'),(362,36,'Cina','',0.000,'','left',5,'',',','CN','Y-m-d'),(363,36,'China','',0.000,'','left',4,'',',','CN','Y-m-d'),(364,36,'Китай','',0.000,'','left',6,'',',','CN','Y-m-d'),(365,36,'Kína','',0.000,'','left',9,'',',','CN','Y-m-d'),(366,36,'Chiny','',0.000,'','left',7,'',',','CN','Y-m-d'),(367,36,'?ína','',0.000,'','left',8,'',',','CN','Y-m-d'),(368,39,'Cookinseln','',0.000,'','left',1,'',',','CK','Y-m-d'),(369,39,'Cook Islands','',0.000,'','left',3,'',',','CK','Y-m-d'),(370,39,'Iles Cook','',0.000,'','left',2,'',',','CK','Y-m-d'),(371,39,'Isole Cook','',0.000,'','left',5,'',',','CK','Y-m-d'),(372,39,'Islas Cook','',0.000,'','left',4,'',',','CK','Y-m-d'),(373,39,'Острова Кука','',0.000,'','left',6,'',',','CK','Y-m-d'),(374,39,'Cook-szigetek','',0.000,'','left',9,'',',','CK','Y-m-d'),(375,39,'Wyspy Cooka','',0.000,'','left',7,'',',','CK','Y-m-d'),(376,39,'Cookinseln','',0.000,'','left',8,'',',','CK','Y-m-d'),(377,40,'Costa Rica','',0.000,'','left',1,'',',','CR','Y-m-d'),(378,40,'Costa Rica','',0.000,'','left',3,'',',','CR','Y-m-d'),(379,40,'Costa Rica','',0.000,'','left',2,'',',','CR','Y-m-d'),(380,40,'Costa Rica','',0.000,'','left',5,'',',','CR','Y-m-d'),(381,40,'Costa Rica','',0.000,'','left',4,'',',','CR','Y-m-d'),(382,40,'Коста Рикa','',0.000,'','left',6,'',',','CR','Y-m-d'),(383,40,'Costa Rica','',0.000,'','left',9,'',',','CR','Y-m-d'),(384,40,'Kostaryka','',0.000,'','left',7,'',',','CR','Y-m-d'),(385,40,'Kostarika','',0.000,'','left',8,'',',','CR','Y-m-d'),(386,41,'Costa de Marfil','',0.000,'','left',4,'',',','CI','Y-m-d'),(387,41,'Берег Слоновой Кости','',0.000,'','left',6,'',',','CI','Y-m-d'),(388,41,'Pob?e?í Slonoviny','',0.000,'','left',8,'',',','CI','Y-m-d'),(389,42,'Dänemark','',0.000,'','left',1,'',',','DK','Y-m-d'),(390,42,'Denmark','',0.000,'','left',3,'',',','DK','Y-m-d'),(391,42,'Danemark','',0.000,'','left',2,'',',','DK','Y-m-d'),(392,42,'Danimarca','',0.000,'','left',5,'',',','DK','Y-m-d'),(393,42,'Dinamarca','',0.000,'','left',4,'',',','DK','Y-m-d'),(394,42,'Дания','',0.000,'','left',6,'',',','DK','Y-m-d'),(395,42,'Dánia','',0.000,'','left',9,'',',','DK','Y-m-d'),(396,42,'Dania','',0.000,'','left',7,'',',','DK','Y-m-d'),(397,42,'Dánsko','',0.000,'','left',8,'',',','DK','Y-m-d'),(398,104,'Demokratische Republik Kongo','',0.000,'','left',1,'',',','CD','Y-m-d'),(399,104,'Democratic Republic of the Congo','',0.000,'','left',3,'',',','CD','Y-m-d'),(400,104,'République démocratique du Congo','',0.000,'','left',2,'',',','CD','Y-m-d'),(401,104,'Congo (ex Zaire)','',0.000,'','left',5,'',',','CD','Y-m-d'),(402,104,'República Democrática del Congo','',0.000,'','left',4,'',',','CD','Y-m-d'),(403,104,'Демократическая Республика Конго','',0.000,'','left',6,'',',','CD','Y-m-d'),(404,104,'Kongói Demokratikus Köztársaság','',0.000,'','left',9,'',',','CD','Y-m-d'),(405,104,'Kongo (Demokratyczna Republika Konga)','',0.000,'','left',7,'',',','CD','Y-m-d'),(406,104,'Demokratische Republik Kongo','',0.000,'','left',8,'',',','CD','Y-m-d'),(407,106,'Demokratische Volksrepublik Korea','',0.000,'','left',1,'',',','KP','Y-m-d'),(408,106,'North Korea','',0.000,'','left',3,'',',','KP','Y-m-d'),(409,106,'Corée du Nord','',0.000,'','left',2,'',',','KP','Y-m-d'),(410,106,'Corea del Nord','',0.000,'','left',5,'',',','KP','Y-m-d'),(411,106,'Corea del Norte','',0.000,'','left',4,'',',','KP','Y-m-d'),(412,106,'Северная Корея','',0.000,'','left',6,'',',','KP','Y-m-d'),(413,106,'Koreai Népi Demokratikus Köztársaság','',0.000,'','left',9,'',',','KP','Y-m-d'),(414,106,'Koreańska Republika Ludowo-Demokratyczna','',0.000,'','left',7,'',',','KP','Y-m-d'),(415,106,'Severní Korea','',0.000,'','left',8,'',',','KP','Y-m-d'),(416,1,'Deutschland','Mwst.',0.160,'€','right',1,'.',',','DE','d.m.Y'),(417,1,'Germany','Mwst.',0.160,'€','right',3,'.',',','DE','d.m.Y'),(418,1,'Allemagne','Mwst.',0.160,'€','right',2,'.',',','DE','d.m.Y'),(419,1,'Germania','Mwst.',0.160,'€','right',5,'.',',','DE','d.m.Y'),(420,1,'Alemania','Mwst.',0.160,'€','right',4,'.',',','DE','d.m.Y'),(421,1,'Германия','Mwst.',0.160,'€','right',6,'.',',','DE','d.m.Y'),(422,1,'Németország','Mwst.',0.160,'€','right',9,'.',',','DE','d.m.Y'),(423,1,'Niemcy','Mwst.',0.160,'€','right',7,'.',',','DE','d.m.Y'),(424,1,'N?mecko','Mwst.',0.160,'€','right',8,'.',',','DE','d.m.Y'),(425,45,'Dominica','',0.000,'','left',1,'',',','DM','Y-m-d'),(426,45,'Dominica','',0.000,'','left',3,'',',','DM','Y-m-d'),(427,45,'Dominique','',0.000,'','left',2,'',',','DM','Y-m-d'),(428,45,'Dominica','',0.000,'','left',5,'',',','DM','Y-m-d'),(429,45,'Dominica','',0.000,'','left',4,'',',','DM','Y-m-d'),(430,45,'Доминика','',0.000,'','left',6,'',',','DM','Y-m-d'),(431,45,'Dominika','',0.000,'','left',9,'',',','DM','Y-m-d'),(432,45,'Dominika','',0.000,'','left',7,'',',','DM','Y-m-d'),(433,45,'Dominica','',0.000,'','left',8,'',',','DM','Y-m-d'),(434,46,'Dominikanische Republik','',0.000,'','left',1,'',',','DO','Y-m-d'),(435,46,'Dominican Republic','',0.000,'','left',3,'',',','DO','Y-m-d'),(436,46,'République dominicaine','',0.000,'','left',2,'',',','DO','Y-m-d'),(437,46,'Repubblica dominicana','',0.000,'','left',5,'',',','DO','Y-m-d'),(438,46,'República Dominicana','',0.000,'','left',4,'',',','DO','Y-m-d'),(439,46,'Доминиканская Республика','',0.000,'','left',6,'',',','DO','Y-m-d'),(440,46,'Dominikai Köztársaság','',0.000,'','left',9,'',',','DO','Y-m-d'),(441,46,'Dominikana','',0.000,'','left',7,'',',','DO','Y-m-d'),(442,46,'Dominikanská republika','',0.000,'','left',8,'',',','DO','Y-m-d'),(443,44,'Dschibuti','',0.000,'','left',1,'',',','DJ','Y-m-d'),(444,44,'Djibouti','',0.000,'','left',3,'',',','DJ','Y-m-d'),(445,44,'Djibouti','',0.000,'','left',2,'',',','DJ','Y-m-d'),(446,44,'Gibuti','',0.000,'','left',5,'',',','DJ','Y-m-d'),(447,44,'Yibuti','',0.000,'','left',4,'',',','DJ','Y-m-d'),(448,44,'Джибути','',0.000,'','left',6,'',',','DJ','Y-m-d'),(449,44,'Dzsibuti','',0.000,'','left',9,'',',','DJ','Y-m-d'),(450,44,'Dżibuti','',0.000,'','left',7,'',',','DJ','Y-m-d'),(451,44,'D?ibutsko','',0.000,'','left',8,'',',','DJ','Y-m-d'),(452,47,'Ecuador','',0.000,'','left',1,'',',','EC','Y-m-d'),(453,47,'Ecuador','',0.000,'','left',3,'',',','EC','Y-m-d'),(454,47,'Équateur','',0.000,'','left',2,'',',','EC','Y-m-d'),(455,47,'Ecuador','',0.000,'','left',5,'',',','EC','Y-m-d'),(456,47,'Ecuador','',0.000,'','left',4,'',',','EC','Y-m-d'),(457,47,'Эквадор','',0.000,'','left',6,'',',','EC','Y-m-d'),(458,47,'Ecuador','',0.000,'','left',9,'',',','EC','Y-m-d'),(459,47,'Ekwador','',0.000,'','left',7,'',',','EC','Y-m-d'),(460,47,'Ekvádor','',0.000,'','left',8,'',',','EC','Y-m-d'),(461,131,'ehemalige jugoslawische Republik Mazedonien','',0.000,'','left',1,'',',','','Y-m-d'),(462,131,'Former Yugoslav Republic of Macedonia','',0.000,'','left',3,'',',','','Y-m-d'),(463,131,'\"Macedonia;Ex Repubblica jugoslava di Macedonia\"','',0.000,'','left',5,'',',','','Y-m-d'),(464,131,'Macedonia','',0.000,'','left',4,'',',','','Y-m-d'),(465,131,'Македония','',0.000,'','left',6,'',',','','Y-m-d'),(466,131,'Macedónia (volt jugoszláv köztársaság)','',0.000,'','left',9,'',',','','Y-m-d'),(467,131,'Macedonia, Była Jugosłowiańska Republika','',0.000,'','left',7,'',',','','Y-m-d'),(468,131,'ehemalige jugoslawische Republik Mazedonien','',0.000,'','left',8,'',',','','Y-m-d'),(469,48,'El Salvador','',0.000,'','left',1,'',',','SV','Y-m-d'),(470,48,'El Salvador','',0.000,'','left',3,'',',','SV','Y-m-d'),(471,48,'El Salvador','',0.000,'','left',5,'',',','SV','Y-m-d'),(472,48,'El Salvador','',0.000,'','left',4,'',',','SV','Y-m-d'),(473,48,'Сальвадор','',0.000,'','left',6,'',',','SV','Y-m-d'),(474,48,'El Salvador','',0.000,'','left',9,'',',','SV','Y-m-d'),(475,48,'Salwador','',0.000,'','left',7,'',',','SV','Y-m-d'),(476,48,'El Salvador','',0.000,'','left',8,'',',','SV','Y-m-d'),(477,49,'Eritrea','',0.000,'','left',1,'',',','ER','Y-m-d'),(478,49,'Eritrea','',0.000,'','left',3,'',',','ER','Y-m-d'),(479,49,'Érythrée','',0.000,'','left',2,'',',','ER','Y-m-d'),(480,49,'Eritrea','',0.000,'','left',5,'',',','ER','Y-m-d'),(481,49,'Eritrea','',0.000,'','left',4,'',',','ER','Y-m-d'),(482,49,'Эритрея','',0.000,'','left',6,'',',','ER','Y-m-d'),(483,49,'Eritrea','',0.000,'','left',9,'',',','ER','Y-m-d'),(484,49,'Erytrea','',0.000,'','left',7,'',',','ER','Y-m-d'),(485,49,'Eritrea','',0.000,'','left',8,'',',','ER','Y-m-d'),(486,50,'Estland','',0.000,'','left',1,'',',','EE','Y-m-d'),(487,50,'Estonia','',0.000,'','left',3,'',',','EE','Y-m-d'),(488,50,'Estonie','',0.000,'','left',2,'',',','EE','Y-m-d'),(489,50,'Estonia','',0.000,'','left',5,'',',','EE','Y-m-d'),(490,50,'Estonia','',0.000,'','left',4,'',',','EE','Y-m-d'),(491,50,'Эстония','',0.000,'','left',6,'',',','EE','Y-m-d'),(492,50,'Észtország','',0.000,'','left',9,'',',','EE','Y-m-d'),(493,50,'Estonia','',0.000,'','left',7,'',',','EE','Y-m-d'),(494,50,'Estonsko','',0.000,'','left',8,'',',','EE','Y-m-d'),(495,51,'Falklandinseln','',0.000,'','left',1,'',',','FK','Y-m-d'),(496,51,'Falkland Islands','',0.000,'','left',3,'',',','FK','Y-m-d'),(497,51,'Iles Falkland','',0.000,'','left',2,'',',','FK','Y-m-d'),(498,51,'\"Isole Falkland; isole Malvine\"','',0.000,'','left',5,'',',','FK','Y-m-d'),(499,51,'Islas Malvinas','',0.000,'','left',4,'',',','FK','Y-m-d'),(500,51,'Фолклендские (Мальвинские) осторова','',0.000,'','left',6,'',',','FK','Y-m-d'),(501,51,'Falkland-szigetek (Malvin-szigetek)','',0.000,'','left',9,'',',','FK','Y-m-d'),(502,51,'Falklandy (Malwiny)','',0.000,'','left',7,'',',','FK','Y-m-d'),(503,51,'Falklandinseln','',0.000,'','left',8,'',',','FK','Y-m-d'),(504,52,'Färöer','',0.000,'','left',1,'',',','FO','Y-m-d'),(505,52,'Faeroe Islands','',0.000,'','left',3,'',',','FO','Y-m-d'),(506,52,'Iles Féroé','',0.000,'','left',2,'',',','FO','Y-m-d'),(507,52,'\"Faerøerne; Føroyar\"','',0.000,'','left',5,'',',','FO','Y-m-d'),(508,52,'Islas Feroe','',0.000,'','left',4,'',',','FO','Y-m-d'),(509,52,'Фарерские острова','',0.000,'','left',6,'',',','FO','Y-m-d'),(510,52,'Feröer-szigetek','',0.000,'','left',9,'',',','FO','Y-m-d'),(511,52,'Wyspy Owcze','',0.000,'','left',7,'',',','FO','Y-m-d'),(512,52,'Färöer','',0.000,'','left',8,'',',','FO','Y-m-d'),(513,53,'Fidschi','',0.000,'','left',1,'',',','FJ','Y-m-d'),(514,53,'Fiji','',0.000,'','left',3,'',',','FJ','Y-m-d'),(515,53,'Iles Fidji','',0.000,'','left',2,'',',','FJ','Y-m-d'),(516,53,'Figi','',0.000,'','left',5,'',',','FJ','Y-m-d'),(517,53,'Fiyi','',0.000,'','left',4,'',',','FJ','Y-m-d'),(518,53,'Фиджи','',0.000,'','left',6,'',',','FJ','Y-m-d'),(519,53,'Fidzsi','',0.000,'','left',9,'',',','FJ','Y-m-d'),(520,53,'Fidżi','',0.000,'','left',7,'',',','FJ','Y-m-d'),(521,53,'Fid?i','',0.000,'','left',8,'',',','FJ','Y-m-d'),(522,54,'Finnland','',0.000,'','left',1,'',',','FI','Y-m-d'),(523,54,'Finland','',0.000,'','left',3,'',',','FI','Y-m-d'),(524,54,'Finlande','',0.000,'','left',2,'',',','FI','Y-m-d'),(525,54,'Finlandia','',0.000,'','left',5,'',',','FI','Y-m-d'),(526,54,'Finlandia','',0.000,'','left',4,'',',','FI','Y-m-d'),(527,54,'Финляндия','',0.000,'','left',6,'',',','FI','Y-m-d'),(528,54,'Finnország','',0.000,'','left',9,'',',','FI','Y-m-d'),(529,54,'Finlandia','',0.000,'','left',7,'',',','FI','Y-m-d'),(530,54,'Finsko','',0.000,'','left',8,'',',','FI','Y-m-d'),(531,55,'Frankreich','TVA',0.196,'€','left',1,'.',',','FR','Y-m-d'),(532,55,'France','TVA',0.196,'€','left',3,'.',',','FR','Y-m-d'),(533,55,'France','TVA',0.196,'€','left',2,'.',',','FR','Y-m-d'),(534,55,'Francia','TVA',0.196,'€','left',5,'.',',','FR','Y-m-d'),(535,55,'Francia','TVA',0.196,'€','left',4,'.',',','FR','Y-m-d'),(536,55,'Франция','TVA',0.196,'€','left',6,'.',',','FR','Y-m-d'),(537,55,'Franciaország','TVA',0.196,'€','left',9,'.',',','FR','Y-m-d'),(538,55,'Francja','TVA',0.196,'€','left',7,'.',',','FR','Y-m-d'),(539,55,'Francie','TVA',0.196,'€','left',8,'.',',','FR','Y-m-d'),(540,58,'Französische Gebiete im südlichen Indischen Ozean','',0.000,'','left',1,'',',','TF','Y-m-d'),(541,58,'French Southern Territories','',0.000,'','left',3,'',',','TF','Y-m-d'),(542,58,'Terres australes françaises','',0.000,'','left',2,'',',','TF','Y-m-d'),(543,58,'Territori australi francesi','',0.000,'','left',5,'',',','TF','Y-m-d'),(544,58,'Territorios Australes Franceses','',0.000,'','left',4,'',',','TF','Y-m-d'),(545,58,'Французские южные территории','',0.000,'','left',6,'',',','TF','Y-m-d'),(546,58,'Francia Déli Területek','',0.000,'','left',9,'',',','TF','Y-m-d'),(547,58,'Francuskie Terytoria Południowe','',0.000,'','left',7,'',',','TF','Y-m-d'),(548,58,'Französische Gebiete im südlichen Indischen Ozean','',0.000,'','left',8,'',',','TF','Y-m-d'),(549,56,'Französisch-Guayana','',0.000,'','left',1,'',',','GF','Y-m-d'),(550,56,'French Guiana','',0.000,'','left',3,'',',','GF','Y-m-d'),(551,56,'Guyane française','',0.000,'','left',2,'',',','GF','Y-m-d'),(552,56,'Guiana francese','',0.000,'','left',5,'',',','GF','Y-m-d'),(553,56,'Guayana Francesa','',0.000,'','left',4,'',',','GF','Y-m-d'),(554,56,'Гайана (Фр.)','',0.000,'','left',6,'',',','GF','Y-m-d'),(555,56,'Francia Guyana','',0.000,'','left',9,'',',','GF','Y-m-d'),(556,56,'Gujana Francuska','',0.000,'','left',7,'',',','GF','Y-m-d'),(557,56,'Französisch-Guayana','',0.000,'','left',8,'',',','GF','Y-m-d'),(558,57,'Französisch-Polynesien','',0.000,'','left',1,'',',','PF','Y-m-d'),(559,57,'French Polynesia','',0.000,'','left',3,'',',','PF','Y-m-d'),(560,57,'Polynésie française','',0.000,'','left',2,'',',','PF','Y-m-d'),(561,57,'Polinesia francese','',0.000,'','left',5,'',',','PF','Y-m-d'),(562,57,'Polinesia Francesa','',0.000,'','left',4,'',',','PF','Y-m-d'),(563,57,'Полинезия (Фр.)','',0.000,'','left',6,'',',','PF','Y-m-d'),(564,57,'Francia Polinézia','',0.000,'','left',9,'',',','PF','Y-m-d'),(565,57,'Polinezja Francuska','',0.000,'','left',7,'',',','PF','Y-m-d'),(566,57,'Französisch-Polynesien','',0.000,'','left',8,'',',','PF','Y-m-d'),(567,59,'Gabun','',0.000,'','left',1,'',',','GA','Y-m-d'),(568,59,'Gabon','',0.000,'','left',3,'',',','GA','Y-m-d'),(569,59,'Gabon','',0.000,'','left',2,'',',','GA','Y-m-d'),(570,59,'Gabon','',0.000,'','left',5,'',',','GA','Y-m-d'),(571,59,'Gabón','',0.000,'','left',4,'',',','GA','Y-m-d'),(572,59,'Габон','',0.000,'','left',6,'',',','GA','Y-m-d'),(573,59,'Gabon','',0.000,'','left',9,'',',','GA','Y-m-d'),(574,59,'Gabon','',0.000,'','left',7,'',',','GA','Y-m-d'),(575,59,'Gabun','',0.000,'','left',8,'',',','GA','Y-m-d'),(576,60,'Gambia','',0.000,'','left',1,'',',','GM','Y-m-d'),(577,60,'The Gambia','',0.000,'','left',3,'',',','GM','Y-m-d'),(578,60,'Gambie','',0.000,'','left',2,'',',','GM','Y-m-d'),(579,60,'Gambia','',0.000,'','left',5,'',',','GM','Y-m-d'),(580,60,'Gambia','',0.000,'','left',4,'',',','GM','Y-m-d'),(581,60,'Гамбия','',0.000,'','left',6,'',',','GM','Y-m-d'),(582,60,'Gambia','',0.000,'','left',9,'',',','GM','Y-m-d'),(583,60,'Gambia','',0.000,'','left',7,'',',','GM','Y-m-d'),(584,60,'Gambie','',0.000,'','left',8,'',',','GM','Y-m-d'),(585,61,'Georgien','',0.000,'','left',1,'',',','GE','Y-m-d'),(586,61,'Georgia','',0.000,'','left',3,'',',','GE','Y-m-d'),(587,61,'Géorgie','',0.000,'','left',2,'',',','GE','Y-m-d'),(588,61,'Georgia','',0.000,'','left',5,'',',','GE','Y-m-d'),(589,61,'Georgia','',0.000,'','left',4,'',',','GE','Y-m-d'),(590,61,'Грузия','',0.000,'','left',6,'',',','GE','Y-m-d'),(591,61,'Gr?zia','',0.000,'','left',9,'',',','GE','Y-m-d'),(592,61,'Gruzja','',0.000,'','left',7,'',',','GE','Y-m-d'),(593,61,'Gruzie','',0.000,'','left',8,'',',','GE','Y-m-d'),(594,62,'Ghana','',0.000,'','left',1,'',',','GH','Y-m-d'),(595,62,'Ghana','',0.000,'','left',3,'',',','GH','Y-m-d'),(596,62,'Ghana','',0.000,'','left',2,'',',','GH','Y-m-d'),(597,62,'Ghana','',0.000,'','left',5,'',',','GH','Y-m-d'),(598,62,'Ghana','',0.000,'','left',4,'',',','GH','Y-m-d'),(599,62,'Гана','',0.000,'','left',6,'',',','GH','Y-m-d'),(600,62,'Ghána','',0.000,'','left',9,'',',','GH','Y-m-d'),(601,62,'Ghana','',0.000,'','left',7,'',',','GH','Y-m-d'),(602,62,'Ghana','',0.000,'','left',8,'',',','GH','Y-m-d'),(603,63,'Gibraltar','',0.000,'','left',1,'',',','GI','Y-m-d'),(604,63,'Gibraltar','',0.000,'','left',3,'',',','GI','Y-m-d'),(605,63,'Gibraltar','',0.000,'','left',2,'',',','GI','Y-m-d'),(606,63,'Gibilterra','',0.000,'','left',5,'',',','GI','Y-m-d'),(607,63,'Gibraltar','',0.000,'','left',4,'',',','GI','Y-m-d'),(608,63,'Гибралтар','',0.000,'','left',6,'',',','GI','Y-m-d'),(609,63,'Gibraltár','',0.000,'','left',9,'',',','GI','Y-m-d'),(610,63,'Gibraltar','',0.000,'','left',7,'',',','GI','Y-m-d'),(611,63,'Gibraltar','',0.000,'','left',8,'',',','GI','Y-m-d'),(612,64,'Grenada','',0.000,'','left',1,'',',','GD','Y-m-d'),(613,64,'Grenada','',0.000,'','left',3,'',',','GD','Y-m-d'),(614,64,'Grenade','',0.000,'','left',2,'',',','GD','Y-m-d'),(615,64,'Grenada','',0.000,'','left',5,'',',','GD','Y-m-d'),(616,64,'Granada','',0.000,'','left',4,'',',','GD','Y-m-d'),(617,64,'Гренада','',0.000,'','left',6,'',',','GD','Y-m-d'),(618,64,'Grenada','',0.000,'','left',9,'',',','GD','Y-m-d'),(619,64,'Grenada','',0.000,'','left',7,'',',','GD','Y-m-d'),(620,64,'Grenada','',0.000,'','left',8,'',',','GD','Y-m-d'),(621,65,'Griechenland','',0.000,'','left',1,'',',','GR','Y-m-d'),(622,65,'Greece','',0.000,'','left',3,'',',','GR','Y-m-d'),(623,65,'Grèce','',0.000,'','left',2,'',',','GR','Y-m-d'),(624,65,'Grecia','',0.000,'','left',5,'',',','GR','Y-m-d'),(625,65,'Grecia','',0.000,'','left',4,'',',','GR','Y-m-d'),(626,65,'Греция','',0.000,'','left',6,'',',','GR','Y-m-d'),(627,65,'Görögország','',0.000,'','left',9,'',',','GR','Y-m-d'),(628,65,'Grecja','',0.000,'','left',7,'',',','GR','Y-m-d'),(629,65,'?ecko','',0.000,'','left',8,'',',','GR','Y-m-d'),(630,66,'Grönland','',0.000,'','left',1,'',',','GL','Y-m-d'),(631,66,'Greenland','',0.000,'','left',3,'',',','GL','Y-m-d'),(632,66,'Groenland','',0.000,'','left',2,'',',','GL','Y-m-d'),(633,66,'Groenlandia','',0.000,'','left',5,'',',','GL','Y-m-d'),(634,66,'Groenlandia','',0.000,'','left',4,'',',','GL','Y-m-d'),(635,66,'Гренландия','',0.000,'','left',6,'',',','GL','Y-m-d'),(636,66,'Grönland','',0.000,'','left',9,'',',','GL','Y-m-d'),(637,66,'Grenlandia','',0.000,'','left',7,'',',','GL','Y-m-d'),(638,66,'Grönland','',0.000,'','left',8,'',',','GL','Y-m-d'),(639,67,'Guadeloupe','',0.000,'','left',1,'',',','GP','Y-m-d'),(640,67,'Guadeloupe','',0.000,'','left',3,'',',','GP','Y-m-d'),(641,67,'Guadeloupe','',0.000,'','left',2,'',',','GP','Y-m-d'),(642,67,'Guadalupa','',0.000,'','left',5,'',',','GP','Y-m-d'),(643,67,'Guadalupe','',0.000,'','left',4,'',',','GP','Y-m-d'),(644,67,'Гваделупа (Фр.)','',0.000,'','left',6,'',',','GP','Y-m-d'),(645,67,'Guadeloupe','',0.000,'','left',9,'',',','GP','Y-m-d'),(646,67,'Gwadelupa','',0.000,'','left',7,'',',','GP','Y-m-d'),(647,67,'Guadeloupe','',0.000,'','left',8,'',',','GP','Y-m-d'),(648,68,'Guam','',0.000,'','left',1,'',',','GU','Y-m-d'),(649,68,'Guam','',0.000,'','left',3,'',',','GU','Y-m-d'),(650,68,'Guam','',0.000,'','left',2,'',',','GU','Y-m-d'),(651,68,'Guam','',0.000,'','left',5,'',',','GU','Y-m-d'),(652,68,'Guam','',0.000,'','left',4,'',',','GU','Y-m-d'),(653,68,'Гуам (США)','',0.000,'','left',6,'',',','GU','Y-m-d'),(654,68,'Guam','',0.000,'','left',9,'',',','GU','Y-m-d'),(655,68,'Guam','',0.000,'','left',7,'',',','GU','Y-m-d'),(656,68,'Guam','',0.000,'','left',8,'',',','GU','Y-m-d'),(657,69,'Guatemala','',0.000,'','left',1,'',',','GT','Y-m-d'),(658,69,'Guatemala','',0.000,'','left',3,'',',','GT','Y-m-d'),(659,69,'Guatemala','',0.000,'','left',2,'',',','GT','Y-m-d'),(660,69,'Guatemala','',0.000,'','left',5,'',',','GT','Y-m-d'),(661,69,'Guatemala','',0.000,'','left',4,'',',','GT','Y-m-d'),(662,69,'Гватемала','',0.000,'','left',6,'',',','GT','Y-m-d'),(663,69,'Guatemala','',0.000,'','left',9,'',',','GT','Y-m-d'),(664,69,'Gwatemala','',0.000,'','left',7,'',',','GT','Y-m-d'),(665,69,'Guatemala','',0.000,'','left',8,'',',','GT','Y-m-d'),(666,70,'Guinea','',0.000,'','left',1,'',',','GN','Y-m-d'),(667,70,'Guinea','',0.000,'','left',3,'',',','GN','Y-m-d'),(668,70,'Guinée','',0.000,'','left',2,'',',','GN','Y-m-d'),(669,70,'Guinea','',0.000,'','left',5,'',',','GN','Y-m-d'),(670,70,'Guinea','',0.000,'','left',4,'',',','GN','Y-m-d'),(671,70,'Гвинея','',0.000,'','left',6,'',',','GN','Y-m-d'),(672,70,'Guinea','',0.000,'','left',9,'',',','GN','Y-m-d'),(673,70,'Gwinea','',0.000,'','left',7,'',',','GN','Y-m-d'),(674,70,'Guinea','',0.000,'','left',8,'',',','GN','Y-m-d'),(675,71,'Guinea-Bissau','',0.000,'','left',1,'',',','GW','Y-m-d'),(676,71,'Guinea-Bissau','',0.000,'','left',3,'',',','GW','Y-m-d'),(677,71,'\"Guinée-Bissao ; la Guinée-Bissau\"','',0.000,'','left',2,'',',','GW','Y-m-d'),(678,71,'Guinea Bissau','',0.000,'','left',5,'',',','GW','Y-m-d'),(679,71,'Guinea-Bissau','',0.000,'','left',4,'',',','GW','Y-m-d'),(680,71,'Гвинея-Бисау','',0.000,'','left',6,'',',','GW','Y-m-d'),(681,71,'Bissau-Guinea','',0.000,'','left',9,'',',','GW','Y-m-d'),(682,71,'Gwinea-Bissau','',0.000,'','left',7,'',',','GW','Y-m-d'),(683,71,'Guinea-Bissau','',0.000,'','left',8,'',',','GW','Y-m-d'),(684,72,'Guyana','',0.000,'','left',1,'',',','GY','Y-m-d'),(685,72,'Guyana','',0.000,'','left',3,'',',','GY','Y-m-d'),(686,72,'Guyana','',0.000,'','left',2,'',',','GY','Y-m-d'),(687,72,'Guyana','',0.000,'','left',5,'',',','GY','Y-m-d'),(688,72,'Guyana','',0.000,'','left',4,'',',','GY','Y-m-d'),(689,72,'Гайана','',0.000,'','left',6,'',',','GY','Y-m-d'),(690,72,'Guyana','',0.000,'','left',9,'',',','GY','Y-m-d'),(691,72,'Gujana','',0.000,'','left',7,'',',','GY','Y-m-d'),(692,72,'Guyana','',0.000,'','left',8,'',',','GY','Y-m-d'),(693,73,'Haiti','',0.000,'','left',1,'',',','HT','Y-m-d'),(694,73,'Haiti','',0.000,'','left',3,'',',','HT','Y-m-d'),(695,73,'Haïti','',0.000,'','left',2,'',',','HT','Y-m-d'),(696,73,'Haiti','',0.000,'','left',5,'',',','HT','Y-m-d'),(697,73,'Haití','',0.000,'','left',4,'',',','HT','Y-m-d'),(698,73,'Гаити','',0.000,'','left',6,'',',','HT','Y-m-d'),(699,73,'Haiti','',0.000,'','left',9,'',',','HT','Y-m-d'),(700,73,'Haiti','',0.000,'','left',7,'',',','HT','Y-m-d'),(701,73,'Haiti','',0.000,'','left',8,'',',','HT','Y-m-d'),(702,74,'Heard und McDonaldinseln','',0.000,'','left',1,'',',','HM','Y-m-d'),(703,74,'Heard Island and McDonald Islands','',0.000,'','left',3,'',',','HM','Y-m-d'),(704,74,'Iles Heard et McDonald','',0.000,'','left',2,'',',','HM','Y-m-d'),(705,74,'Isole Heard e McDonald','',0.000,'','left',5,'',',','HM','Y-m-d'),(706,74,'Islas Heard y McDonald','',0.000,'','left',4,'',',','HM','Y-m-d'),(707,74,'Острова Хэрда и МакДональда (Heard & McDonald Isl.)','',0.000,'','left',6,'',',','HM','Y-m-d'),(708,74,'Heard- és McDonald-szigetek','',0.000,'','left',9,'',',','HM','Y-m-d'),(709,74,'Wyspy Heard i Mc Donald','',0.000,'','left',7,'',',','HM','Y-m-d'),(710,74,'Heard und McDonaldinseln','',0.000,'','left',8,'',',','HM','Y-m-d'),(711,75,'Honduras','',0.000,'','left',1,'',',','HN','Y-m-d'),(712,75,'Honduras','',0.000,'','left',3,'',',','HN','Y-m-d'),(713,75,'Honduras','',0.000,'','left',2,'',',','HN','Y-m-d'),(714,75,'Honduras','',0.000,'','left',5,'',',','HN','Y-m-d'),(715,75,'Honduras','',0.000,'','left',4,'',',','HN','Y-m-d'),(716,75,'Гондурас','',0.000,'','left',6,'',',','HN','Y-m-d'),(717,75,'Honduras','',0.000,'','left',9,'',',','HN','Y-m-d'),(718,75,'Honduras','',0.000,'','left',7,'',',','HN','Y-m-d'),(719,75,'Honduras','',0.000,'','left',8,'',',','HN','Y-m-d'),(720,37,'Hongkong','',0.000,'','left',1,'',',','HK','Y-m-d'),(721,37,'Hong Kong','',0.000,'','left',3,'',',','HK','Y-m-d'),(722,37,'Hong Kong','',0.000,'','left',2,'',',','HK','Y-m-d'),(723,37,'Hong Kong','',0.000,'','left',5,'',',','HK','Y-m-d'),(724,37,'Hong Kong','',0.000,'','left',4,'',',','HK','Y-m-d'),(725,37,'Гонг Конг','',0.000,'','left',6,'',',','HK','Y-m-d'),(726,37,'Hongkong (k.k.t.)','',0.000,'','left',9,'',',','HK','Y-m-d'),(727,37,'Hongkong SAR','',0.000,'','left',7,'',',','HK','Y-m-d'),(728,37,'Hongkong','',0.000,'','left',8,'',',','HK','Y-m-d'),(729,76,'Indien','',0.000,'','left',1,'',',','IN','Y-m-d'),(730,76,'India','',0.000,'','left',3,'',',','IN','Y-m-d'),(731,76,'Inde','',0.000,'','left',2,'',',','IN','Y-m-d'),(732,76,'India','',0.000,'','left',5,'',',','IN','Y-m-d'),(733,76,'India (la)','',0.000,'','left',4,'',',','IN','Y-m-d'),(734,76,'Индия','',0.000,'','left',6,'',',','IN','Y-m-d'),(735,76,'India','',0.000,'','left',9,'',',','IN','Y-m-d'),(736,76,'Indie','',0.000,'','left',7,'',',','IN','Y-m-d'),(737,76,'Indie','',0.000,'','left',8,'',',','IN','Y-m-d'),(738,77,'Indonesien','',0.000,'','left',1,'',',','ID','Y-m-d'),(739,77,'Indonesia','',0.000,'','left',3,'',',','ID','Y-m-d'),(740,77,'Indonésie','',0.000,'','left',2,'',',','ID','Y-m-d'),(741,77,'Indonesia','',0.000,'','left',5,'',',','ID','Y-m-d'),(742,77,'Indonesia','',0.000,'','left',4,'',',','ID','Y-m-d'),(743,77,'Индонезия','',0.000,'','left',6,'',',','ID','Y-m-d'),(744,77,'Indonézia','',0.000,'','left',9,'',',','ID','Y-m-d'),(745,77,'Indonezja','',0.000,'','left',7,'',',','ID','Y-m-d'),(746,77,'Indonésie','',0.000,'','left',8,'',',','ID','Y-m-d'),(747,78,'Irak','',0.000,'','left',1,'',',','IQ','Y-m-d'),(748,78,'Iraq','',0.000,'','left',3,'',',','IQ','Y-m-d'),(749,78,'Iraq','',0.000,'','left',2,'',',','IQ','Y-m-d'),(750,78,'Iraq','',0.000,'','left',5,'',',','IQ','Y-m-d'),(751,78,'Iraq','',0.000,'','left',4,'',',','IQ','Y-m-d'),(752,78,'Ирак','',0.000,'','left',6,'',',','IQ','Y-m-d'),(753,78,'Irak','',0.000,'','left',9,'',',','IQ','Y-m-d'),(754,78,'Irak','',0.000,'','left',7,'',',','IQ','Y-m-d'),(755,78,'Irák','',0.000,'','left',8,'',',','IQ','Y-m-d'),(756,79,'Iran','',0.000,'','left',1,'',',','IR','Y-m-d'),(757,79,'Iran','',0.000,'','left',3,'',',','IR','Y-m-d'),(758,79,'Iran','',0.000,'','left',2,'',',','IR','Y-m-d'),(759,79,'Iran','',0.000,'','left',5,'',',','IR','Y-m-d'),(760,79,'Irán','',0.000,'','left',4,'',',','IR','Y-m-d'),(761,79,'Иран','',0.000,'','left',6,'',',','IR','Y-m-d'),(762,79,'Irán (Iszlám Köztársaság)','',0.000,'','left',9,'',',','IR','Y-m-d'),(763,79,'Iran (Islamska Republika)','',0.000,'','left',7,'',',','IR','Y-m-d'),(764,79,'Írán','',0.000,'','left',8,'',',','IR','Y-m-d'),(765,80,'Irland','',0.000,'','left',1,'',',','IE','Y-m-d'),(766,80,'Ireland','',0.000,'','left',3,'',',','IE','Y-m-d'),(767,80,'Irlande','',0.000,'','left',2,'',',','IE','Y-m-d'),(768,80,'Irlanda','',0.000,'','left',5,'',',','IE','Y-m-d'),(769,80,'Irlanda','',0.000,'','left',4,'',',','IE','Y-m-d'),(770,80,'Ирландия','',0.000,'','left',6,'',',','IE','Y-m-d'),(771,80,'Írország','',0.000,'','left',9,'',',','IE','Y-m-d'),(772,80,'Irlandia','',0.000,'','left',7,'',',','IE','Y-m-d'),(773,80,'Irsko','',0.000,'','left',8,'',',','IE','Y-m-d'),(774,81,'Island','',0.000,'','left',1,'',',','IS','Y-m-d'),(775,81,'Iceland','',0.000,'','left',3,'',',','IS','Y-m-d'),(776,81,'Islande','',0.000,'','left',2,'',',','IS','Y-m-d'),(777,81,'Islanda','',0.000,'','left',5,'',',','IS','Y-m-d'),(778,81,'Islandia','',0.000,'','left',4,'',',','IS','Y-m-d'),(779,81,'Исландия','',0.000,'','left',6,'',',','IS','Y-m-d'),(780,81,'Izland','',0.000,'','left',9,'',',','IS','Y-m-d'),(781,81,'Islandia','',0.000,'','left',7,'',',','IS','Y-m-d'),(782,81,'Island','',0.000,'','left',8,'',',','IS','Y-m-d'),(783,82,'Israel','',0.000,'','left',1,'',',','IL','Y-m-d'),(784,82,'Israel','',0.000,'','left',3,'',',','IL','Y-m-d'),(785,82,'Israël','',0.000,'','left',2,'',',','IL','Y-m-d'),(786,82,'Israele','',0.000,'','left',5,'',',','IL','Y-m-d'),(787,82,'Israel','',0.000,'','left',4,'',',','IL','Y-m-d'),(788,82,'Израйль','',0.000,'','left',6,'',',','IL','Y-m-d'),(789,82,'Izrael','',0.000,'','left',9,'',',','IL','Y-m-d'),(790,82,'Izrael','',0.000,'','left',7,'',',','IL','Y-m-d'),(791,82,'Izrael','',0.000,'','left',8,'',',','IL','Y-m-d'),(792,83,'Italien','IVA',0.200,'€','left',1,'.',',','IT','Y-m-d'),(793,83,'Italy','IVA',0.200,'€','left',3,'.',',','IT','Y-m-d'),(794,83,'Italie','IVA',0.200,'€','left',2,'.',',','IT','Y-m-d'),(795,83,'Italia','IVA',0.200,'€','left',5,'.',',','IT','Y-m-d'),(796,83,'Italia','IVA',0.200,'€','left',4,'.',',','IT','Y-m-d'),(797,83,'Италия','IVA',0.200,'€','left',6,'.',',','IT','Y-m-d'),(798,83,'Olaszország','IVA',0.200,'€','left',9,'.',',','IT','Y-m-d'),(799,83,'Włochy','IVA',0.200,'€','left',7,'.',',','IT','Y-m-d'),(800,83,'Itálie','IVA',0.200,'€','left',8,'.',',','IT','Y-m-d'),(801,84,'Jamaika','',0.000,'','left',1,'',',','JM','Y-m-d'),(802,84,'Jamaica','',0.000,'','left',3,'',',','JM','Y-m-d'),(803,84,'Jamaïque','',0.000,'','left',2,'',',','JM','Y-m-d'),(804,84,'Giamaica','',0.000,'','left',5,'',',','JM','Y-m-d'),(805,84,'Jamaica','',0.000,'','left',4,'',',','JM','Y-m-d'),(806,84,'Ямайка','',0.000,'','left',6,'',',','JM','Y-m-d'),(807,84,'Jamaica','',0.000,'','left',9,'',',','JM','Y-m-d'),(808,84,'Jamajka','',0.000,'','left',7,'',',','JM','Y-m-d'),(809,84,'Jamajka','',0.000,'','left',8,'',',','JM','Y-m-d'),(810,85,'Japan','',0.000,'','left',1,'',',','JP','Y-m-d'),(811,85,'Japan','',0.000,'','left',3,'',',','JP','Y-m-d'),(812,85,'Japon','',0.000,'','left',2,'',',','JP','Y-m-d'),(813,85,'Giappone','',0.000,'','left',5,'',',','JP','Y-m-d'),(814,85,'Japón','',0.000,'','left',4,'',',','JP','Y-m-d'),(815,85,'Япония','',0.000,'','left',6,'',',','JP','Y-m-d'),(816,85,'Japán','',0.000,'','left',9,'',',','JP','Y-m-d'),(817,85,'Japonia','',0.000,'','left',7,'',',','JP','Y-m-d'),(818,85,'Japonsko','',0.000,'','left',8,'',',','JP','Y-m-d'),(819,86,'Jemen','',0.000,'','left',1,'',',','YE','Y-m-d'),(820,86,'Yemen','',0.000,'','left',3,'',',','YE','Y-m-d'),(821,86,'Yémen','',0.000,'','left',2,'',',','YE','Y-m-d'),(822,86,'Yemen','',0.000,'','left',5,'',',','YE','Y-m-d'),(823,86,'Yemen','',0.000,'','left',4,'',',','YE','Y-m-d'),(824,86,'Йемен','',0.000,'','left',6,'',',','YE','Y-m-d'),(825,86,'Jemen','',0.000,'','left',9,'',',','YE','Y-m-d'),(826,86,'Jemen','',0.000,'','left',7,'',',','YE','Y-m-d'),(827,86,'Jemen','',0.000,'','left',8,'',',','YE','Y-m-d'),(828,87,'Jordanien','',0.000,'','left',1,'',',','JO','Y-m-d'),(829,87,'Jordan','',0.000,'','left',3,'',',','JO','Y-m-d'),(830,87,'Jordanie','',0.000,'','left',2,'',',','JO','Y-m-d'),(831,87,'Giordania','',0.000,'','left',5,'',',','JO','Y-m-d'),(832,87,'Jordania','',0.000,'','left',4,'',',','JO','Y-m-d'),(833,87,'Иордания','',0.000,'','left',6,'',',','JO','Y-m-d'),(834,87,'Jordánia','',0.000,'','left',9,'',',','JO','Y-m-d'),(835,87,'Jordania','',0.000,'','left',7,'',',','JO','Y-m-d'),(836,87,'Jordánsko','',0.000,'','left',8,'',',','JO','Y-m-d'),(837,88,'Jugoslawien','',0.000,'','left',1,'',',','','Y-m-d'),(838,88,'Yugoslavia','',0.000,'','left',3,'',',','','Y-m-d'),(839,88,'Yougoslavie','',0.000,'','left',2,'',',','','Y-m-d'),(840,88,'\"Iugoslavia; Jugoslavia\"','',0.000,'','left',5,'',',','','Y-m-d'),(841,88,'Yugoslavia','',0.000,'','left',4,'',',','','Y-m-d'),(842,88,'Югославия','',0.000,'','left',6,'',',','','Y-m-d'),(843,88,'Jugoszlávia','',0.000,'','left',9,'',',','','Y-m-d'),(844,88,'Jugosławia','',0.000,'','left',7,'',',','','Y-m-d'),(845,88,'Jugoslawien','',0.000,'','left',8,'',',','','Y-m-d'),(846,34,'Kaimaninseln','',0.000,'','left',1,'',',','KY','Y-m-d'),(847,34,'Cayman Islands','',0.000,'','left',3,'',',','KY','Y-m-d'),(848,34,'Iles Cayman','',0.000,'','left',2,'',',','KY','Y-m-d'),(849,34,'Isole Cayman','',0.000,'','left',5,'',',','KY','Y-m-d'),(850,34,'Islas Caimán','',0.000,'','left',4,'',',','KY','Y-m-d'),(851,34,'Каймановы острова','',0.000,'','left',6,'',',','KY','Y-m-d'),(852,34,'Kajmán-szigetek','',0.000,'','left',9,'',',','KY','Y-m-d'),(853,34,'Kajmany','',0.000,'','left',7,'',',','KY','Y-m-d'),(854,34,'Kaimaninseln','',0.000,'','left',8,'',',','KY','Y-m-d'),(855,91,'Kambodscha','',0.000,'','left',1,'',',','KH','Y-m-d'),(856,91,'Cambodia','',0.000,'','left',3,'',',','KH','Y-m-d'),(857,91,'Cambodge','',0.000,'','left',2,'',',','KH','Y-m-d'),(858,91,'Cambogia','',0.000,'','left',5,'',',','KH','Y-m-d'),(859,91,'Camboya','',0.000,'','left',4,'',',','KH','Y-m-d'),(860,91,'Камбоджа','',0.000,'','left',6,'',',','KH','Y-m-d'),(861,91,'Kambodzsa','',0.000,'','left',9,'',',','KH','Y-m-d'),(862,91,'Kambodża','',0.000,'','left',7,'',',','KH','Y-m-d'),(863,91,'Kambod?a','',0.000,'','left',8,'',',','KH','Y-m-d'),(864,92,'Kamerun','',0.000,'','left',1,'',',','CM','Y-m-d'),(865,92,'Cameroon','',0.000,'','left',3,'',',','CM','Y-m-d'),(866,92,'Cameroun','',0.000,'','left',2,'',',','CM','Y-m-d'),(867,92,'Camerun','',0.000,'','left',5,'',',','CM','Y-m-d'),(868,92,'Camerún','',0.000,'','left',4,'',',','CM','Y-m-d'),(869,92,'Камерун','',0.000,'','left',6,'',',','CM','Y-m-d'),(870,92,'Kamerun','',0.000,'','left',9,'',',','CM','Y-m-d'),(871,92,'Kamerun','',0.000,'','left',7,'',',','CM','Y-m-d'),(872,92,'Kamerun','',0.000,'','left',8,'',',','CM','Y-m-d'),(873,93,'Kanada','',0.000,'','left',1,'',',','CA','Y-m-d'),(874,93,'Canada','',0.000,'','left',3,'',',','CA','Y-m-d'),(875,93,'Canada','',0.000,'','left',2,'',',','CA','Y-m-d'),(876,93,'Canada','',0.000,'','left',5,'',',','CA','Y-m-d'),(877,93,'Canadá','',0.000,'','left',4,'',',','CA','Y-m-d'),(878,93,'Канада','',0.000,'','left',6,'',',','CA','Y-m-d'),(879,93,'Kanada','',0.000,'','left',9,'',',','CA','Y-m-d'),(880,93,'Kanada','',0.000,'','left',7,'',',','CA','Y-m-d'),(881,93,'Kanada','',0.000,'','left',8,'',',','CA','Y-m-d'),(882,94,'Kap Verde','',0.000,'','left',1,'',',','CV','Y-m-d'),(883,94,'Cape Verde','',0.000,'','left',3,'',',','CV','Y-m-d'),(884,94,'Cap-Vert','',0.000,'','left',2,'',',','CV','Y-m-d'),(885,94,'Capo Verde','',0.000,'','left',5,'',',','CV','Y-m-d'),(886,94,'Cabo Verde','',0.000,'','left',4,'',',','CV','Y-m-d'),(887,94,'Кабо-Верде','',0.000,'','left',6,'',',','CV','Y-m-d'),(888,94,'Zöld-foki-szigetek','',0.000,'','left',9,'',',','CV','Y-m-d'),(889,94,'Wyspy Zielonego Przylądka','',0.000,'','left',7,'',',','CV','Y-m-d'),(890,94,'Kapverdy','',0.000,'','left',8,'',',','CV','Y-m-d'),(891,95,'Kasachstan','',0.000,'','left',1,'',',','KZ','Y-m-d'),(892,95,'Kazakhstan','',0.000,'','left',3,'',',','KZ','Y-m-d'),(893,95,'Kazakhstan','',0.000,'','left',2,'',',','KZ','Y-m-d'),(894,95,'\"Kazakistan; Kazakstan\"','',0.000,'','left',5,'',',','KZ','Y-m-d'),(895,95,'Kazajistán','',0.000,'','left',4,'',',','KZ','Y-m-d'),(896,95,'Казахстан','',0.000,'','left',6,'',',','KZ','Y-m-d'),(897,95,'Kazahsztán','',0.000,'','left',9,'',',','KZ','Y-m-d'),(898,95,'Kazachstan','',0.000,'','left',7,'',',','KZ','Y-m-d'),(899,95,'Kazachstán','',0.000,'','left',8,'',',','KZ','Y-m-d'),(900,96,'Katar','',0.000,'','left',1,'',',','QA','Y-m-d'),(901,96,'Qatar','',0.000,'','left',3,'',',','QA','Y-m-d'),(902,96,'Qatar','',0.000,'','left',2,'',',','QA','Y-m-d'),(903,96,'Qatar','',0.000,'','left',5,'',',','QA','Y-m-d'),(904,96,'Qatar','',0.000,'','left',4,'',',','QA','Y-m-d'),(905,96,'Катар','',0.000,'','left',6,'',',','QA','Y-m-d'),(906,96,'Katar','',0.000,'','left',9,'',',','QA','Y-m-d'),(907,96,'Katar','',0.000,'','left',7,'',',','QA','Y-m-d'),(908,96,'Katar','',0.000,'','left',8,'',',','QA','Y-m-d'),(909,97,'Kenia','',0.000,'','left',1,'',',','KE','Y-m-d'),(910,97,'Kenya','',0.000,'','left',3,'',',','KE','Y-m-d'),(911,97,'Kenya','',0.000,'','left',2,'',',','KE','Y-m-d'),(912,97,'Kenya','',0.000,'','left',5,'',',','KE','Y-m-d'),(913,97,'Kenia','',0.000,'','left',4,'',',','KE','Y-m-d'),(914,97,'Кения','',0.000,'','left',6,'',',','KE','Y-m-d'),(915,97,'Kenya','',0.000,'','left',9,'',',','KE','Y-m-d'),(916,97,'Kenia','',0.000,'','left',7,'',',','KE','Y-m-d'),(917,97,'Ke?a','',0.000,'','left',8,'',',','KE','Y-m-d'),(918,98,'Kirgisistan','',0.000,'','left',1,'',',','KG','Y-m-d'),(919,98,'Kyrgyzstan','',0.000,'','left',3,'',',','KG','Y-m-d'),(920,98,'\"Kirghizistan ; le Kirghizstan\"','',0.000,'','left',2,'',',','KG','Y-m-d'),(921,98,'Kirghizistan','',0.000,'','left',5,'',',','KG','Y-m-d'),(922,98,'Kirguizistán','',0.000,'','left',4,'',',','KG','Y-m-d'),(923,98,'Киргизия','',0.000,'','left',6,'',',','KG','Y-m-d'),(924,98,'Kirgizisztán','',0.000,'','left',9,'',',','KG','Y-m-d'),(925,98,'Kirgistan','',0.000,'','left',7,'',',','KG','Y-m-d'),(926,98,'Kyrgyzstán','',0.000,'','left',8,'',',','KG','Y-m-d'),(927,99,'Kiribati','',0.000,'','left',1,'',',','KI','Y-m-d'),(928,99,'Kiribati','',0.000,'','left',3,'',',','KI','Y-m-d'),(929,99,'Kiribati','',0.000,'','left',2,'',',','KI','Y-m-d'),(930,99,'Kiribati','',0.000,'','left',5,'',',','KI','Y-m-d'),(931,99,'Kiribati','',0.000,'','left',4,'',',','KI','Y-m-d'),(932,99,'Кирибати','',0.000,'','left',6,'',',','KI','Y-m-d'),(933,99,'Kiribati','',0.000,'','left',9,'',',','KI','Y-m-d'),(934,99,'Kiribati','',0.000,'','left',7,'',',','KI','Y-m-d'),(935,99,'Kiribati','',0.000,'','left',8,'',',','KI','Y-m-d'),(936,100,'Kokosinseln','',0.000,'','left',1,'',',','CC','Y-m-d'),(937,100,'Cocos (Keeling) Islands','',0.000,'','left',3,'',',','CC','Y-m-d'),(938,100,'Iles des Cocos (Keeling)','',0.000,'','left',2,'',',','CC','Y-m-d'),(939,100,'Isole Cocos','',0.000,'','left',5,'',',','CC','Y-m-d'),(940,100,'Islas Cocos','',0.000,'','left',4,'',',','CC','Y-m-d'),(941,100,'Кокосовые острова','',0.000,'','left',6,'',',','CC','Y-m-d'),(942,100,'Kókusz-szigetek (Keeling-szigetek)','',0.000,'','left',9,'',',','CC','Y-m-d'),(943,100,'Wyspy Kokosowe (Wyspy Keelinga)','',0.000,'','left',7,'',',','CC','Y-m-d'),(944,100,'Kokosinseln','',0.000,'','left',8,'',',','CC','Y-m-d'),(945,101,'Kolumbien','',0.000,'','left',1,'',',','CO','Y-m-d'),(946,101,'Colombia','',0.000,'','left',3,'',',','CO','Y-m-d'),(947,101,'Colombie','',0.000,'','left',2,'',',','CO','Y-m-d'),(948,101,'Colombia','',0.000,'','left',5,'',',','CO','Y-m-d'),(949,101,'Colombia','',0.000,'','left',4,'',',','CO','Y-m-d'),(950,101,'Колумбия','',0.000,'','left',6,'',',','CO','Y-m-d'),(951,101,'Kolumbia','',0.000,'','left',9,'',',','CO','Y-m-d'),(952,101,'Kolumbia','',0.000,'','left',7,'',',','CO','Y-m-d'),(953,101,'Kolumbie','',0.000,'','left',8,'',',','CO','Y-m-d'),(954,1301,'Komoren','',0.000,'','left',1,'',',','KM','Y-m-d'),(955,1301,'Comoros','',0.000,'','left',3,'',',','KM','Y-m-d'),(956,1301,'Comores','',0.000,'','left',2,'',',','KM','Y-m-d'),(957,1301,'Comore','',0.000,'','left',5,'',',','KM','Y-m-d'),(958,1301,'Comoras','',0.000,'','left',4,'',',','KM','Y-m-d'),(959,1301,'Коморос','',0.000,'','left',6,'',',','KM','Y-m-d'),(960,1301,'Comore-szigetek','',0.000,'','left',9,'',',','KM','Y-m-d'),(961,1301,'Komory','',0.000,'','left',7,'',',','KM','Y-m-d'),(962,1301,'Komory','',0.000,'','left',8,'',',','KM','Y-m-d'),(963,107,'Kroatien','',0.000,'','left',1,'',',','HR','Y-m-d'),(964,107,'Croatia','',0.000,'','left',3,'',',','HR','Y-m-d'),(965,107,'Croatie','',0.000,'','left',2,'',',','HR','Y-m-d'),(966,107,'Croazia','',0.000,'','left',5,'',',','HR','Y-m-d'),(967,107,'Croacia','',0.000,'','left',4,'',',','HR','Y-m-d'),(968,107,'Хорватия','',0.000,'','left',6,'',',','HR','Y-m-d'),(969,107,'Horvátország','',0.000,'','left',9,'',',','HR','Y-m-d'),(970,107,'Chorwacja','',0.000,'','left',7,'',',','HR','Y-m-d'),(971,107,'Chorvatsko','',0.000,'','left',8,'',',','HR','Y-m-d'),(972,108,'Kuba','',0.000,'','left',1,'',',','CU','Y-m-d'),(973,108,'Cuba','',0.000,'','left',3,'',',','CU','Y-m-d'),(974,108,'Cuba','',0.000,'','left',2,'',',','CU','Y-m-d'),(975,108,'Cuba','',0.000,'','left',5,'',',','CU','Y-m-d'),(976,108,'Cuba','',0.000,'','left',4,'',',','CU','Y-m-d'),(977,108,'Куба','',0.000,'','left',6,'',',','CU','Y-m-d'),(978,108,'Kuba','',0.000,'','left',9,'',',','CU','Y-m-d'),(979,108,'Kuba','',0.000,'','left',7,'',',','CU','Y-m-d'),(980,108,'Kuba','',0.000,'','left',8,'',',','CU','Y-m-d'),(981,109,'Kuwait','',0.000,'','left',1,'',',','KW','Y-m-d'),(982,109,'Kuwait','',0.000,'','left',3,'',',','KW','Y-m-d'),(983,109,'Koweït','',0.000,'','left',2,'',',','KW','Y-m-d'),(984,109,'Kuwait','',0.000,'','left',5,'',',','KW','Y-m-d'),(985,109,'Kuwait','',0.000,'','left',4,'',',','KW','Y-m-d'),(986,109,'Кувейт','',0.000,'','left',6,'',',','KW','Y-m-d'),(987,109,'Kuvait','',0.000,'','left',9,'',',','KW','Y-m-d'),(988,109,'Kuwejt','',0.000,'','left',7,'',',','KW','Y-m-d'),(989,109,'Kuvajt','',0.000,'','left',8,'',',','KW','Y-m-d'),(990,110,'Laos','',0.000,'','left',1,'',',','LA','Y-m-d'),(991,110,'Laos','',0.000,'','left',3,'',',','LA','Y-m-d'),(992,110,'Laos','',0.000,'','left',2,'',',','LA','Y-m-d'),(993,110,'Laos','',0.000,'','left',5,'',',','LA','Y-m-d'),(994,110,'Laos','',0.000,'','left',4,'',',','LA','Y-m-d'),(995,110,'Лаос','',0.000,'','left',6,'',',','LA','Y-m-d'),(996,110,'Lao Népi Demokratikus Köztársaság','',0.000,'','left',9,'',',','LA','Y-m-d'),(997,110,'Laotańska Republika Ludowo-Demokratyczna','',0.000,'','left',7,'',',','LA','Y-m-d'),(998,110,'Laos','',0.000,'','left',8,'',',','LA','Y-m-d'),(999,111,'Lesotho','',0.000,'','left',1,'',',','LS','Y-m-d'),(1000,111,'Lesotho','',0.000,'','left',3,'',',','LS','Y-m-d'),(1001,111,'Lesotho','',0.000,'','left',2,'',',','LS','Y-m-d'),(1002,111,'Lesotho','',0.000,'','left',5,'',',','LS','Y-m-d'),(1003,111,'Lesoto','',0.000,'','left',4,'',',','LS','Y-m-d'),(1004,111,'Лесото','',0.000,'','left',6,'',',','LS','Y-m-d'),(1005,111,'Lesotho','',0.000,'','left',9,'',',','LS','Y-m-d'),(1006,111,'Lesotho','',0.000,'','left',7,'',',','LS','Y-m-d'),(1007,111,'Lesotho','',0.000,'','left',8,'',',','LS','Y-m-d'),(1008,112,'Lettland','',0.000,'','left',1,'',',','LV','Y-m-d'),(1009,112,'Latvia','',0.000,'','left',3,'',',','LV','Y-m-d'),(1010,112,'Lettonie','',0.000,'','left',2,'',',','LV','Y-m-d'),(1011,112,'Lettonia','',0.000,'','left',5,'',',','LV','Y-m-d'),(1012,112,'Letonia','',0.000,'','left',4,'',',','LV','Y-m-d'),(1013,112,'Латвия','',0.000,'','left',6,'',',','LV','Y-m-d'),(1014,112,'Litvánia','',0.000,'','left',9,'',',','LV','Y-m-d'),(1015,112,'Łotwa','',0.000,'','left',7,'',',','LV','Y-m-d'),(1016,112,'Loty?sko','',0.000,'','left',8,'',',','LV','Y-m-d'),(1017,113,'Libanon','',0.000,'','left',1,'',',','LB','Y-m-d'),(1018,113,'Lebanon','',0.000,'','left',3,'',',','LB','Y-m-d'),(1019,113,'Liban','',0.000,'','left',2,'',',','LB','Y-m-d'),(1020,113,'Libano','',0.000,'','left',5,'',',','LB','Y-m-d'),(1021,113,'Líbano','',0.000,'','left',4,'',',','LB','Y-m-d'),(1022,113,'Ливан','',0.000,'','left',6,'',',','LB','Y-m-d'),(1023,113,'Libanon','',0.000,'','left',9,'',',','LB','Y-m-d'),(1024,113,'Liban','',0.000,'','left',7,'',',','LB','Y-m-d'),(1025,113,'Libanon','',0.000,'','left',8,'',',','LB','Y-m-d'),(1026,114,'Liberia','',0.000,'','left',1,'',',','LR','Y-m-d'),(1027,114,'Liberia','',0.000,'','left',3,'',',','LR','Y-m-d'),(1028,114,'Liberia','',0.000,'','left',2,'',',','LR','Y-m-d'),(1029,114,'Liberia','',0.000,'','left',5,'',',','LR','Y-m-d'),(1030,114,'Liberia','',0.000,'','left',4,'',',','LR','Y-m-d'),(1031,114,'Либерия','',0.000,'','left',6,'',',','LR','Y-m-d'),(1032,114,'Libéria','',0.000,'','left',9,'',',','LR','Y-m-d'),(1033,114,'Liberia','',0.000,'','left',7,'',',','LR','Y-m-d'),(1034,114,'Libérie','',0.000,'','left',8,'',',','LR','Y-m-d'),(1035,115,'Libyen','',0.000,'','left',1,'',',','LY','Y-m-d'),(1036,115,'Libya','',0.000,'','left',3,'',',','LY','Y-m-d'),(1037,115,'Libye','',0.000,'','left',2,'',',','LY','Y-m-d'),(1038,115,'Libia','',0.000,'','left',5,'',',','LY','Y-m-d'),(1039,115,'Libia','',0.000,'','left',4,'',',','LY','Y-m-d'),(1040,115,'Либия','',0.000,'','left',6,'',',','LY','Y-m-d'),(1041,115,'Líbia','',0.000,'','left',9,'',',','LY','Y-m-d'),(1042,115,'Libijska Arabska Dżamahiria','',0.000,'','left',7,'',',','LY','Y-m-d'),(1043,115,'Libye','',0.000,'','left',8,'',',','LY','Y-m-d'),(1044,116,'Liechtenstein','',0.000,'','left',1,'',',','LI','Y-m-d'),(1045,116,'Liechtenstein','',0.000,'','left',3,'',',','LI','Y-m-d'),(1046,116,'Liechtenstein','',0.000,'','left',2,'',',','LI','Y-m-d'),(1047,116,'Liechtenstein','',0.000,'','left',5,'',',','LI','Y-m-d'),(1048,116,'Liechtenstein','',0.000,'','left',4,'',',','LI','Y-m-d'),(1049,116,'Лихтейнштейн','',0.000,'','left',6,'',',','LI','Y-m-d'),(1050,116,'Liechtenstein','',0.000,'','left',9,'',',','LI','Y-m-d'),(1051,116,'Liechtenstein','',0.000,'','left',7,'',',','LI','Y-m-d'),(1052,116,'Lichten?tejnsko','',0.000,'','left',8,'',',','LI','Y-m-d'),(1053,117,'Litauen','',0.000,'','left',1,'',',','LT','Y-m-d'),(1054,117,'Lithuania','',0.000,'','left',3,'',',','LT','Y-m-d'),(1055,117,'Lituanie','',0.000,'','left',2,'',',','LT','Y-m-d'),(1056,117,'Lituania','',0.000,'','left',5,'',',','LT','Y-m-d'),(1057,117,'Lituania','',0.000,'','left',4,'',',','LT','Y-m-d'),(1058,117,'Литва','',0.000,'','left',6,'',',','LT','Y-m-d'),(1059,117,'Litvánia','',0.000,'','left',9,'',',','LT','Y-m-d'),(1060,117,'Litwa','',0.000,'','left',7,'',',','LT','Y-m-d'),(1061,117,'Litva','',0.000,'','left',8,'',',','LT','Y-m-d'),(1062,118,'Luxemburg','TVA',0.150,'€','left',1,'.',',','LU','Y-m-d'),(1063,118,'Luxembourg','TVA',0.150,'€','left',3,'.',',','LU','Y-m-d'),(1064,118,'Luxembourg','TVA',0.150,'€','left',2,'.',',','LU','Y-m-d'),(1065,118,'Lussemburgo','TVA',0.150,'€','left',5,'.',',','LU','Y-m-d'),(1066,118,'Luxemburgo','TVA',0.150,'€','left',4,'.',',','LU','Y-m-d'),(1067,118,'Люксембург','TVA',0.150,'€','left',6,'.',',','LU','Y-m-d'),(1068,118,'Luxemburg','TVA',0.150,'€','left',9,'.',',','LU','Y-m-d'),(1069,118,'Luksemburg','TVA',0.150,'€','left',7,'.',',','LU','Y-m-d'),(1070,118,'Lucembursko','TVA',0.150,'€','left',8,'.',',','LU','Y-m-d'),(1071,38,'Macau','',0.000,'','left',1,'',',','MO','Y-m-d'),(1072,38,'Macau','',0.000,'','left',3,'',',','MO','Y-m-d'),(1073,38,'Macao','',0.000,'','left',2,'',',','MO','Y-m-d'),(1074,38,'Macao','',0.000,'','left',5,'',',','MO','Y-m-d'),(1075,38,'Macao','',0.000,'','left',4,'',',','MO','Y-m-d'),(1076,38,'Макау','',0.000,'','left',6,'',',','MO','Y-m-d'),(1077,38,'Makaó (k.k.t.)','',0.000,'','left',9,'',',','MO','Y-m-d'),(1078,38,'Makau SAR','',0.000,'','left',7,'',',','MO','Y-m-d'),(1079,38,'Macau','',0.000,'','left',8,'',',','MO','Y-m-d'),(1080,119,'Madagaskar','',0.000,'','left',1,'',',','MG','Y-m-d'),(1081,119,'Madagascar','',0.000,'','left',3,'',',','MG','Y-m-d'),(1082,119,'Madagascar','',0.000,'','left',2,'',',','MG','Y-m-d'),(1083,119,'Madagascar','',0.000,'','left',5,'',',','MG','Y-m-d'),(1084,119,'Madagascar','',0.000,'','left',4,'',',','MG','Y-m-d'),(1085,119,'Мадагаскар','',0.000,'','left',6,'',',','MG','Y-m-d'),(1086,119,'Madagaszkár','',0.000,'','left',9,'',',','MG','Y-m-d'),(1087,119,'Madagaskar','',0.000,'','left',7,'',',','MG','Y-m-d'),(1088,119,'Madagaskar','',0.000,'','left',8,'',',','MG','Y-m-d'),(1089,120,'Malawi','',0.000,'','left',1,'',',','MW','Y-m-d'),(1090,120,'Malawi','',0.000,'','left',3,'',',','MW','Y-m-d'),(1091,120,'Malawi','',0.000,'','left',2,'',',','MW','Y-m-d'),(1092,120,'Malawi','',0.000,'','left',5,'',',','MW','Y-m-d'),(1093,120,'Malaui','',0.000,'','left',4,'',',','MW','Y-m-d'),(1094,120,'Малави','',0.000,'','left',6,'',',','MW','Y-m-d'),(1095,120,'Malawi','',0.000,'','left',9,'',',','MW','Y-m-d'),(1096,120,'Malawi','',0.000,'','left',7,'',',','MW','Y-m-d'),(1097,120,'Malawi','',0.000,'','left',8,'',',','MW','Y-m-d'),(1098,121,'Malaysia','',0.000,'','left',1,'',',','MY','Y-m-d'),(1099,121,'Malaysia','',0.000,'','left',3,'',',','MY','Y-m-d'),(1100,121,'Malaisie','',0.000,'','left',2,'',',','MY','Y-m-d'),(1101,121,'Malesia','',0.000,'','left',5,'',',','MY','Y-m-d'),(1102,121,'Malasia','',0.000,'','left',4,'',',','MY','Y-m-d'),(1103,121,'Малайзия','',0.000,'','left',6,'',',','MY','Y-m-d'),(1104,121,'Malajzia','',0.000,'','left',9,'',',','MY','Y-m-d'),(1105,121,'Malezja','',0.000,'','left',7,'',',','MY','Y-m-d'),(1106,121,'Malajsie','',0.000,'','left',8,'',',','MY','Y-m-d'),(1107,122,'Malediven','',0.000,'','left',1,'',',','MV','Y-m-d'),(1108,122,'Maldives','',0.000,'','left',3,'',',','MV','Y-m-d'),(1109,122,'Maldives','',0.000,'','left',2,'',',','MV','Y-m-d'),(1110,122,'Maldive','',0.000,'','left',5,'',',','MV','Y-m-d'),(1111,122,'Maldivas','',0.000,'','left',4,'',',','MV','Y-m-d'),(1112,122,'Мальдивы','',0.000,'','left',6,'',',','MV','Y-m-d'),(1113,122,'Maldív-szigetek','',0.000,'','left',9,'',',','MV','Y-m-d'),(1114,122,'Malediwy','',0.000,'','left',7,'',',','MV','Y-m-d'),(1115,122,'Maledivy','',0.000,'','left',8,'',',','MV','Y-m-d'),(1116,123,'Mali','',0.000,'','left',1,'',',','ML','Y-m-d'),(1117,123,'Mali','',0.000,'','left',3,'',',','ML','Y-m-d'),(1118,123,'Mali','',0.000,'','left',2,'',',','ML','Y-m-d'),(1119,123,'Mali','',0.000,'','left',5,'',',','ML','Y-m-d'),(1120,123,'Malí','',0.000,'','left',4,'',',','ML','Y-m-d'),(1121,123,'Мали','',0.000,'','left',6,'',',','ML','Y-m-d'),(1122,123,'Mali','',0.000,'','left',9,'',',','ML','Y-m-d'),(1123,123,'Mali','',0.000,'','left',7,'',',','ML','Y-m-d'),(1124,123,'Mali','',0.000,'','left',8,'',',','ML','Y-m-d'),(1125,124,'Malta','',0.000,'','left',1,'',',','MT','Y-m-d'),(1126,124,'Malta','',0.000,'','left',3,'',',','MT','Y-m-d'),(1127,124,'Malte','',0.000,'','left',2,'',',','MT','Y-m-d'),(1128,124,'Malta','',0.000,'','left',5,'',',','MT','Y-m-d'),(1129,124,'Malta','',0.000,'','left',4,'',',','MT','Y-m-d'),(1130,124,'Мальта','',0.000,'','left',6,'',',','MT','Y-m-d'),(1131,124,'Málta','',0.000,'','left',9,'',',','MT','Y-m-d'),(1132,124,'Malta','',0.000,'','left',7,'',',','MT','Y-m-d'),(1133,124,'Malta','',0.000,'','left',8,'',',','MT','Y-m-d'),(1134,125,'Marokko','',0.000,'','left',1,'',',','MA','Y-m-d'),(1135,125,'Morocco','',0.000,'','left',3,'',',','MA','Y-m-d'),(1136,125,'Maroc','',0.000,'','left',2,'',',','MA','Y-m-d'),(1137,125,'Marocco','',0.000,'','left',5,'',',','MA','Y-m-d'),(1138,125,'Marruecos','',0.000,'','left',4,'',',','MA','Y-m-d'),(1139,125,'Морокко','',0.000,'','left',6,'',',','MA','Y-m-d'),(1140,125,'Marokkó','',0.000,'','left',9,'',',','MA','Y-m-d'),(1141,125,'Maroko','',0.000,'','left',7,'',',','MA','Y-m-d'),(1142,125,'Maroko','',0.000,'','left',8,'',',','MA','Y-m-d'),(1143,126,'Marshallinseln','',0.000,'','left',1,'',',','MH','Y-m-d'),(1144,126,'Marshall Islands','',0.000,'','left',3,'',',','MH','Y-m-d'),(1145,126,'Iles Marshall','',0.000,'','left',2,'',',','MH','Y-m-d'),(1146,126,'Isole Marshall','',0.000,'','left',5,'',',','MH','Y-m-d'),(1147,126,'Islas Marshall','',0.000,'','left',4,'',',','MH','Y-m-d'),(1148,126,'Маршальские острова','',0.000,'','left',6,'',',','MH','Y-m-d'),(1149,126,'Marshall-szigetek','',0.000,'','left',9,'',',','MH','Y-m-d'),(1150,126,'Wyspy Marshalla','',0.000,'','left',7,'',',','MH','Y-m-d'),(1151,126,'Marshallovy ostrovy','',0.000,'','left',8,'',',','MH','Y-m-d'),(1152,127,'Martinique','',0.000,'','left',1,'',',','MQ','Y-m-d'),(1153,127,'Martinique','',0.000,'','left',3,'',',','MQ','Y-m-d'),(1154,127,'Martinique','',0.000,'','left',2,'',',','MQ','Y-m-d'),(1155,127,'Martinica','',0.000,'','left',5,'',',','MQ','Y-m-d'),(1156,127,'Martinica','',0.000,'','left',4,'',',','MQ','Y-m-d'),(1157,127,'Мартиника (Фр.)','',0.000,'','left',6,'',',','MQ','Y-m-d'),(1158,127,'Martinique','',0.000,'','left',9,'',',','MQ','Y-m-d'),(1159,127,'Martynika','',0.000,'','left',7,'',',','MQ','Y-m-d'),(1160,127,'Martinique','',0.000,'','left',8,'',',','MQ','Y-m-d'),(1161,128,'Mauretanien','',0.000,'','left',1,'',',','MR','Y-m-d'),(1162,128,'Mauritania','',0.000,'','left',3,'',',','MR','Y-m-d'),(1163,128,'Mauritanie','',0.000,'','left',2,'',',','MR','Y-m-d'),(1164,128,'Mauritania','',0.000,'','left',5,'',',','MR','Y-m-d'),(1165,128,'Mauritania','',0.000,'','left',4,'',',','MR','Y-m-d'),(1166,128,'Мавритания','',0.000,'','left',6,'',',','MR','Y-m-d'),(1167,128,'Mauritánia','',0.000,'','left',9,'',',','MR','Y-m-d'),(1168,128,'Mauretania','',0.000,'','left',7,'',',','MR','Y-m-d'),(1169,128,'Mauretánie','',0.000,'','left',8,'',',','MR','Y-m-d'),(1170,129,'Mauritius','',0.000,'','left',1,'',',','MU','Y-m-d'),(1171,129,'Mauritius','',0.000,'','left',3,'',',','MU','Y-m-d'),(1172,129,'Maurice','',0.000,'','left',2,'',',','MU','Y-m-d'),(1173,129,'\"Maurizio; Mauritius\"','',0.000,'','left',5,'',',','MU','Y-m-d'),(1174,129,'Mauricio','',0.000,'','left',4,'',',','MU','Y-m-d'),(1175,129,'Мавритий','',0.000,'','left',6,'',',','MU','Y-m-d'),(1176,129,'Mauritius','',0.000,'','left',9,'',',','MU','Y-m-d'),(1177,129,'Mauritius','',0.000,'','left',7,'',',','MU','Y-m-d'),(1178,129,'Mauricius','',0.000,'','left',8,'',',','MU','Y-m-d'),(1179,131,'Mazedonien','',0.000,'','left',1,'',',','MK','Y-m-d'),(1180,131,'Macedonia','',0.000,'','left',3,'',',','MK','Y-m-d'),(1181,131,'Mazedonien','',0.000,'','left',2,'',',','MK','Y-m-d'),(1182,131,'Mazedonien','',0.000,'','left',5,'',',','MK','Y-m-d'),(1183,131,'Mazedonien','',0.000,'','left',4,'',',','MK','Y-m-d'),(1184,131,'Македония','',0.000,'','left',6,'',',','MK','Y-m-d'),(1185,131,'Mazedonien','',0.000,'','left',9,'',',','MK','Y-m-d'),(1186,131,'Macedonia, Była Jugosłowiańska Republika','',0.000,'','left',7,'',',','MK','Y-m-d'),(1187,131,'Macedonie','',0.000,'','left',8,'',',','MK','Y-m-d'),(1188,130,'Mayotte','',0.000,'','left',1,'',',','YT','Y-m-d'),(1189,130,'Mayotte','',0.000,'','left',3,'',',','YT','Y-m-d'),(1190,130,'Mayotte','',0.000,'','left',2,'',',','YT','Y-m-d'),(1191,130,'Mayotte','',0.000,'','left',5,'',',','YT','Y-m-d'),(1192,130,'Mayotte','',0.000,'','left',4,'',',','YT','Y-m-d'),(1193,130,'Мейот','',0.000,'','left',6,'',',','YT','Y-m-d'),(1194,130,'Mayotte','',0.000,'','left',9,'',',','YT','Y-m-d'),(1195,130,'Wyspa Majotta','',0.000,'','left',7,'',',','YT','Y-m-d'),(1196,130,'Mayotte','',0.000,'','left',8,'',',','YT','Y-m-d'),(1197,132,'Mexiko','',0.000,'','left',1,'',',','MX','Y-m-d'),(1198,132,'Mexico','',0.000,'','left',3,'',',','MX','Y-m-d'),(1199,132,'Mexique','',0.000,'','left',2,'',',','MX','Y-m-d'),(1200,132,'Messico','',0.000,'','left',5,'',',','MX','Y-m-d'),(1201,132,'México','',0.000,'','left',4,'',',','MX','Y-m-d'),(1202,132,'Мексика','',0.000,'','left',6,'',',','MX','Y-m-d'),(1203,132,'Mexikó','',0.000,'','left',9,'',',','MX','Y-m-d'),(1204,132,'Meksyk','',0.000,'','left',7,'',',','MX','Y-m-d'),(1205,132,'Mexiko','',0.000,'','left',8,'',',','MX','Y-m-d'),(1206,133,'Mikronesien','',0.000,'','left',1,'',',','FM','Y-m-d'),(1207,133,'Micronesia','',0.000,'','left',3,'',',','FM','Y-m-d'),(1208,133,'Micronésie','',0.000,'','left',2,'',',','FM','Y-m-d'),(1209,133,'Micronesia','',0.000,'','left',5,'',',','FM','Y-m-d'),(1210,133,'Micronesia','',0.000,'','left',4,'',',','FM','Y-m-d'),(1211,133,'Микронезия','',0.000,'','left',6,'',',','FM','Y-m-d'),(1212,133,'Mikronéziai Szövetségi Államok','',0.000,'','left',9,'',',','FM','Y-m-d'),(1213,133,'Mikronezja, Sfederowane Stany','',0.000,'','left',7,'',',','FM','Y-m-d'),(1214,133,'Mikronésie','',0.000,'','left',8,'',',','FM','Y-m-d'),(1215,135,'Monaco','',0.000,'','left',1,'',',','MC','Y-m-d'),(1216,135,'Monaco','',0.000,'','left',3,'',',','MC','Y-m-d'),(1217,135,'Monaco','',0.000,'','left',2,'',',','MC','Y-m-d'),(1218,135,'Monaco','',0.000,'','left',5,'',',','MC','Y-m-d'),(1219,135,'Mónaco','',0.000,'','left',4,'',',','MC','Y-m-d'),(1220,135,'Монако','',0.000,'','left',6,'',',','MC','Y-m-d'),(1221,135,'Monaco','',0.000,'','left',9,'',',','MC','Y-m-d'),(1222,135,'Monako','',0.000,'','left',7,'',',','MC','Y-m-d'),(1223,135,'Monako','',0.000,'','left',8,'',',','MC','Y-m-d'),(1224,136,'Mongolei','',0.000,'','left',1,'',',','MN','Y-m-d'),(1225,136,'Mongolia','',0.000,'','left',3,'',',','MN','Y-m-d'),(1226,136,'Mongolie','',0.000,'','left',2,'',',','MN','Y-m-d'),(1227,136,'Mongolia','',0.000,'','left',5,'',',','MN','Y-m-d'),(1228,136,'Mongolia','',0.000,'','left',4,'',',','MN','Y-m-d'),(1229,136,'Монголия','',0.000,'','left',6,'',',','MN','Y-m-d'),(1230,136,'Mongólia','',0.000,'','left',9,'',',','MN','Y-m-d'),(1231,136,'Mongolia','',0.000,'','left',7,'',',','MN','Y-m-d'),(1232,136,'Mongolsko','',0.000,'','left',8,'',',','MN','Y-m-d'),(1233,137,'Montserrat','',0.000,'','left',1,'',',','MS','Y-m-d'),(1234,137,'Montserrat','',0.000,'','left',3,'',',','MS','Y-m-d'),(1235,137,'Montserrat','',0.000,'','left',2,'',',','MS','Y-m-d'),(1236,137,'Monserrat','',0.000,'','left',5,'',',','MS','Y-m-d'),(1237,137,'Montserrat','',0.000,'','left',4,'',',','MS','Y-m-d'),(1238,137,'Монсеррат','',0.000,'','left',6,'',',','MS','Y-m-d'),(1239,137,'Montserrat','',0.000,'','left',9,'',',','MS','Y-m-d'),(1240,137,'Montserrat','',0.000,'','left',7,'',',','MS','Y-m-d'),(1241,137,'Montserrat','',0.000,'','left',8,'',',','MS','Y-m-d'),(1242,138,'Mosambik','',0.000,'','left',1,'',',','MZ','Y-m-d'),(1243,138,'Mozambique','',0.000,'','left',3,'',',','MZ','Y-m-d'),(1244,138,'Mozambique','',0.000,'','left',2,'',',','MZ','Y-m-d'),(1245,138,'Mozambico','',0.000,'','left',5,'',',','MZ','Y-m-d'),(1246,138,'Mozambique','',0.000,'','left',4,'',',','MZ','Y-m-d'),(1247,138,'Мозамбик','',0.000,'','left',6,'',',','MZ','Y-m-d'),(1248,138,'Mozambik','',0.000,'','left',9,'',',','MZ','Y-m-d'),(1249,138,'Mozambik','',0.000,'','left',7,'',',','MZ','Y-m-d'),(1250,138,'Mosambik','',0.000,'','left',8,'',',','MZ','Y-m-d'),(1251,139,'Myanmar','',0.000,'','left',1,'',',','MM','Y-m-d'),(1252,139,'Myanmar','',0.000,'','left',3,'',',','MM','Y-m-d'),(1253,139,'\"Birmanie ; le Myanmar\"','',0.000,'','left',2,'',',','MM','Y-m-d'),(1254,139,'\"Birmania; Myanmar\"','',0.000,'','left',5,'',',','MM','Y-m-d'),(1255,139,'\"Birmania; Myanmar\"','',0.000,'','left',4,'',',','MM','Y-m-d'),(1256,139,'Бирма (Мьянма)','',0.000,'','left',6,'',',','MM','Y-m-d'),(1257,139,'Myanmar','',0.000,'','left',9,'',',','MM','Y-m-d'),(1258,139,'Myanmar','',0.000,'','left',7,'',',','MM','Y-m-d'),(1259,139,'Barma','',0.000,'','left',8,'',',','MM','Y-m-d'),(1260,140,'Namibia','',0.000,'','left',1,'',',','NA','Y-m-d'),(1261,140,'Namibia','',0.000,'','left',3,'',',','NA','Y-m-d'),(1262,140,'Namibie','',0.000,'','left',2,'',',','NA','Y-m-d'),(1263,140,'Namibia','',0.000,'','left',5,'',',','NA','Y-m-d'),(1264,140,'Namibia','',0.000,'','left',4,'',',','NA','Y-m-d'),(1265,140,'Намибия','',0.000,'','left',6,'',',','NA','Y-m-d'),(1266,140,'Namíbia','',0.000,'','left',9,'',',','NA','Y-m-d'),(1267,140,'Namibia','',0.000,'','left',7,'',',','NA','Y-m-d'),(1268,140,'Namibie','',0.000,'','left',8,'',',','NA','Y-m-d'),(1269,141,'Nauru','',0.000,'','left',1,'',',','NR','Y-m-d'),(1270,141,'Nauru','',0.000,'','left',3,'',',','NR','Y-m-d'),(1271,141,'Nauru','',0.000,'','left',2,'',',','NR','Y-m-d'),(1272,141,'Nauru','',0.000,'','left',5,'',',','NR','Y-m-d'),(1273,141,'Nauru','',0.000,'','left',4,'',',','NR','Y-m-d'),(1274,141,'Науру','',0.000,'','left',6,'',',','NR','Y-m-d'),(1275,141,'Nauru','',0.000,'','left',9,'',',','NR','Y-m-d'),(1276,141,'Nauru','',0.000,'','left',7,'',',','NR','Y-m-d'),(1277,141,'Nauru','',0.000,'','left',8,'',',','NR','Y-m-d'),(1278,142,'Nepal','',0.000,'','left',1,'',',','NP','Y-m-d'),(1279,142,'Nepal','',0.000,'','left',3,'',',','NP','Y-m-d'),(1280,142,'Népal','',0.000,'','left',2,'',',','NP','Y-m-d'),(1281,142,'Nepal','',0.000,'','left',5,'',',','NP','Y-m-d'),(1282,142,'Nepal','',0.000,'','left',4,'',',','NP','Y-m-d'),(1283,142,'Непал','',0.000,'','left',6,'',',','NP','Y-m-d'),(1284,142,'Nepál','',0.000,'','left',9,'',',','NP','Y-m-d'),(1285,142,'Nepal','',0.000,'','left',7,'',',','NP','Y-m-d'),(1286,142,'Nepál','',0.000,'','left',8,'',',','NP','Y-m-d'),(1287,143,'Neukaledonien','',0.000,'','left',1,'',',','NC','Y-m-d'),(1288,143,'New Caledonia','',0.000,'','left',3,'',',','NC','Y-m-d'),(1289,143,'Nouvelle-Calédonie','',0.000,'','left',2,'',',','NC','Y-m-d'),(1290,143,'Nuova Caledonia','',0.000,'','left',5,'',',','NC','Y-m-d'),(1291,143,'Nueva Caledonia','',0.000,'','left',4,'',',','NC','Y-m-d'),(1292,143,'Новая Каледония (Фр.)','',0.000,'','left',6,'',',','NC','Y-m-d'),(1293,143,'Új-Kaledónia','',0.000,'','left',9,'',',','NC','Y-m-d'),(1294,143,'Nowa Kaledonia','',0.000,'','left',7,'',',','NC','Y-m-d'),(1295,143,'Neukaledonien','',0.000,'','left',8,'',',','NC','Y-m-d'),(1296,144,'Neuseeland','',0.000,'','left',1,'',',','NZ','Y-m-d'),(1297,144,'New Zealand','',0.000,'','left',3,'',',','NZ','Y-m-d'),(1298,144,'Nouvelle-Zélande','',0.000,'','left',2,'',',','NZ','Y-m-d'),(1299,144,'Nuova Zelanda','',0.000,'','left',5,'',',','NZ','Y-m-d'),(1300,144,'Nueva Zelanda','',0.000,'','left',4,'',',','NZ','Y-m-d'),(1301,144,'Новая Зеландия','',0.000,'','left',6,'',',','NZ','Y-m-d'),(1302,144,'Új-Zéland','',0.000,'','left',9,'',',','NZ','Y-m-d'),(1303,144,'Nowa Zelandia','',0.000,'','left',7,'',',','NZ','Y-m-d'),(1304,144,'Nový Zéland','',0.000,'','left',8,'',',','NZ','Y-m-d'),(1305,145,'Nicaragua','',0.000,'','left',1,'',',','NI','Y-m-d'),(1306,145,'Nicaragua','',0.000,'','left',3,'',',','NI','Y-m-d'),(1307,145,'Nicaragua','',0.000,'','left',2,'',',','NI','Y-m-d'),(1308,145,'Nicaragua','',0.000,'','left',5,'',',','NI','Y-m-d'),(1309,145,'Nicaragua','',0.000,'','left',4,'',',','NI','Y-m-d'),(1310,145,'Никарагуаa','',0.000,'','left',6,'',',','NI','Y-m-d'),(1311,145,'Nicaragua','',0.000,'','left',9,'',',','NI','Y-m-d'),(1312,145,'Nikaragua','',0.000,'','left',7,'',',','NI','Y-m-d'),(1313,145,'Nikaragua','',0.000,'','left',8,'',',','NI','Y-m-d'),(1314,146,'Niederlande','BTW',0.190,'€','left',1,'.',',','NL','Y-m-d'),(1315,146,'Netherlands','BTW',0.190,'€','left',3,'.',',','NL','Y-m-d'),(1316,146,'Pays-Bas','BTW',0.190,'€','left',2,'.',',','NL','Y-m-d'),(1317,146,'Paesi Bassi','BTW',0.190,'€','left',5,'.',',','NL','Y-m-d'),(1318,146,'Países Bajos','BTW',0.190,'€','left',4,'.',',','NL','Y-m-d'),(1319,146,'Нидерланды','BTW',0.190,'€','left',6,'.',',','NL','Y-m-d'),(1320,146,'Hollandia','BTW',0.190,'€','left',9,'.',',','NL','Y-m-d'),(1321,146,'Holandia','BTW',0.190,'€','left',7,'.',',','NL','Y-m-d'),(1322,146,'Nizozemí','BTW',0.190,'€','left',8,'.',',','NL','Y-m-d'),(1323,147,'Niederländische Antillen','',0.000,'','left',1,'',',','AN','Y-m-d'),(1324,147,'Netherlands Antilles','',0.000,'','left',3,'',',','AN','Y-m-d'),(1325,147,'Antilles néerlandaises','',0.000,'','left',2,'',',','AN','Y-m-d'),(1326,147,'Antille olandesi','',0.000,'','left',5,'',',','AN','Y-m-d'),(1327,147,'Antillas Neerlandesas','',0.000,'','left',4,'',',','AN','Y-m-d'),(1328,147,'Антиллы (Нидерланды)','',0.000,'','left',6,'',',','AN','Y-m-d'),(1329,147,'Holland Antillák','',0.000,'','left',9,'',',','AN','Y-m-d'),(1330,147,'Antyle Holenderskie','',0.000,'','left',7,'',',','AN','Y-m-d'),(1331,147,'Niederländische Antillen','',0.000,'','left',8,'',',','AN','Y-m-d'),(1332,148,'Niger','',0.000,'','left',1,'',',','NE','Y-m-d'),(1333,148,'Niger','',0.000,'','left',3,'',',','NE','Y-m-d'),(1334,148,'Niger','',0.000,'','left',2,'',',','NE','Y-m-d'),(1335,148,'Niger','',0.000,'','left',5,'',',','NE','Y-m-d'),(1336,148,'Níger','',0.000,'','left',4,'',',','NE','Y-m-d'),(1337,148,'Нигер','',0.000,'','left',6,'',',','NE','Y-m-d'),(1338,148,'Niger','',0.000,'','left',9,'',',','NE','Y-m-d'),(1339,148,'Niger','',0.000,'','left',7,'',',','NE','Y-m-d'),(1340,148,'Niger','',0.000,'','left',8,'',',','NE','Y-m-d'),(1341,149,'Nigeria','',0.000,'','left',1,'',',','NG','Y-m-d'),(1342,149,'Nigeria','',0.000,'','left',3,'',',','NG','Y-m-d'),(1343,149,'Nigeria','',0.000,'','left',2,'',',','NG','Y-m-d'),(1344,149,'Nigeria','',0.000,'','left',5,'',',','NG','Y-m-d'),(1345,149,'Nigeria','',0.000,'','left',4,'',',','NG','Y-m-d'),(1346,149,'Нигерия','',0.000,'','left',6,'',',','NG','Y-m-d'),(1347,149,'Nigéria','',0.000,'','left',9,'',',','NG','Y-m-d'),(1348,149,'Nigeria','',0.000,'','left',7,'',',','NG','Y-m-d'),(1349,149,'Nigérie','',0.000,'','left',8,'',',','NG','Y-m-d'),(1350,150,'Niue','',0.000,'','left',1,'',',','NU','Y-m-d'),(1351,150,'Niue','',0.000,'','left',3,'',',','NU','Y-m-d'),(1352,150,'Nioué','',0.000,'','left',2,'',',','NU','Y-m-d'),(1353,150,'Niue','',0.000,'','left',5,'',',','NU','Y-m-d'),(1354,150,'Niue','',0.000,'','left',4,'',',','NU','Y-m-d'),(1355,150,'Ниуэ','',0.000,'','left',6,'',',','NU','Y-m-d'),(1356,150,'Niue','',0.000,'','left',9,'',',','NU','Y-m-d'),(1357,150,'Niue','',0.000,'','left',7,'',',','NU','Y-m-d'),(1358,150,'Niue','',0.000,'','left',8,'',',','NU','Y-m-d'),(1359,151,'Nördliche Marianen','',0.000,'','left',1,'',',','MP','Y-m-d'),(1360,151,'Northern Marianas','',0.000,'','left',3,'',',','MP','Y-m-d'),(1361,151,'Mariannes du Nord','',0.000,'','left',2,'',',','MP','Y-m-d'),(1362,151,'Marianne settentrionali','',0.000,'','left',5,'',',','MP','Y-m-d'),(1363,151,'Islas Marianas del Norte','',0.000,'','left',4,'',',','MP','Y-m-d'),(1364,151,'Северные Марианские острова','',0.000,'','left',6,'',',','MP','Y-m-d'),(1365,151,'Észak-Mariana-szigetek','',0.000,'','left',9,'',',','MP','Y-m-d'),(1366,151,'Wyspy Mariany Północne','',0.000,'','left',7,'',',','MP','Y-m-d'),(1367,151,'Nördliche Marianen','',0.000,'','left',8,'',',','MP','Y-m-d'),(1368,152,'Norfolkinsel','',0.000,'','left',1,'',',','NF','Y-m-d'),(1369,152,'Norfolk Island','',0.000,'','left',3,'',',','NF','Y-m-d'),(1370,152,'Ile Norfolk','',0.000,'','left',2,'',',','NF','Y-m-d'),(1371,152,'Isola Norfolk','',0.000,'','left',5,'',',','NF','Y-m-d'),(1372,152,'Isla Norfolk','',0.000,'','left',4,'',',','NF','Y-m-d'),(1373,152,'Норфолкские острова','',0.000,'','left',6,'',',','NF','Y-m-d'),(1374,152,'Norfolk-sziget','',0.000,'','left',9,'',',','NF','Y-m-d'),(1375,152,'Wyspa Norfolk','',0.000,'','left',7,'',',','NF','Y-m-d'),(1376,152,'Norfolkinsel','',0.000,'','left',8,'',',','NF','Y-m-d'),(1377,153,'Norwegen','',0.000,'','left',1,'',',','NO','Y-m-d'),(1378,153,'Norway','',0.000,'','left',3,'',',','NO','Y-m-d'),(1379,153,'Norvège','',0.000,'','left',2,'',',','NO','Y-m-d'),(1380,153,'Norvegia','',0.000,'','left',5,'',',','NO','Y-m-d'),(1381,153,'Noruega','',0.000,'','left',4,'',',','NO','Y-m-d'),(1382,153,'Норвегия','',0.000,'','left',6,'',',','NO','Y-m-d'),(1383,153,'Norvégia','',0.000,'','left',9,'',',','NO','Y-m-d'),(1384,153,'Norwegia','',0.000,'','left',7,'',',','NO','Y-m-d'),(1385,153,'Norsko','',0.000,'','left',8,'',',','NO','Y-m-d'),(1386,154,'Oman','',0.000,'','left',1,'',',','OM','Y-m-d'),(1387,154,'Oman','',0.000,'','left',3,'',',','OM','Y-m-d'),(1388,154,'Oman','',0.000,'','left',2,'',',','OM','Y-m-d'),(1389,154,'Oman','',0.000,'','left',5,'',',','OM','Y-m-d'),(1390,154,'Omán','',0.000,'','left',4,'',',','OM','Y-m-d'),(1391,154,'Оман','',0.000,'','left',6,'',',','OM','Y-m-d'),(1392,154,'Omán','',0.000,'','left',9,'',',','OM','Y-m-d'),(1393,154,'Oman','',0.000,'','left',7,'',',','OM','Y-m-d'),(1394,154,'Omán','',0.000,'','left',8,'',',','OM','Y-m-d'),(1395,156,'Österreich','Mehrwertsteuer',0.200,'€','left',1,'.',',','AT','Y-m-d'),(1396,156,'Austria','Mehrwertsteuer',0.200,'€','left',3,'.',',','AT','Y-m-d'),(1397,156,'Autriche','Mehrwertsteuer',0.200,'€','left',2,'.',',','AT','Y-m-d'),(1398,156,'Austria','Mehrwertsteuer',0.200,'€','left',5,'.',',','AT','Y-m-d'),(1399,156,'Austria','Mehrwertsteuer',0.200,'€','left',4,'.',',','AT','Y-m-d'),(1400,156,'Австрия','Mehrwertsteuer',0.200,'€','left',6,'.',',','AT','Y-m-d'),(1401,156,'Ausztria','Mehrwertsteuer',0.200,'€','left',9,'.',',','AT','Y-m-d'),(1402,156,'Austria','Mehrwertsteuer',0.200,'€','left',7,'.',',','AT','Y-m-d'),(1403,156,'Rakousko','Mehrwertsteuer',0.200,'€','left',8,'.',',','AT','Y-m-d'),(1404,155,'Osttimor','',0.000,'','left',1,'',',','','Y-m-d'),(1405,155,'East Timor','',0.000,'','left',3,'',',','','Y-m-d'),(1406,155,'Timor Oriental','',0.000,'','left',2,'',',','','Y-m-d'),(1407,155,'Timor orientale','',0.000,'','left',5,'',',','','Y-m-d'),(1408,155,'Timor Oriental','',0.000,'','left',4,'',',','','Y-m-d'),(1409,155,'Восточный Тимор','',0.000,'','left',6,'',',','','Y-m-d'),(1410,155,'Kelet-Timor','',0.000,'','left',9,'',',','','Y-m-d'),(1411,155,'Timor Wschodni','',0.000,'','left',7,'',',','','Y-m-d'),(1412,155,'Osttimor','',0.000,'','left',8,'',',','','Y-m-d'),(1413,157,'Pakistan','',0.000,'','left',1,'',',','PK','Y-m-d'),(1414,157,'Pakistan','',0.000,'','left',3,'',',','PK','Y-m-d'),(1415,157,'Pakistan','',0.000,'','left',2,'',',','PK','Y-m-d'),(1416,157,'Pakistan','',0.000,'','left',5,'',',','PK','Y-m-d'),(1417,157,'Pakistán','',0.000,'','left',4,'',',','PK','Y-m-d'),(1418,157,'Пакистан','',0.000,'','left',6,'',',','PK','Y-m-d'),(1419,157,'Pakisztán','',0.000,'','left',9,'',',','PK','Y-m-d'),(1420,157,'Pakistan','',0.000,'','left',7,'',',','PK','Y-m-d'),(1421,157,'Pákistán','',0.000,'','left',8,'',',','PK','Y-m-d'),(1422,158,'Palau','',0.000,'','left',1,'',',','PW','Y-m-d'),(1423,158,'Palau','',0.000,'','left',3,'',',','PW','Y-m-d'),(1424,158,'\"Belau ; Palau\"','',0.000,'','left',2,'',',','PW','Y-m-d'),(1425,158,'Palau','',0.000,'','left',5,'',',','PW','Y-m-d'),(1426,158,'Palaos','',0.000,'','left',4,'',',','PW','Y-m-d'),(1427,158,'Палау','',0.000,'','left',6,'',',','PW','Y-m-d'),(1428,158,'Palau','',0.000,'','left',9,'',',','PW','Y-m-d'),(1429,158,'Palau','',0.000,'','left',7,'',',','PW','Y-m-d'),(1430,158,'Palau','',0.000,'','left',8,'',',','PW','Y-m-d'),(1431,1302,'Palestina','',0.000,'','left',1,'',',','PS','Y-m-d'),(1432,1302,'Palestine','',0.000,'','left',3,'',',','PS','Y-m-d'),(1433,1302,'Palestina','',0.000,'','left',2,'',',','PS','Y-m-d'),(1434,1302,'Palestina','',0.000,'','left',5,'',',','PS','Y-m-d'),(1435,1302,'Palestina','',0.000,'','left',4,'',',','PS','Y-m-d'),(1436,1302,'Palestina','',0.000,'','left',6,'',',','PS','Y-m-d'),(1437,1302,'Palestina','',0.000,'','left',9,'',',','PS','Y-m-d'),(1438,1302,'Palestina','',0.000,'','left',7,'',',','PS','Y-m-d'),(1439,1302,'Palestina','',0.000,'','left',8,'',',','PS','Y-m-d'),(1440,159,'Panama','',0.000,'','left',1,'',',','PA','Y-m-d'),(1441,159,'Panama','',0.000,'','left',3,'',',','PA','Y-m-d'),(1442,159,'Panama','',0.000,'','left',2,'',',','PA','Y-m-d'),(1443,159,'Panama','',0.000,'','left',5,'',',','PA','Y-m-d'),(1444,159,'Panamá','',0.000,'','left',4,'',',','PA','Y-m-d'),(1445,159,'Панама','',0.000,'','left',6,'',',','PA','Y-m-d'),(1446,159,'Panama','',0.000,'','left',9,'',',','PA','Y-m-d'),(1447,159,'Panama','',0.000,'','left',7,'',',','PA','Y-m-d'),(1448,159,'Panama','',0.000,'','left',8,'',',','PA','Y-m-d'),(1449,160,'Papua-Neuguinea','',0.000,'','left',1,'',',','PG','Y-m-d'),(1450,160,'Papua New Guinea','',0.000,'','left',3,'',',','PG','Y-m-d'),(1451,160,'Papouasie-Nouvelle-Guinée','',0.000,'','left',2,'',',','PG','Y-m-d'),(1452,160,'Papua Nuova Guinea','',0.000,'','left',5,'',',','PG','Y-m-d'),(1453,160,'Papúa-Nueva Guinea','',0.000,'','left',4,'',',','PG','Y-m-d'),(1454,160,'Папуа Новая Гвинея','',0.000,'','left',6,'',',','PG','Y-m-d'),(1455,160,'Pápua Új-Guinea','',0.000,'','left',9,'',',','PG','Y-m-d'),(1456,160,'Papua Nowa Gwinea','',0.000,'','left',7,'',',','PG','Y-m-d'),(1457,160,'Papua-Nová Guinea','',0.000,'','left',8,'',',','PG','Y-m-d'),(1458,161,'Paraguay','',0.000,'','left',1,'',',','PY','Y-m-d'),(1459,161,'Paraguay','',0.000,'','left',3,'',',','PY','Y-m-d'),(1460,161,'Paraguay','',0.000,'','left',2,'',',','PY','Y-m-d'),(1461,161,'Paraguay','',0.000,'','left',5,'',',','PY','Y-m-d'),(1462,161,'Paraguay','',0.000,'','left',4,'',',','PY','Y-m-d'),(1463,161,'Парагвай','',0.000,'','left',6,'',',','PY','Y-m-d'),(1464,161,'Paraguay','',0.000,'','left',9,'',',','PY','Y-m-d'),(1465,161,'Paragwaj','',0.000,'','left',7,'',',','PY','Y-m-d'),(1466,161,'Paraguay','',0.000,'','left',8,'',',','PY','Y-m-d'),(1467,162,'Peru','',0.000,'','left',1,'',',','PE','Y-m-d'),(1468,162,'Peru','',0.000,'','left',3,'',',','PE','Y-m-d'),(1469,162,'Pérou','',0.000,'','left',2,'',',','PE','Y-m-d'),(1470,162,'Perù','',0.000,'','left',5,'',',','PE','Y-m-d'),(1471,162,'Perú','',0.000,'','left',4,'',',','PE','Y-m-d'),(1472,162,'Перу','',0.000,'','left',6,'',',','PE','Y-m-d'),(1473,162,'Peru','',0.000,'','left',9,'',',','PE','Y-m-d'),(1474,162,'Peru','',0.000,'','left',7,'',',','PE','Y-m-d'),(1475,162,'Peru','',0.000,'','left',8,'',',','PE','Y-m-d'),(1476,163,'Philippinen','',0.000,'','left',1,'',',','PH','Y-m-d'),(1477,163,'Philippines','',0.000,'','left',3,'',',','PH','Y-m-d'),(1478,163,'Philippines','',0.000,'','left',2,'',',','PH','Y-m-d'),(1479,163,'Filippine','',0.000,'','left',5,'',',','PH','Y-m-d'),(1480,163,'Filipinas','',0.000,'','left',4,'',',','PH','Y-m-d'),(1481,163,'Филиппины','',0.000,'','left',6,'',',','PH','Y-m-d'),(1482,163,'Fülöp-szigetek','',0.000,'','left',9,'',',','PH','Y-m-d'),(1483,163,'Filipiny','',0.000,'','left',7,'',',','PH','Y-m-d'),(1484,163,'Filipíny','',0.000,'','left',8,'',',','PH','Y-m-d'),(1485,164,'Pitcairninseln','',0.000,'','left',1,'',',','PN','Y-m-d'),(1486,164,'Pitcairn Islands','',0.000,'','left',3,'',',','PN','Y-m-d'),(1487,164,'Iles Pitcairn','',0.000,'','left',2,'',',','PN','Y-m-d'),(1488,164,'Isole Pitcairn','',0.000,'','left',5,'',',','PN','Y-m-d'),(1489,164,'Islas Pitcairn','',0.000,'','left',4,'',',','PN','Y-m-d'),(1490,164,'Питкерн','',0.000,'','left',6,'',',','PN','Y-m-d'),(1491,164,'Pitcairn','',0.000,'','left',9,'',',','PN','Y-m-d'),(1492,164,'Pitcairn','',0.000,'','left',7,'',',','PN','Y-m-d'),(1493,164,'Pitcairninseln','',0.000,'','left',8,'',',','PN','Y-m-d'),(1494,165,'Polen','',0.000,'','left',1,'',',','PL','Y-m-d'),(1495,165,'Poland','',0.000,'','left',3,'',',','PL','Y-m-d'),(1496,165,'Pologne','',0.000,'','left',2,'',',','PL','Y-m-d'),(1497,165,'Polonia','',0.000,'','left',5,'',',','PL','Y-m-d'),(1498,165,'Polonia','',0.000,'','left',4,'',',','PL','Y-m-d'),(1499,165,'Польша','',0.000,'','left',6,'',',','PL','Y-m-d'),(1500,165,'Lengyelország','',0.000,'','left',9,'',',','PL','Y-m-d'),(1501,165,'Polska','',0.000,'','left',7,'',',','PL','Y-m-d'),(1502,165,'Polsko','',0.000,'','left',8,'',',','PL','Y-m-d'),(1503,166,'Portugal','',0.000,'','left',1,'',',','PT','Y-m-d'),(1504,166,'Portugal','',0.000,'','left',3,'',',','PT','Y-m-d'),(1505,166,'Portugal','',0.000,'','left',2,'',',','PT','Y-m-d'),(1506,166,'Portogallo','',0.000,'','left',5,'',',','PT','Y-m-d'),(1507,166,'Portugal','',0.000,'','left',4,'',',','PT','Y-m-d'),(1508,166,'Португалия','',0.000,'','left',6,'',',','PT','Y-m-d'),(1509,166,'Portugália','',0.000,'','left',9,'',',','PT','Y-m-d'),(1510,166,'Portugalia','',0.000,'','left',7,'',',','PT','Y-m-d'),(1511,166,'Portugalsko','',0.000,'','left',8,'',',','PT','Y-m-d'),(1512,167,'Puerto Rico','',0.000,'','left',1,'',',','PR','Y-m-d'),(1513,167,'Puerto Rico','',0.000,'','left',3,'',',','PR','Y-m-d'),(1514,167,'Porto Rico','',0.000,'','left',2,'',',','PR','Y-m-d'),(1515,167,'Portorico','',0.000,'','left',5,'',',','PR','Y-m-d'),(1516,167,'Puerto Rico','',0.000,'','left',4,'',',','PR','Y-m-d'),(1517,167,'Пуэрто-Рико','',0.000,'','left',6,'',',','PR','Y-m-d'),(1518,167,'Puerto Rico','',0.000,'','left',9,'',',','PR','Y-m-d'),(1519,167,'Portoryko','',0.000,'','left',7,'',',','PR','Y-m-d'),(1520,167,'Puerto Rico','',0.000,'','left',8,'',',','PR','Y-m-d'),(1521,105,'Republik Korea','',0.000,'','left',1,'',',','KR','Y-m-d'),(1522,105,'South Korea','',0.000,'','left',3,'',',','KR','Y-m-d'),(1523,105,'Corée du Sud','',0.000,'','left',2,'',',','KR','Y-m-d'),(1524,105,'Corea del Sud','',0.000,'','left',5,'',',','KR','Y-m-d'),(1525,105,'Corea del Sur','',0.000,'','left',4,'',',','KR','Y-m-d'),(1526,105,'Южная Корея','',0.000,'','left',6,'',',','KR','Y-m-d'),(1527,105,'Koreai Köztársaság','',0.000,'','left',9,'',',','KR','Y-m-d'),(1528,105,'Korea, Republika','',0.000,'','left',7,'',',','KR','Y-m-d'),(1529,105,'Ji?ní Korea','',0.000,'','left',8,'',',','KR','Y-m-d'),(1530,134,'Republik Moldau','',0.000,'','left',1,'',',','MD','Y-m-d'),(1531,134,'Moldova','',0.000,'','left',3,'',',','MD','Y-m-d'),(1532,134,'\"Moldavie ; la Moldova\"','',0.000,'','left',2,'',',','MD','Y-m-d'),(1533,134,'\"Moldavia; Moldovia; Moldova\"','',0.000,'','left',5,'',',','MD','Y-m-d'),(1534,134,'Moldavia','',0.000,'','left',4,'',',','MD','Y-m-d'),(1535,134,'Молдова','',0.000,'','left',6,'',',','MD','Y-m-d'),(1536,134,'Moldva','',0.000,'','left',9,'',',','MD','Y-m-d'),(1537,134,'Mołdawia, Republika','',0.000,'','left',7,'',',','MD','Y-m-d'),(1538,134,'Moldavsko','',0.000,'','left',8,'',',','MD','Y-m-d'),(1539,169,'Réunion','',0.000,'','left',1,'',',','RE','Y-m-d'),(1540,169,'Réunion','',0.000,'','left',3,'',',','RE','Y-m-d'),(1541,169,'Réunion','',0.000,'','left',2,'',',','RE','Y-m-d'),(1542,169,'Riunione','',0.000,'','left',5,'',',','RE','Y-m-d'),(1543,169,'Reunión','',0.000,'','left',4,'',',','RE','Y-m-d'),(1544,169,'Реюньон (Фр.)','',0.000,'','left',6,'',',','RE','Y-m-d'),(1545,169,'Reunion','',0.000,'','left',9,'',',','RE','Y-m-d'),(1546,169,'Wyspa Reunion','',0.000,'','left',7,'',',','RE','Y-m-d'),(1547,169,'Réunion','',0.000,'','left',8,'',',','RE','Y-m-d'),(1548,170,'Ruanda','',0.000,'','left',1,'',',','RW','Y-m-d'),(1549,170,'Rwanda','',0.000,'','left',3,'',',','RW','Y-m-d'),(1550,170,'Rwanda','',0.000,'','left',2,'',',','RW','Y-m-d'),(1551,170,'Ruanda','',0.000,'','left',5,'',',','RW','Y-m-d'),(1552,170,'Ruanda','',0.000,'','left',4,'',',','RW','Y-m-d'),(1553,170,'Руанда','',0.000,'','left',6,'',',','RW','Y-m-d'),(1554,170,'Ruanda','',0.000,'','left',9,'',',','RW','Y-m-d'),(1555,170,'Rwanda','',0.000,'','left',7,'',',','RW','Y-m-d'),(1556,170,'Rwanda','',0.000,'','left',8,'',',','RW','Y-m-d'),(1557,171,'Rumänien','',0.000,'','left',1,'',',','RO','Y-m-d'),(1558,171,'Romania','',0.000,'','left',3,'',',','RO','Y-m-d'),(1559,171,'Roumanie','',0.000,'','left',2,'',',','RO','Y-m-d'),(1560,171,'Romania','',0.000,'','left',5,'',',','RO','Y-m-d'),(1561,171,'\"Rumania; Rumanía\"','',0.000,'','left',4,'',',','RO','Y-m-d'),(1562,171,'Румыния','',0.000,'','left',6,'',',','RO','Y-m-d'),(1563,171,'Románia','',0.000,'','left',9,'',',','RO','Y-m-d'),(1564,171,'Rumunia','',0.000,'','left',7,'',',','RO','Y-m-d'),(1565,171,'Rumunsko','',0.000,'','left',8,'',',','RO','Y-m-d'),(1566,172,'Russische Föderation','',0.000,'','left',1,'',',','RU','Y-m-d'),(1567,172,'Russia','',0.000,'','left',3,'',',','RU','Y-m-d'),(1568,172,'Russie','',0.000,'','left',2,'',',','RU','Y-m-d'),(1569,172,'Russia','',0.000,'','left',5,'',',','RU','Y-m-d'),(1570,172,'Rusia','',0.000,'','left',4,'',',','RU','Y-m-d'),(1571,172,'Россия','',0.000,'','left',6,'',',','RU','Y-m-d'),(1572,172,'Orosz Föderáció','',0.000,'','left',9,'',',','RU','Y-m-d'),(1573,172,'Federacja Rosyjska','',0.000,'','left',7,'',',','RU','Y-m-d'),(1574,172,'Rusko','',0.000,'','left',8,'',',','RU','Y-m-d'),(1575,177,'Salomonen','',0.000,'','left',1,'',',','SB','Y-m-d'),(1576,177,'Solomon Islands','',0.000,'','left',3,'',',','SB','Y-m-d'),(1577,177,'Iles Salomon','',0.000,'','left',2,'',',','SB','Y-m-d'),(1578,177,'Isole Salomone','',0.000,'','left',5,'',',','SB','Y-m-d'),(1579,177,'Islas Salomón','',0.000,'','left',4,'',',','SB','Y-m-d'),(1580,177,'Соломоновы острова','',0.000,'','left',6,'',',','SB','Y-m-d'),(1581,177,'Salamon-szigetek','',0.000,'','left',9,'',',','SB','Y-m-d'),(1582,177,'Wyspy Salomona','',0.000,'','left',7,'',',','SB','Y-m-d'),(1583,177,'?alamounovy ostrovy','',0.000,'','left',8,'',',','SB','Y-m-d'),(1584,178,'Sambia','',0.000,'','left',1,'',',','ZM','Y-m-d'),(1585,178,'Zambia','',0.000,'','left',3,'',',','ZM','Y-m-d'),(1586,178,'Zambie','',0.000,'','left',2,'',',','ZM','Y-m-d'),(1587,178,'Zambia','',0.000,'','left',5,'',',','ZM','Y-m-d'),(1588,178,'Zambia','',0.000,'','left',4,'',',','ZM','Y-m-d'),(1589,178,'Замбия','',0.000,'','left',6,'',',','ZM','Y-m-d'),(1590,178,'Zambia','',0.000,'','left',9,'',',','ZM','Y-m-d'),(1591,178,'Zambia','',0.000,'','left',7,'',',','ZM','Y-m-d'),(1592,178,'Zambie','',0.000,'','left',8,'',',','ZM','Y-m-d'),(1593,179,'Samoa','',0.000,'','left',1,'',',','WS','Y-m-d'),(1594,179,'Samoa','',0.000,'','left',3,'',',','WS','Y-m-d'),(1595,179,'Samoa','',0.000,'','left',2,'',',','WS','Y-m-d'),(1596,179,'Samoa','',0.000,'','left',5,'',',','WS','Y-m-d'),(1597,179,'Samoa','',0.000,'','left',4,'',',','WS','Y-m-d'),(1598,179,'Самоа','',0.000,'','left',6,'',',','WS','Y-m-d'),(1599,179,'Szamoa','',0.000,'','left',9,'',',','WS','Y-m-d'),(1600,179,'Samoa','',0.000,'','left',7,'',',','WS','Y-m-d'),(1601,179,'Samoa','',0.000,'','left',8,'',',','WS','Y-m-d'),(1602,180,'San Marino','',0.000,'','left',1,'',',','SM','Y-m-d'),(1603,180,'San Marino','',0.000,'','left',3,'',',','SM','Y-m-d'),(1604,180,'Saint-Marin','',0.000,'','left',2,'',',','SM','Y-m-d'),(1605,180,'San Marino','',0.000,'','left',5,'',',','SM','Y-m-d'),(1606,180,'San Marino','',0.000,'','left',4,'',',','SM','Y-m-d'),(1607,180,'Сан-Марино','',0.000,'','left',6,'',',','SM','Y-m-d'),(1608,180,'San Marino','',0.000,'','left',9,'',',','SM','Y-m-d'),(1609,180,'San Marino','',0.000,'','left',7,'',',','SM','Y-m-d'),(1610,180,'San Marino','',0.000,'','left',8,'',',','SM','Y-m-d'),(1611,182,'São Tomé und Príncipe','',0.000,'','left',1,'',',','ST','Y-m-d'),(1612,182,'São Tomé and Príncipe','',0.000,'','left',3,'',',','ST','Y-m-d'),(1613,182,'\"Sao Tomé-et-Principe ; São Tomé e Príncipe\"','',0.000,'','left',2,'',',','ST','Y-m-d'),(1614,182,'São Tomé e Príncipe','',0.000,'','left',5,'',',','ST','Y-m-d'),(1615,182,'Santo Tomé y Príncipe','',0.000,'','left',4,'',',','ST','Y-m-d'),(1616,182,'Сан-Томе и Принсипи','',0.000,'','left',6,'',',','ST','Y-m-d'),(1617,182,'Sao Tome és Principe','',0.000,'','left',9,'',',','ST','Y-m-d'),(1618,182,'Wyspy Świętego Tomasza i Książęca','',0.000,'','left',7,'',',','ST','Y-m-d'),(1619,182,'Svatý Tomá? a Princ?v ostrov','',0.000,'','left',8,'',',','ST','Y-m-d'),(1620,183,'Saudi-Arabien','',0.000,'','left',1,'',',','SA','Y-m-d'),(1621,183,'Saudi Arabia','',0.000,'','left',3,'',',','SA','Y-m-d'),(1622,183,'Arabie saoudite','',0.000,'','left',2,'',',','SA','Y-m-d'),(1623,183,'Arabia Saudita','',0.000,'','left',5,'',',','SA','Y-m-d'),(1624,183,'Arabia Saudí','',0.000,'','left',4,'',',','SA','Y-m-d'),(1625,183,'Саудовская Аравия','',0.000,'','left',6,'',',','SA','Y-m-d'),(1626,183,'Sza?d-Arábia','',0.000,'','left',9,'',',','SA','Y-m-d'),(1627,183,'Arabia Saudyjska','',0.000,'','left',7,'',',','SA','Y-m-d'),(1628,183,'Saúdská Arábie','',0.000,'','left',8,'',',','SA','Y-m-d'),(1629,184,'Schweden','',0.000,'','left',1,'',',','SE','Y-m-d'),(1630,184,'Sweden','',0.000,'','left',3,'',',','SE','Y-m-d'),(1631,184,'Suède','',0.000,'','left',2,'',',','SE','Y-m-d'),(1632,184,'Svezia','',0.000,'','left',5,'',',','SE','Y-m-d'),(1633,184,'Suecia','',0.000,'','left',4,'',',','SE','Y-m-d'),(1634,184,'Швеция','',0.000,'','left',6,'',',','SE','Y-m-d'),(1635,184,'Svédország','',0.000,'','left',9,'',',','SE','Y-m-d'),(1636,184,'Szwecja','',0.000,'','left',7,'',',','SE','Y-m-d'),(1637,184,'?védsko','',0.000,'','left',8,'',',','SE','Y-m-d'),(1638,185,'Schweiz','',0.000,'','left',1,'',',','CH','Y-m-d'),(1639,185,'Switzerland','',0.000,'','left',3,'',',','CH','Y-m-d'),(1640,185,'Suisse','',0.000,'','left',2,'',',','CH','Y-m-d'),(1641,185,'Svizzera','',0.000,'','left',5,'',',','CH','Y-m-d'),(1642,185,'Suiza','',0.000,'','left',4,'',',','CH','Y-m-d'),(1643,185,'Швейцария','',0.000,'','left',6,'',',','CH','Y-m-d'),(1644,185,'Svájc','',0.000,'','left',9,'',',','CH','Y-m-d'),(1645,185,'Szwajcaria','',0.000,'','left',7,'',',','CH','Y-m-d'),(1646,185,'?výcarsko','',0.000,'','left',8,'',',','CH','Y-m-d'),(1647,186,'Senegal','',0.000,'','left',1,'',',','SN','Y-m-d'),(1648,186,'Senegal','',0.000,'','left',3,'',',','SN','Y-m-d'),(1649,186,'Sénégal','',0.000,'','left',2,'',',','SN','Y-m-d'),(1650,186,'Senegal','',0.000,'','left',5,'',',','SN','Y-m-d'),(1651,186,'Senegal','',0.000,'','left',4,'',',','SN','Y-m-d'),(1652,186,'Сенегал','',0.000,'','left',6,'',',','SN','Y-m-d'),(1653,186,'Szenegál','',0.000,'','left',9,'',',','SN','Y-m-d'),(1654,186,'Senegal','',0.000,'','left',7,'',',','SN','Y-m-d'),(1655,186,'Senegal','',0.000,'','left',8,'',',','SN','Y-m-d'),(1656,146,'Serbien und Montenegro','BTW',0.190,'€','left',1,'.',',','CS','Y-m-d'),(1657,146,'Serbia and Montenegro','BTW',0.190,'€','left',3,'.',',','CS','Y-m-d'),(1658,146,'La Serbie et Montenegro','BTW',0.190,'€','left',2,'.',',','CS','Y-m-d'),(1659,146,'La Serbia e Montenegro','BTW',0.190,'€','left',5,'.',',','CS','Y-m-d'),(1660,146,'Serbia y Montenegro','BTW',0.190,'€','left',4,'.',',','CS','Y-m-d'),(1661,146,'Нидерланды','BTW',0.190,'€','left',6,'.',',','CS','Y-m-d'),(1662,146,'Serbien und Montenegro','BTW',0.190,'€','left',9,'.',',','CS','Y-m-d'),(1663,146,'Serbien und Montenegro','BTW',0.190,'€','left',7,'.',',','CS','Y-m-d'),(1664,146,'Srbsko a ?erná Hora','BTW',0.190,'€','left',8,'.',',','CS','Y-m-d'),(1665,187,'Seychellen','',0.000,'','left',1,'',',','SC','Y-m-d'),(1666,187,'Seychelles','',0.000,'','left',3,'',',','SC','Y-m-d'),(1667,187,'Seychelles','',0.000,'','left',2,'',',','SC','Y-m-d'),(1668,187,'Seicelle','',0.000,'','left',5,'',',','SC','Y-m-d'),(1669,187,'Seychelles','',0.000,'','left',4,'',',','SC','Y-m-d'),(1670,187,'Сейшеллы','',0.000,'','left',6,'',',','SC','Y-m-d'),(1671,187,'Seychelle-szigetek','',0.000,'','left',9,'',',','SC','Y-m-d'),(1672,187,'Seszele','',0.000,'','left',7,'',',','SC','Y-m-d'),(1673,187,'Seychely','',0.000,'','left',8,'',',','SC','Y-m-d'),(1674,188,'Sierra Leone','',0.000,'','left',1,'',',','SL','Y-m-d'),(1675,188,'Sierra Leone','',0.000,'','left',3,'',',','SL','Y-m-d'),(1676,188,'Sierra Leone','',0.000,'','left',2,'',',','SL','Y-m-d'),(1677,188,'Sierra Leone','',0.000,'','left',5,'',',','SL','Y-m-d'),(1678,188,'Sierra Leona','',0.000,'','left',4,'',',','SL','Y-m-d'),(1679,188,'Сьерра-Леоне','',0.000,'','left',6,'',',','SL','Y-m-d'),(1680,188,'Sierra Leone','',0.000,'','left',9,'',',','SL','Y-m-d'),(1681,188,'Sierra Leone','',0.000,'','left',7,'',',','SL','Y-m-d'),(1682,188,'Sierra Leone','',0.000,'','left',8,'',',','SL','Y-m-d'),(1683,233,'Simbabwe','',0.000,'','left',1,'',',','ZW','Y-m-d'),(1684,233,'Zimbabwe','',0.000,'','left',3,'',',','ZW','Y-m-d'),(1685,233,'Zimbabwe','',0.000,'','left',2,'',',','ZW','Y-m-d'),(1686,233,'Zimbabwe','',0.000,'','left',5,'',',','ZW','Y-m-d'),(1687,233,'Zimbabue','',0.000,'','left',4,'',',','ZW','Y-m-d'),(1688,233,'Зимбабве','',0.000,'','left',6,'',',','ZW','Y-m-d'),(1689,233,'Zimbabwe','',0.000,'','left',9,'',',','ZW','Y-m-d'),(1690,233,'Zimbabwe','',0.000,'','left',7,'',',','ZW','Y-m-d'),(1691,233,'Zimbabwe','',0.000,'','left',8,'',',','ZW','Y-m-d'),(1692,189,'Singapur','',0.000,'','left',1,'',',','SG','Y-m-d'),(1693,189,'Singapore','',0.000,'','left',3,'',',','SG','Y-m-d'),(1694,189,'Singapour','',0.000,'','left',2,'',',','SG','Y-m-d'),(1695,189,'Singapore','',0.000,'','left',5,'',',','SG','Y-m-d'),(1696,189,'Singapur','',0.000,'','left',4,'',',','SG','Y-m-d'),(1697,189,'Сингапур','',0.000,'','left',6,'',',','SG','Y-m-d'),(1698,189,'Szingap?r','',0.000,'','left',9,'',',','SG','Y-m-d'),(1699,189,'Singapur','',0.000,'','left',7,'',',','SG','Y-m-d'),(1700,189,'Singapur','',0.000,'','left',8,'',',','SG','Y-m-d'),(1701,190,'Slowakei','daò z pridanej hodnoty',0.230,'SK','left',1,'.',',','SK','Y-m-d'),(1702,190,'Slovakia','daò z pridanej hodnoty',0.230,'SK','left',3,'.',',','SK','Y-m-d'),(1703,190,'Slovaquie','daò z pridanej hodnoty',0.230,'SK','left',2,'.',',','SK','Y-m-d'),(1704,190,'Slovacchia','daò z pridanej hodnoty',0.230,'SK','left',5,'.',',','SK','Y-m-d'),(1705,190,'Eslovaquia','daò z pridanej hodnoty',0.230,'SK','left',4,'.',',','SK','Y-m-d'),(1706,190,'Словакия','daò z pridanej hodnoty',0.230,'SK','left',6,'.',',','SK','Y-m-d'),(1707,190,'Szlovákia (Szlovák Köztársaság)','daò z pridanej hodnoty',0.230,'SK','left',9,'.',',','SK','Y-m-d'),(1708,190,'Słowacja (Republika Słowacka)','daò z pridanej hodnoty',0.230,'SK','left',7,'.',',','SK','Y-m-d'),(1709,190,'Slovensko','daò z pridanej hodnoty',0.230,'SK','left',8,'.',',','SK','Y-m-d'),(1710,191,'Slowenien','',0.000,'','left',1,'',',','SI','Y-m-d'),(1711,191,'Slovenia','',0.000,'','left',3,'',',','SI','Y-m-d'),(1712,191,'Slovénie','',0.000,'','left',2,'',',','SI','Y-m-d'),(1713,191,'Slovenia','',0.000,'','left',5,'',',','SI','Y-m-d'),(1714,191,'Eslovenia','',0.000,'','left',4,'',',','SI','Y-m-d'),(1715,191,'Словения','',0.000,'','left',6,'',',','SI','Y-m-d'),(1716,191,'Szlovénia','',0.000,'','left',9,'',',','SI','Y-m-d'),(1717,191,'Słowenia','',0.000,'','left',7,'',',','SI','Y-m-d'),(1718,191,'Slovinsko','',0.000,'','left',8,'',',','SI','Y-m-d'),(1719,192,'Somalia','',0.000,'','left',1,'',',','SO','Y-m-d'),(1720,192,'Somalia','',0.000,'','left',3,'',',','SO','Y-m-d'),(1721,192,'Somalie','',0.000,'','left',2,'',',','SO','Y-m-d'),(1722,192,'Somalia','',0.000,'','left',5,'',',','SO','Y-m-d'),(1723,192,'Somalia','',0.000,'','left',4,'',',','SO','Y-m-d'),(1724,192,'Сомали','',0.000,'','left',6,'',',','SO','Y-m-d'),(1725,192,'Szomália','',0.000,'','left',9,'',',','SO','Y-m-d'),(1726,192,'Somalia','',0.000,'','left',7,'',',','SO','Y-m-d'),(1727,192,'Somálsko','',0.000,'','left',8,'',',','SO','Y-m-d'),(1728,193,'Spanien','',0.000,'','left',1,'',',','ES','Y-m-d'),(1729,193,'Spain','',0.000,'','left',3,'',',','ES','Y-m-d'),(1730,193,'Espagne','',0.000,'','left',2,'',',','ES','Y-m-d'),(1731,193,'Spagna','',0.000,'','left',5,'',',','ES','Y-m-d'),(1732,193,'España','',0.000,'','left',4,'',',','ES','Y-m-d'),(1733,193,'Испания','',0.000,'','left',6,'',',','ES','Y-m-d'),(1734,193,'Spanyolország','',0.000,'','left',9,'',',','ES','Y-m-d'),(1735,193,'Hiszpania','',0.000,'','left',7,'',',','ES','Y-m-d'),(1736,193,'?pan?lsko','',0.000,'','left',8,'',',','ES','Y-m-d'),(1737,194,'Sri Lanka','',0.000,'','left',1,'',',','LK','Y-m-d'),(1738,194,'Sri Lanka','',0.000,'','left',3,'',',','LK','Y-m-d'),(1739,194,'Sri Lanka','',0.000,'','left',2,'',',','LK','Y-m-d'),(1740,194,'Sri Lanka','',0.000,'','left',5,'',',','LK','Y-m-d'),(1741,194,'Sri Lanka','',0.000,'','left',4,'',',','LK','Y-m-d'),(1742,194,'Шри Ланка','',0.000,'','left',6,'',',','LK','Y-m-d'),(1743,194,'Srí Lanka','',0.000,'','left',9,'',',','LK','Y-m-d'),(1744,194,'Sri Lanka','',0.000,'','left',7,'',',','LK','Y-m-d'),(1745,194,'Srí Lanka','',0.000,'','left',8,'',',','LK','Y-m-d'),(1746,181,'St. Helena','',0.000,'','left',1,'',',','SH','Y-m-d'),(1747,181,'Saint Helena','',0.000,'','left',3,'',',','SH','Y-m-d'),(1748,181,'Sainte-Hélène','',0.000,'','left',2,'',',','SH','Y-m-d'),(1749,181,'Santa Helena','',0.000,'','left',4,'',',','SH','Y-m-d'),(1750,181,'Остров Св.Елены','',0.000,'','left',6,'',',','SH','Y-m-d'),(1751,181,'Szent Ilona','',0.000,'','left',9,'',',','SH','Y-m-d'),(1752,181,'Święta Helena','',0.000,'','left',7,'',',','SH','Y-m-d'),(1753,181,'St. Helena','',0.000,'','left',8,'',',','SH','Y-m-d'),(1754,173,'St. Kitts und Nevis','',0.000,'','left',1,'',',','KN','Y-m-d'),(1755,173,'Saint Kitts and Nevis','',0.000,'','left',3,'',',','KN','Y-m-d'),(1756,173,'\"Saint-Christophe-et-Niévès ; Saint-Christophe-et-Nevis\"','',0.000,'','left',2,'',',','KN','Y-m-d'),(1757,173,'Saint Christopher e Nevis','',0.000,'','left',5,'',',','KN','Y-m-d'),(1758,173,'San Cristóbal y Nieves','',0.000,'','left',4,'',',','KN','Y-m-d'),(1759,173,'Сент-Киттс Нэвис Ангуилла (St. Kitts Nevis Anguilla)','',0.000,'','left',6,'',',','KN','Y-m-d'),(1760,173,'Saint Kitts és Nevis','',0.000,'','left',9,'',',','KN','Y-m-d'),(1761,173,'Saint Kitts i Nevis','',0.000,'','left',7,'',',','KN','Y-m-d'),(1762,173,'Svatý Kry?tof a Nevis','',0.000,'','left',8,'',',','KN','Y-m-d'),(1763,174,'St. Lucia','',0.000,'','left',1,'',',','LC','Y-m-d'),(1764,174,'Saint Lucia','',0.000,'','left',3,'',',','LC','Y-m-d'),(1765,174,'Sainte-Lucie','',0.000,'','left',2,'',',','LC','Y-m-d'),(1766,174,'Saint Lucia','',0.000,'','left',5,'',',','LC','Y-m-d'),(1767,174,'Santa Lucía','',0.000,'','left',4,'',',','LC','Y-m-d'),(1768,174,'Санта Лючия','',0.000,'','left',6,'',',','LC','Y-m-d'),(1769,174,'Szent Lucia','',0.000,'','left',9,'',',','LC','Y-m-d'),(1770,174,'Saint Lucia','',0.000,'','left',7,'',',','LC','Y-m-d'),(1771,174,'Svatá Lucie','',0.000,'','left',8,'',',','LC','Y-m-d'),(1772,176,'St. Pierre und Miquelon','',0.000,'','left',1,'',',','PM','Y-m-d'),(1773,176,'Saint Pierre and Miquelon','',0.000,'','left',3,'',',','PM','Y-m-d'),(1774,176,'Saint-Pierre-et-Miquelon','',0.000,'','left',2,'',',','PM','Y-m-d'),(1775,176,'Saint-Pierre e Miquelon','',0.000,'','left',5,'',',','PM','Y-m-d'),(1776,176,'San Pedro y Miquelón','',0.000,'','left',4,'',',','PM','Y-m-d'),(1777,176,'Сен-Пьер и Микелон','',0.000,'','left',6,'',',','PM','Y-m-d'),(1778,176,'St. Pierre és Miquelon','',0.000,'','left',9,'',',','PM','Y-m-d'),(1779,176,'St. Pierre i Miquelon','',0.000,'','left',7,'',',','PM','Y-m-d'),(1780,176,'Svatý Vincenc a Grenadiny','',0.000,'','left',8,'',',','PM','Y-m-d'),(1781,175,'St. Vincent und die Grenadinen','',0.000,'','left',1,'',',','VC','Y-m-d'),(1782,175,'Saint Vincent and the Grenadines','',0.000,'','left',3,'',',','VC','Y-m-d'),(1783,175,'Saint-Vincent-et-les-Grenadines','',0.000,'','left',2,'',',','VC','Y-m-d'),(1784,175,'Saint Vincent e Grenadine','',0.000,'','left',5,'',',','VC','Y-m-d'),(1785,175,'San Vicente y las Granadinas','',0.000,'','left',4,'',',','VC','Y-m-d'),(1786,175,'Сент-Висент и Гренадины','',0.000,'','left',6,'',',','VC','Y-m-d'),(1787,175,'Saint Vincent és Grenadines','',0.000,'','left',9,'',',','VC','Y-m-d'),(1788,175,'Saint Vincent i Grenadyny','',0.000,'','left',7,'',',','VC','Y-m-d'),(1789,175,'St. Vincent und die Grenadinen','',0.000,'','left',8,'',',','VC','Y-m-d'),(1790,168,'Südafrika','',0.000,'','left',1,'',',','ZA','Y-m-d'),(1791,168,'South Africa','',0.000,'','left',3,'',',','ZA','Y-m-d'),(1792,168,'Afrique du Sud','',0.000,'','left',2,'',',','ZA','Y-m-d'),(1793,168,'Sudafrica','',0.000,'','left',5,'',',','ZA','Y-m-d'),(1794,168,'Sudáfrica','',0.000,'','left',4,'',',','ZA','Y-m-d'),(1795,168,'Южная Африка','',0.000,'','left',6,'',',','ZA','Y-m-d'),(1796,168,'Dél-Afrika','',0.000,'','left',9,'',',','ZA','Y-m-d'),(1797,168,'Republika Południowej Afryki','',0.000,'','left',7,'',',','ZA','Y-m-d'),(1798,168,'Ji?ní Afrika','',0.000,'','left',8,'',',','ZA','Y-m-d'),(1799,195,'Sudan','',0.000,'','left',1,'',',','SD','Y-m-d'),(1800,195,'Sudan','',0.000,'','left',3,'',',','SD','Y-m-d'),(1801,195,'Soudan','',0.000,'','left',2,'',',','SD','Y-m-d'),(1802,195,'Sudan','',0.000,'','left',5,'',',','SD','Y-m-d'),(1803,195,'Sudán','',0.000,'','left',4,'',',','SD','Y-m-d'),(1804,195,'Судан','',0.000,'','left',6,'',',','SD','Y-m-d'),(1805,195,'Szudán','',0.000,'','left',9,'',',','SD','Y-m-d'),(1806,195,'Sudan','',0.000,'','left',7,'',',','SD','Y-m-d'),(1807,195,'Súdán','',0.000,'','left',8,'',',','SD','Y-m-d'),(1808,196,'Südgeorgien und Südliche Sandwichinseln','',0.000,'','left',1,'',',','GS','Y-m-d'),(1809,196,'South Georgia and the South Sandwich Islands','',0.000,'','left',3,'',',','GS','Y-m-d'),(1810,196,'Iles Géorgie du Sud et Sandwich du Sud','',0.000,'','left',2,'',',','GS','Y-m-d'),(1811,196,'Isole Georgia del Sud e Sandwich del Sud','',0.000,'','left',5,'',',','GS','Y-m-d'),(1812,196,'Islas Georgia del Sur y Sandwich del Sur','',0.000,'','left',4,'',',','GS','Y-m-d'),(1813,196,'Южная Джорджия и Южные Сэндвичевы острова','',0.000,'','left',6,'',',','GS','Y-m-d'),(1814,196,'Dél-Georgia és a Dél-Sandwich-szigetek','',0.000,'','left',9,'',',','GS','Y-m-d'),(1815,196,'Wyspy South Georgia i The South Sandwich','',0.000,'','left',7,'',',','GS','Y-m-d'),(1816,196,'Südgeorgien und Südliche Sandwichinseln','',0.000,'','left',8,'',',','GS','Y-m-d'),(1817,197,'Suriname','',0.000,'','left',1,'',',','SR','Y-m-d'),(1818,197,'Suriname','',0.000,'','left',3,'',',','SR','Y-m-d'),(1819,197,'Suriname','',0.000,'','left',2,'',',','SR','Y-m-d'),(1820,197,'Suriname','',0.000,'','left',5,'',',','SR','Y-m-d'),(1821,197,'Surinam','',0.000,'','left',4,'',',','SR','Y-m-d'),(1822,197,'Суринам','',0.000,'','left',6,'',',','SR','Y-m-d'),(1823,197,'Suriname','',0.000,'','left',9,'',',','SR','Y-m-d'),(1824,197,'Surinam','',0.000,'','left',7,'',',','SR','Y-m-d'),(1825,197,'Surinam','',0.000,'','left',8,'',',','SR','Y-m-d'),(1826,198,'Svalbard und Jan Mayen','',0.000,'','left',1,'',',','SJ','Y-m-d'),(1827,198,'Svalbard and Jan Mayen','',0.000,'','left',3,'',',','SJ','Y-m-d'),(1828,198,'Iles Svalbard et Jan Mayen','',0.000,'','left',2,'',',','SJ','Y-m-d'),(1829,198,'Svalbard e Jan Mayen','',0.000,'','left',5,'',',','SJ','Y-m-d'),(1830,198,'Svalbard y Jan Mayen','',0.000,'','left',4,'',',','SJ','Y-m-d'),(1831,198,'Сволборд и Ян Майен','',0.000,'','left',6,'',',','SJ','Y-m-d'),(1832,198,'Svalbard- és Jan Mayen-szigetek','',0.000,'','left',9,'',',','SJ','Y-m-d'),(1833,198,'Wyspy Svalbard i Jan Mayen','',0.000,'','left',7,'',',','SJ','Y-m-d'),(1834,198,'Svalbard und Jan Mayen','',0.000,'','left',8,'',',','SJ','Y-m-d'),(1835,199,'Swasiland','',0.000,'','left',1,'',',','SZ','Y-m-d'),(1836,199,'Swaziland','',0.000,'','left',3,'',',','SZ','Y-m-d'),(1837,199,'Swaziland','',0.000,'','left',2,'',',','SZ','Y-m-d'),(1838,199,'Swaziland','',0.000,'','left',5,'',',','SZ','Y-m-d'),(1839,199,'Suazilandia','',0.000,'','left',4,'',',','SZ','Y-m-d'),(1840,199,'Свазиленд','',0.000,'','left',6,'',',','SZ','Y-m-d'),(1841,199,'Szváziföld','',0.000,'','left',9,'',',','SZ','Y-m-d'),(1842,199,'Suazi','',0.000,'','left',7,'',',','SZ','Y-m-d'),(1843,199,'Svazijsko','',0.000,'','left',8,'',',','SZ','Y-m-d'),(1844,200,'Syrien','',0.000,'','left',1,'',',','SY','Y-m-d'),(1845,200,'Syria','',0.000,'','left',3,'',',','SY','Y-m-d'),(1846,200,'Syrie','',0.000,'','left',2,'',',','SY','Y-m-d'),(1847,200,'Siria','',0.000,'','left',5,'',',','SY','Y-m-d'),(1848,200,'Siria','',0.000,'','left',4,'',',','SY','Y-m-d'),(1849,200,'Сирия','',0.000,'','left',6,'',',','SY','Y-m-d'),(1850,200,'Szíriai Arab Köztársaság','',0.000,'','left',9,'',',','SY','Y-m-d'),(1851,200,'Syryjska Republika Arabska','',0.000,'','left',7,'',',','SY','Y-m-d'),(1852,200,'Sýrie','',0.000,'','left',8,'',',','SY','Y-m-d'),(1853,201,'Tadschikistan','',0.000,'','left',1,'',',','TJ','Y-m-d'),(1854,201,'Tajikistan','',0.000,'','left',3,'',',','TJ','Y-m-d'),(1855,201,'Tadjikistan','',0.000,'','left',2,'',',','TJ','Y-m-d'),(1856,201,'Tagikistan','',0.000,'','left',5,'',',','TJ','Y-m-d'),(1857,201,'Tayikistán','',0.000,'','left',4,'',',','TJ','Y-m-d'),(1858,201,'Таджикистан','',0.000,'','left',6,'',',','TJ','Y-m-d'),(1859,201,'Tádzsikisztán','',0.000,'','left',9,'',',','TJ','Y-m-d'),(1860,201,'Tadżykistan','',0.000,'','left',7,'',',','TJ','Y-m-d'),(1861,201,'Tád?ikistán','',0.000,'','left',8,'',',','TJ','Y-m-d'),(1862,202,'Taiwan','',0.000,'','left',1,'',',','TW','Y-m-d'),(1863,202,'Taiwan','',0.000,'','left',3,'',',','TW','Y-m-d'),(1864,202,'Taïwan','',0.000,'','left',2,'',',','TW','Y-m-d'),(1865,202,'Taiwan','',0.000,'','left',5,'',',','TW','Y-m-d'),(1866,202,'Taiwán','',0.000,'','left',4,'',',','TW','Y-m-d'),(1867,202,'Тайвань','',0.000,'','left',6,'',',','TW','Y-m-d'),(1868,202,'Tajvan','',0.000,'','left',9,'',',','TW','Y-m-d'),(1869,202,'Tajwan','',0.000,'','left',7,'',',','TW','Y-m-d'),(1870,202,'Taiwan','',0.000,'','left',8,'',',','TW','Y-m-d'),(1871,203,'Tansania','',0.000,'','left',1,'',',','TZ','Y-m-d'),(1872,203,'Tanzania','',0.000,'','left',3,'',',','TZ','Y-m-d'),(1873,203,'Tanzanie','',0.000,'','left',2,'',',','TZ','Y-m-d'),(1874,203,'Tanzania','',0.000,'','left',5,'',',','TZ','Y-m-d'),(1875,203,'Tanzania','',0.000,'','left',4,'',',','TZ','Y-m-d'),(1876,203,'Танзания','',0.000,'','left',6,'',',','TZ','Y-m-d'),(1877,203,'Tanzániai Egyesült Köztársaság','',0.000,'','left',9,'',',','TZ','Y-m-d'),(1878,203,'Tanzania, Zjednoczona Republika','',0.000,'','left',7,'',',','TZ','Y-m-d'),(1879,203,'Tanzánie','',0.000,'','left',8,'',',','TZ','Y-m-d'),(1880,204,'Thailand','',0.000,'','left',1,'',',','TH','Y-m-d'),(1881,204,'Thailand','',0.000,'','left',3,'',',','TH','Y-m-d'),(1882,204,'Thaïlande','',0.000,'','left',2,'',',','TH','Y-m-d'),(1883,204,'Thailandia','',0.000,'','left',5,'',',','TH','Y-m-d'),(1884,204,'Tailandia','',0.000,'','left',4,'',',','TH','Y-m-d'),(1885,204,'Таиланд','',0.000,'','left',6,'',',','TH','Y-m-d'),(1886,204,'Thaiföld','',0.000,'','left',9,'',',','TH','Y-m-d'),(1887,204,'Tajlandia','',0.000,'','left',7,'',',','TH','Y-m-d'),(1888,204,'Thajsko','',0.000,'','left',8,'',',','TH','Y-m-d'),(1889,1303,'Timor-Leste','',0.000,'','left',1,'',',','TL','Y-m-d'),(1890,1303,'Timor-Leste','',0.000,'','left',3,'',',','TL','Y-m-d'),(1891,1303,'Timor-Leste','',0.000,'','left',2,'',',','TL','Y-m-d'),(1892,1303,'Timor-Leste','',0.000,'','left',5,'',',','TL','Y-m-d'),(1893,1303,'Timor-Leste','',0.000,'','left',4,'',',','TL','Y-m-d'),(1894,1303,'Timor-Leste','',0.000,'','left',6,'',',','TL','Y-m-d'),(1895,1303,'Timor-Leste','',0.000,'','left',9,'',',','TL','Y-m-d'),(1896,1303,'Timor-Leste','',0.000,'','left',7,'',',','TL','Y-m-d'),(1897,1303,'Východní Timor','',0.000,'','left',8,'',',','TL','Y-m-d'),(1898,205,'Togo','',0.000,'','left',1,'',',','TG','Y-m-d'),(1899,205,'Togo','',0.000,'','left',3,'',',','TG','Y-m-d'),(1900,205,'Togo','',0.000,'','left',2,'',',','TG','Y-m-d'),(1901,205,'Togo','',0.000,'','left',5,'',',','TG','Y-m-d'),(1902,205,'Togo','',0.000,'','left',4,'',',','TG','Y-m-d'),(1903,205,'Того','',0.000,'','left',6,'',',','TG','Y-m-d'),(1904,205,'Togo','',0.000,'','left',9,'',',','TG','Y-m-d'),(1905,205,'Togo','',0.000,'','left',7,'',',','TG','Y-m-d'),(1906,205,'Togo','',0.000,'','left',8,'',',','TG','Y-m-d'),(1907,206,'Tokelau','',0.000,'','left',1,'',',','TK','Y-m-d'),(1908,206,'Tokelau','',0.000,'','left',3,'',',','TK','Y-m-d'),(1909,206,'Tokélaou','',0.000,'','left',2,'',',','TK','Y-m-d'),(1910,206,'Tokelau','',0.000,'','left',5,'',',','TK','Y-m-d'),(1911,206,'Tokelau','',0.000,'','left',4,'',',','TK','Y-m-d'),(1912,206,'Токелау','',0.000,'','left',6,'',',','TK','Y-m-d'),(1913,206,'Tokelau','',0.000,'','left',9,'',',','TK','Y-m-d'),(1914,206,'Tokelau','',0.000,'','left',7,'',',','TK','Y-m-d'),(1915,206,'Tokelau','',0.000,'','left',8,'',',','TK','Y-m-d'),(1916,207,'Tonga','',0.000,'','left',1,'',',','TO','Y-m-d'),(1917,207,'Tonga','',0.000,'','left',3,'',',','TO','Y-m-d'),(1918,207,'Tonga','',0.000,'','left',2,'',',','TO','Y-m-d'),(1919,207,'Tonga','',0.000,'','left',5,'',',','TO','Y-m-d'),(1920,207,'Tonga','',0.000,'','left',4,'',',','TO','Y-m-d'),(1921,207,'Тонга','',0.000,'','left',6,'',',','TO','Y-m-d'),(1922,207,'Tonga','',0.000,'','left',9,'',',','TO','Y-m-d'),(1923,207,'Tonga','',0.000,'','left',7,'',',','TO','Y-m-d'),(1924,207,'Tonga','',0.000,'','left',8,'',',','TO','Y-m-d'),(1925,208,'Trinidad und Tobago','',0.000,'','left',1,'',',','TT','Y-m-d'),(1926,208,'Trinidad and Tobago','',0.000,'','left',3,'',',','TT','Y-m-d'),(1927,208,'\"Trinité-et-Tobago ; Trinidad-et-Tobago\"','',0.000,'','left',2,'',',','TT','Y-m-d'),(1928,208,'Trinidad e Tobago','',0.000,'','left',5,'',',','TT','Y-m-d'),(1929,208,'Trinidad y Tobago','',0.000,'','left',4,'',',','TT','Y-m-d'),(1930,208,'Тринидад и Тобаго','',0.000,'','left',6,'',',','TT','Y-m-d'),(1931,208,'Trinidad és Tobago','',0.000,'','left',9,'',',','TT','Y-m-d'),(1932,208,'Trynidad i Tobago','',0.000,'','left',7,'',',','TT','Y-m-d'),(1933,208,'Trinidad a Tobago','',0.000,'','left',8,'',',','TT','Y-m-d'),(1934,209,'Tschad','',0.000,'','left',1,'',',','TD','Y-m-d'),(1935,209,'Chad','',0.000,'','left',3,'',',','TD','Y-m-d'),(1936,209,'Tchad','',0.000,'','left',2,'',',','TD','Y-m-d'),(1937,209,'Ciad','',0.000,'','left',5,'',',','TD','Y-m-d'),(1938,209,'Chad','',0.000,'','left',4,'',',','TD','Y-m-d'),(1939,209,'Чад','',0.000,'','left',6,'',',','TD','Y-m-d'),(1940,209,'Csád','',0.000,'','left',9,'',',','TD','Y-m-d'),(1941,209,'Czad','',0.000,'','left',7,'',',','TD','Y-m-d'),(1942,209,'?ad','',0.000,'','left',8,'',',','TD','Y-m-d'),(1943,210,'Tschechische Republik','Daòi z pøidané hotnoty',0.200,'CZK','left',1,'.',',','CZ','Y-m-d'),(1944,210,'Czech Republic','Daòi z pøidané hotnoty',0.200,'CZK','left',3,'.',',','CZ','Y-m-d'),(1945,210,'République tchèque','Daòi z pøidané hotnoty',0.200,'CZK','left',2,'.',',','CZ','Y-m-d'),(1946,210,'Repubblica ceca','Daòi z pøidané hotnoty',0.200,'CZK','left',5,'.',',','CZ','Y-m-d'),(1947,210,'\"República Checa; Chequia\"','Daòi z pøidané hotnoty',0.200,'CZK','left',4,'.',',','CZ','Y-m-d'),(1948,210,'Чешская Республика','Daòi z pøidané hotnoty',0.200,'CZK','left',6,'.',',','CZ','Y-m-d'),(1949,210,'Cseh Köztársaság','Daòi z pøidané hotnoty',0.200,'CZK','left',9,'.',',','CZ','Y-m-d'),(1950,210,'Czechy','Daòi z pøidané hotnoty',0.200,'CZK','left',7,'.',',','CZ','Y-m-d'),(1951,210,'?eská republika','Daòi z pøidané hotnoty',0.200,'CZK','left',8,'.',',','CZ','Y-m-d'),(1952,211,'Tunesien','',0.000,'','left',1,'',',','TN','Y-m-d'),(1953,211,'Tunisia','',0.000,'','left',3,'',',','TN','Y-m-d'),(1954,211,'Tunisie','',0.000,'','left',2,'',',','TN','Y-m-d'),(1955,211,'Tunisia','',0.000,'','left',5,'',',','TN','Y-m-d'),(1956,211,'Túnez','',0.000,'','left',4,'',',','TN','Y-m-d'),(1957,211,'Тунис','',0.000,'','left',6,'',',','TN','Y-m-d'),(1958,211,'Tunézia','',0.000,'','left',9,'',',','TN','Y-m-d'),(1959,211,'Tunezja','',0.000,'','left',7,'',',','TN','Y-m-d'),(1960,211,'Tunisko','',0.000,'','left',8,'',',','TN','Y-m-d'),(1961,212,'Türkei','',0.000,'','left',1,'',',','TR','Y-m-d'),(1962,212,'Turkey','',0.000,'','left',3,'',',','TR','Y-m-d'),(1963,212,'Turquie','',0.000,'','left',2,'',',','TR','Y-m-d'),(1964,212,'Turchia','',0.000,'','left',5,'',',','TR','Y-m-d'),(1965,212,'Turquía','',0.000,'','left',4,'',',','TR','Y-m-d'),(1966,212,'Турция','',0.000,'','left',6,'',',','TR','Y-m-d'),(1967,212,'Törökország','',0.000,'','left',9,'',',','TR','Y-m-d'),(1968,212,'Turcja','',0.000,'','left',7,'',',','TR','Y-m-d'),(1969,212,'Turecko','',0.000,'','left',8,'',',','TR','Y-m-d'),(1970,213,'Turkmenistan','',0.000,'','left',1,'',',','TM','Y-m-d'),(1971,213,'Turkmenistan','',0.000,'','left',3,'',',','TM','Y-m-d'),(1972,213,'Turkménistan','',0.000,'','left',2,'',',','TM','Y-m-d'),(1973,213,'Turkmenistan','',0.000,'','left',5,'',',','TM','Y-m-d'),(1974,213,'Turkmenistán','',0.000,'','left',4,'',',','TM','Y-m-d'),(1975,213,'Туркменистан','',0.000,'','left',6,'',',','TM','Y-m-d'),(1976,213,'Türkmenisztán','',0.000,'','left',9,'',',','TM','Y-m-d'),(1977,213,'Turkmenistan','',0.000,'','left',7,'',',','TM','Y-m-d'),(1978,213,'Turkmenistán','',0.000,'','left',8,'',',','TM','Y-m-d'),(1979,214,'Turks- und Caicosinseln','',0.000,'','left',1,'',',','TC','Y-m-d'),(1980,214,'Turks and Caicos Islands','',0.000,'','left',3,'',',','TC','Y-m-d'),(1981,214,'Iles Turks-et-Caicos','',0.000,'','left',2,'',',','TC','Y-m-d'),(1982,214,'Isole Turks e Caicos','',0.000,'','left',5,'',',','TC','Y-m-d'),(1983,214,'Islas Turcas y Caicos','',0.000,'','left',4,'',',','TC','Y-m-d'),(1984,214,'Теркс и Кайкос','',0.000,'','left',6,'',',','TC','Y-m-d'),(1985,214,'Turks- és Caicos-szigetek','',0.000,'','left',9,'',',','TC','Y-m-d'),(1986,214,'Wyspy Turks i Caicos','',0.000,'','left',7,'',',','TC','Y-m-d'),(1987,214,'Turks- und Caicosinseln','',0.000,'','left',8,'',',','TC','Y-m-d'),(1988,215,'Tuvalu','',0.000,'','left',1,'',',','TV','Y-m-d'),(1989,215,'Tuvalu','',0.000,'','left',3,'',',','TV','Y-m-d'),(1990,215,'Tuvalu','',0.000,'','left',2,'',',','TV','Y-m-d'),(1991,215,'Tuvalu','',0.000,'','left',5,'',',','TV','Y-m-d'),(1992,215,'Tuvalu','',0.000,'','left',4,'',',','TV','Y-m-d'),(1993,215,'Тувалу','',0.000,'','left',6,'',',','TV','Y-m-d'),(1994,215,'Tuvalu','',0.000,'','left',9,'',',','TV','Y-m-d'),(1995,215,'Tuvalu','',0.000,'','left',7,'',',','TV','Y-m-d'),(1996,215,'Tuvalu','',0.000,'','left',8,'',',','TV','Y-m-d'),(1997,216,'Uganda','',0.000,'','left',1,'',',','UG','Y-m-d'),(1998,216,'Uganda','',0.000,'','left',3,'',',','UG','Y-m-d'),(1999,216,'Ouganda','',0.000,'','left',2,'',',','UG','Y-m-d'),(2000,216,'Uganda','',0.000,'','left',5,'',',','UG','Y-m-d'),(2001,216,'Uganda','',0.000,'','left',4,'',',','UG','Y-m-d'),(2002,216,'Уганда','',0.000,'','left',6,'',',','UG','Y-m-d'),(2003,216,'Uganda','',0.000,'','left',9,'',',','UG','Y-m-d'),(2004,216,'Uganda','',0.000,'','left',7,'',',','UG','Y-m-d'),(2005,216,'Uganda','',0.000,'','left',8,'',',','UG','Y-m-d'),(2006,217,'Ukraine','',0.000,'','left',1,'',',','UA','Y-m-d'),(2007,217,'Ukraine','',0.000,'','left',3,'',',','UA','Y-m-d'),(2008,217,'Ukraine','',0.000,'','left',2,'',',','UA','Y-m-d'),(2009,217,'Ucraina','',0.000,'','left',5,'',',','UA','Y-m-d'),(2010,217,'Ucrania','',0.000,'','left',4,'',',','UA','Y-m-d'),(2011,217,'Украина','',0.000,'','left',6,'',',','UA','Y-m-d'),(2012,217,'Ukrajna','',0.000,'','left',9,'',',','UA','Y-m-d'),(2013,217,'Ukraina','',0.000,'','left',7,'',',','UA','Y-m-d'),(2014,217,'Ukrajina','',0.000,'','left',8,'',',','UA','Y-m-d'),(2015,218,'Ungarn','VAT',0.120,'€','left',1,'',',','HU','Y-m-d'),(2016,218,'Hungary','VAT',0.120,'€','left',3,'',',','HU','Y-m-d'),(2017,218,'Hongrie','VAT',0.120,'€','left',2,'',',','HU','Y-m-d'),(2018,218,'Ungheria','VAT',0.120,'€','left',5,'',',','HU','Y-m-d'),(2019,218,'Hungría','VAT',0.120,'€','left',4,'',',','HU','Y-m-d'),(2020,218,'Венгрия','VAT',0.120,'€','left',6,'',',','HU','Y-m-d'),(2021,218,'Magyarország','VAT',0.120,'€','left',9,'',',','HU','Y-m-d'),(2022,218,'Węgry','VAT',0.120,'€','left',7,'',',','HU','Y-m-d'),(2023,218,'Ma?arsko','VAT',0.120,'€','left',8,'',',','HU','Y-m-d'),(2024,219,'Uruguay','',0.000,'','left',1,'',',','UY','Y-m-d'),(2025,219,'Uruguay','',0.000,'','left',3,'',',','UY','Y-m-d'),(2026,219,'Uruguay','',0.000,'','left',2,'',',','UY','Y-m-d'),(2027,219,'Uruguay','',0.000,'','left',5,'',',','UY','Y-m-d'),(2028,219,'Uruguay','',0.000,'','left',4,'',',','UY','Y-m-d'),(2029,219,'Уругвай','',0.000,'','left',6,'',',','UY','Y-m-d'),(2030,219,'Uruguay','',0.000,'','left',9,'',',','UY','Y-m-d'),(2031,219,'Urugwaj','',0.000,'','left',7,'',',','UY','Y-m-d'),(2032,219,'Uruguay','',0.000,'','left',8,'',',','UY','Y-m-d'),(2033,220,'Usbekistan','',0.000,'','left',1,'',',','UZ','Y-m-d'),(2034,220,'Uzbekistan','',0.000,'','left',3,'',',','UZ','Y-m-d'),(2035,220,'Ouzbékistan','',0.000,'','left',2,'',',','UZ','Y-m-d'),(2036,220,'Uzbekistan','',0.000,'','left',5,'',',','UZ','Y-m-d'),(2037,220,'Uzbekistán','',0.000,'','left',4,'',',','UZ','Y-m-d'),(2038,220,'Узбекистан','',0.000,'','left',6,'',',','UZ','Y-m-d'),(2039,220,'Üzbegisztán','',0.000,'','left',9,'',',','UZ','Y-m-d'),(2040,220,'Uzbekistan','',0.000,'','left',7,'',',','UZ','Y-m-d'),(2041,220,'Uzbekistán','',0.000,'','left',8,'',',','UZ','Y-m-d'),(2042,221,'Vanuatu','',0.000,'','left',1,'',',','VU','Y-m-d'),(2043,221,'Vanuatu','',0.000,'','left',3,'',',','VU','Y-m-d'),(2044,221,'Vanuatu','',0.000,'','left',2,'',',','VU','Y-m-d'),(2045,221,'Vanuatu','',0.000,'','left',5,'',',','VU','Y-m-d'),(2046,221,'Vanuatu','',0.000,'','left',4,'',',','VU','Y-m-d'),(2047,221,'Вануату','',0.000,'','left',6,'',',','VU','Y-m-d'),(2048,221,'Vanuatu','',0.000,'','left',9,'',',','VU','Y-m-d'),(2049,221,'Vanuatu','',0.000,'','left',7,'',',','VU','Y-m-d'),(2050,221,'Vanuatu','',0.000,'','left',8,'',',','VU','Y-m-d'),(2051,222,'Vatikanstadt','',0.000,'','left',1,'',',','VA','Y-m-d'),(2052,222,'Vatican City','',0.000,'','left',3,'',',','VA','Y-m-d'),(2053,222,'Saint-Siège','',0.000,'','left',2,'',',','VA','Y-m-d'),(2054,222,'Vaticano','',0.000,'','left',5,'',',','VA','Y-m-d'),(2055,222,'El Vaticano','',0.000,'','left',4,'',',','VA','Y-m-d'),(2056,222,'Ватикан','',0.000,'','left',6,'',',','VA','Y-m-d'),(2057,222,'Vatikán','',0.000,'','left',9,'',',','VA','Y-m-d'),(2058,222,'Stolica Apostolska (Państwo Watykańskie)','',0.000,'','left',7,'',',','VA','Y-m-d'),(2059,222,'Vatikán','',0.000,'','left',8,'',',','VA','Y-m-d'),(2060,223,'Venezuela','',0.000,'','left',1,'',',','VE','Y-m-d'),(2061,223,'Venezuela','',0.000,'','left',3,'',',','VE','Y-m-d'),(2062,223,'Venezuela','',0.000,'','left',2,'',',','VE','Y-m-d'),(2063,223,'Venezuela','',0.000,'','left',5,'',',','VE','Y-m-d'),(2064,223,'Venezuela','',0.000,'','left',4,'',',','VE','Y-m-d'),(2065,223,'Венесуэла','',0.000,'','left',6,'',',','VE','Y-m-d'),(2066,223,'Venezuela','',0.000,'','left',9,'',',','VE','Y-m-d'),(2067,223,'Wenezuela','',0.000,'','left',7,'',',','VE','Y-m-d'),(2068,223,'Venezuela','',0.000,'','left',8,'',',','VE','Y-m-d'),(2069,224,'Vereinigte Arabische Emirate','',0.000,'','left',1,'',',','AE','Y-m-d'),(2070,224,'United Arab Emirates','',0.000,'','left',3,'',',','AE','Y-m-d'),(2071,224,'Émirats arabes unis','',0.000,'','left',2,'',',','AE','Y-m-d'),(2072,224,'Emirati arabi uniti','',0.000,'','left',5,'',',','AE','Y-m-d'),(2073,224,'Emiratos Árabes Unidos','',0.000,'','left',4,'',',','AE','Y-m-d'),(2074,224,'Объединенные Арабские Эмираты','',0.000,'','left',6,'',',','AE','Y-m-d'),(2075,224,'Egyesült Arab Emirátusok','',0.000,'','left',9,'',',','AE','Y-m-d'),(2076,224,'Zjednoczone Emiraty Arabskie','',0.000,'','left',7,'',',','AE','Y-m-d'),(2077,224,'Spojené Arabské Emiráty','',0.000,'','left',8,'',',','AE','Y-m-d'),(2078,225,'Vereinigte Staaten','',0.000,'','left',1,'',',','US','Y-m-d'),(2079,225,'United States of America','',0.000,'','left',3,'',',','US','Y-m-d'),(2080,225,'États-Unis','',0.000,'','left',2,'',',','US','Y-m-d'),(2081,225,'Stati Uniti','',0.000,'','left',5,'',',','US','Y-m-d'),(2082,225,'Estados Unidos','',0.000,'','left',4,'',',','US','Y-m-d'),(2083,225,'США','',0.000,'','left',6,'',',','US','Y-m-d'),(2084,225,'Egyesült Államok','',0.000,'','left',9,'',',','US','Y-m-d'),(2085,225,'Stany Zjednoczone','',0.000,'','left',7,'',',','US','Y-m-d'),(2086,225,'Spojené Státy americké','',0.000,'','left',8,'',',','US','Y-m-d'),(2087,226,'Kleinere amerikanische Überseeinseln','',0.000,'','left',1,'',',','UM','Y-m-d'),(2088,226,'United States Minor Outlying Islands','',0.000,'','left',3,'',',','UM','Y-m-d'),(2089,226,'Iles mineures éloignées des États-Unis','',0.000,'','left',2,'',',','UM','Y-m-d'),(2090,226,'Isole minori lontane dagli Stati Uniti','',0.000,'','left',5,'',',','UM','Y-m-d'),(2091,226,'Islas menores alejadas de los Estados Unidos','',0.000,'','left',4,'',',','UM','Y-m-d'),(2092,226,'Внешние малые острова','',0.000,'','left',6,'',',','UM','Y-m-d'),(2093,226,'Egyesült Államok külsõ szigetei','',0.000,'','left',9,'',',','UM','Y-m-d'),(2094,226,'Stany Zjednoczone - wyspy zewnętrzne','',0.000,'','left',7,'',',','UM','Y-m-d'),(2095,226,'Kleinere amerikanische Überseeinseln','',0.000,'','left',8,'',',','UM','Y-m-d'),(2096,235,'Vereinigtes Königreich','VAT',0.175,'£','left',1,',','.','GB','m/d/Y'),(2097,235,'United Kingdom','VAT',0.175,'£','left',3,',','.','GB','m/d/Y'),(2098,235,'Royaume-Uni','VAT',0.175,'£','left',2,',','.','GB','m/d/Y'),(2099,235,'\"Regno Unito; Gran Bretagna\"','VAT',0.175,'£','left',5,',','.','GB','m/d/Y'),(2100,235,'Reino Unido','VAT',0.175,'£','left',4,',','.','GB','m/d/Y'),(2101,235,'Великобритания','VAT',0.175,'£','left',6,',','.','GB','m/d/Y'),(2102,235,'Egyesült Királyság','VAT',0.175,'£','left',9,',','.','GB','m/d/Y'),(2103,235,'Wielka Brytania','VAT',0.175,'£','left',7,',','.','GB','m/d/Y'),(2104,235,'Velká Británie','VAT',0.175,'£','left',8,',','.','GB','m/d/Y'),(2105,227,'Vietnam','',0.000,'','left',1,'',',','VN','Y-m-d'),(2106,227,'Vietnam','',0.000,'','left',3,'',',','VN','Y-m-d'),(2107,227,'Viêt Nam','',0.000,'','left',2,'',',','VN','Y-m-d'),(2108,227,'Vietnam','',0.000,'','left',5,'',',','VN','Y-m-d'),(2109,227,'Vietnam','',0.000,'','left',4,'',',','VN','Y-m-d'),(2110,227,'Вьетнам','',0.000,'','left',6,'',',','VN','Y-m-d'),(2111,227,'Vietnám','',0.000,'','left',9,'',',','VN','Y-m-d'),(2112,227,'Wietnam','',0.000,'','left',7,'',',','VN','Y-m-d'),(2113,227,'Vietnam','',0.000,'','left',8,'',',','VN','Y-m-d'),(2114,228,'Wallis und Futuna','',0.000,'','left',1,'',',','WF','Y-m-d'),(2115,228,'Wallis and Futuna','',0.000,'','left',3,'',',','WF','Y-m-d'),(2116,228,'Wallis-et-Futuna','',0.000,'','left',2,'',',','WF','Y-m-d'),(2117,228,'Wallis e Futuna','',0.000,'','left',5,'',',','WF','Y-m-d'),(2118,228,'Wallis y Futuna','',0.000,'','left',4,'',',','WF','Y-m-d'),(2119,228,'Уоллис и Футуна','',0.000,'','left',6,'',',','WF','Y-m-d'),(2120,228,'Wallis és Futuna','',0.000,'','left',9,'',',','WF','Y-m-d'),(2121,228,'Wyspy Wallis i Futuna','',0.000,'','left',7,'',',','WF','Y-m-d'),(2122,228,'Wallis und Futuna','',0.000,'','left',8,'',',','WF','Y-m-d'),(2123,229,'Weihnachtsinsel','',0.000,'','left',1,'',',','CX','Y-m-d'),(2124,229,'Christmas Island','',0.000,'','left',3,'',',','CX','Y-m-d'),(2125,229,'Ile Christmas','',0.000,'','left',2,'',',','CX','Y-m-d'),(2126,229,'Isola Christmas','',0.000,'','left',5,'',',','CX','Y-m-d'),(2127,229,'Isla Christmas','',0.000,'','left',4,'',',','CX','Y-m-d'),(2128,229,'Рождественские острова','',0.000,'','left',6,'',',','CX','Y-m-d'),(2129,229,'Karácsony-sziget','',0.000,'','left',9,'',',','CX','Y-m-d'),(2130,229,'Wyspa Bożego Narodzenia','',0.000,'','left',7,'',',','CX','Y-m-d'),(2131,229,'Weihnachtsinsel','',0.000,'','left',8,'',',','CX','Y-m-d'),(2132,230,'Weißrussland','',0.000,'','left',1,'',',','BY','Y-m-d'),(2133,230,'Belarus','',0.000,'','left',3,'',',','BY','Y-m-d'),(2134,230,'Bélarus','',0.000,'','left',2,'',',','BY','Y-m-d'),(2135,230,'Bielorussia','',0.000,'','left',5,'',',','BY','Y-m-d'),(2136,230,'Belarús','',0.000,'','left',4,'',',','BY','Y-m-d'),(2137,230,'Беларусь','',0.000,'','left',6,'',',','BY','Y-m-d'),(2138,230,'Belorusszia','',0.000,'','left',9,'',',','BY','Y-m-d'),(2139,230,'Białoruś','',0.000,'','left',7,'',',','BY','Y-m-d'),(2140,230,'B?lorusko','',0.000,'','left',8,'',',','BY','Y-m-d'),(2141,231,'Westsahara','',0.000,'','left',1,'',',','EH','Y-m-d'),(2142,231,'Western Sahara','',0.000,'','left',3,'',',','EH','Y-m-d'),(2143,231,'Sahara occidental','',0.000,'','left',2,'',',','EH','Y-m-d'),(2144,231,'Sahara occidentale','',0.000,'','left',5,'',',','EH','Y-m-d'),(2145,231,'Sáhara Occidental','',0.000,'','left',4,'',',','EH','Y-m-d'),(2146,231,'Западная Сахара','',0.000,'','left',6,'',',','EH','Y-m-d'),(2147,231,'Nyugat Szahara','',0.000,'','left',9,'',',','EH','Y-m-d'),(2148,231,'Sahara Zachodnia','',0.000,'','left',7,'',',','EH','Y-m-d'),(2149,231,'Západní Sahara','',0.000,'','left',8,'',',','EH','Y-m-d'),(2150,232,'Zentralafrikanische Republik','',0.000,'','left',1,'',',','CF','Y-m-d'),(2151,232,'Central African Republic','',0.000,'','left',3,'',',','CF','Y-m-d'),(2152,232,'République centrafricaine','',0.000,'','left',2,'',',','CF','Y-m-d'),(2153,232,'Repubblica Centrafricana','',0.000,'','left',5,'',',','CF','Y-m-d'),(2154,232,'República Centroafricana','',0.000,'','left',4,'',',','CF','Y-m-d'),(2155,232,'Центрально-Африканская Республика','',0.000,'','left',6,'',',','CF','Y-m-d'),(2156,232,'Közép-Afrikai Köztársaság','',0.000,'','left',9,'',',','CF','Y-m-d'),(2157,232,'Republika Środkowoafrykańska','',0.000,'','left',7,'',',','CF','Y-m-d'),(2158,232,'St?edoafrická republika','',0.000,'','left',8,'',',','CF','Y-m-d'),(2159,234,'Zypern','',0.000,'','left',1,'',',','CY','Y-m-d'),(2160,234,'Cyprus','',0.000,'','left',3,'',',','CY','Y-m-d'),(2161,234,'Chypre','',0.000,'','left',2,'',',','CY','Y-m-d'),(2162,234,'Cipro','',0.000,'','left',5,'',',','CY','Y-m-d'),(2163,234,'Chipre','',0.000,'','left',4,'',',','CY','Y-m-d'),(2164,234,'Кипр','',0.000,'','left',6,'',',','CY','Y-m-d'),(2165,234,'Ciprus','',0.000,'','left',9,'',',','CY','Y-m-d'),(2166,234,'Cypr','',0.000,'','left',7,'',',','CY','Y-m-d'),(2167,234,'Kypr','',0.000,'','left',8,'',',','CY','Y-m-d');

--
-- Table structure for table `countryunique`
--

CREATE TABLE `countryunique` (
  `id` int(11) unsigned NOT NULL auto_increment,
  `name` varchar(255) default NULL,
  PRIMARY KEY  (`id`)
) ENGINE=MyISAM DEFAULT CHARSET=utf8;

--
-- Dumping data for table `countryunique`
--


INSERT INTO `countryunique` VALUES (1,'Germany'),(3,'Andorra'),(4,'Angola'),(5,'Anguilla'),(6,'Antarctica'),(7,'Antigua and Barbuda'),(8,'Equatorial Guinea'),(9,'Argentina'),(10,'Armenia'),(11,'Aruba'),(12,'Azerbaijan'),(13,'Ethiopia'),(14,'Australia'),(15,'The Bahamas'),(16,'Bahrain'),(17,'Bangladesh'),(18,'Barbados'),(19,'Belgium'),(20,'Belize'),(21,'Benin'),(22,'Bermuda'),(23,'Bhutan'),(24,'Bolivia'),(25,'Bosnia and Herzegovina'),(26,'Botswana'),(27,'Bouvet Island'),(28,'Brazil'),(29,'British Indian Ocean Territory'),(30,'Brunei'),(31,'Bulgaria'),(32,'Burkina Faso'),(33,'Burundi'),(34,'Cayman Islands'),(35,'Chile'),(36,'China'),(37,'Hong Kong'),(38,'Macau'),(39,'Cook Islands'),(40,'Costa Rica'),(42,'Denmark'),(44,'Djibouti'),(45,'Dominica'),(46,'Dominican Republic'),(47,'Ecuador'),(48,'El Salvador'),(49,'Eritrea'),(50,'Estonia'),(51,'Falkland Islands'),(52,'Faeroe Islands'),(53,'Fiji'),(54,'Finland'),(55,'France'),(56,'French Guiana'),(57,'French Polynesia'),(58,'French Southern Territories'),(59,'Gabon'),(60,'The Gambia'),(61,'Georgia'),(62,'Ghana'),(63,'Gibraltar'),(64,'Grenada'),(65,'Greece'),(66,'Greenland'),(67,'Guadeloupe'),(68,'Guam'),(69,'Guatemala'),(70,'Guinea'),(71,'Guinea-Bissau'),(72,'Guyana'),(73,'Haiti'),(74,'Heard Island and McDonald Islands'),(75,'Honduras'),(76,'India'),(77,'Indonesia'),(78,'Iraq'),(79,'Iran'),(80,'Ireland'),(81,'Iceland'),(82,'Israel'),(83,'Italy'),(84,'Jamaica'),(85,'Japan'),(86,'Yemen'),(87,'Jordan'),(88,'Yugoslavia'),(89,'British Virgin Islands'),(90,'US Virgin Islands'),(91,'Cambodia'),(92,'Cameroon'),(93,'Canada'),(94,'Cape Verde'),(95,'Kazakhstan'),(96,'Qatar'),(97,'Kenya'),(98,'Kyrgyzstan'),(99,'Kiribati'),(100,'Cocos (Keeling) Islands'),(101,'Colombia'),(104,'Democratic Republic of the Congo'),(105,'South Korea'),(106,'North Korea'),(107,'Croatia'),(108,'Cuba'),(109,'Kuwait'),(110,'Laos'),(111,'Lesotho'),(112,'Latvia'),(113,'Lebanon'),(114,'Liberia'),(115,'Libya'),(116,'Liechtenstein'),(117,'Lithuania'),(118,'Luxembourg'),(119,'Madagascar'),(120,'Malawi'),(121,'Malaysia'),(122,'Maldives'),(123,'Mali'),(124,'Malta'),(125,'Morocco'),(126,'Marshall Islands'),(127,'Martinique'),(128,'Mauritania'),(129,'Mauritius'),(130,'Mayotte'),(131,'Macedonia'),(132,'Mexico'),(133,'Micronesia'),(134,'Moldova'),(135,'Monaco'),(136,'Mongolia'),(137,'Montserrat'),(138,'Mozambique'),(139,'Myanmar'),(140,'Namibia'),(141,'Nauru'),(142,'Nepal'),(143,'New Caledonia'),(144,'New Zealand'),(145,'Nicaragua'),(146,'Serbia and Montenegro'),(147,'Netherlands Antilles'),(148,'Niger'),(149,'Nigeria'),(150,'Niue'),(151,'Northern Marianas'),(152,'Norfolk Island'),(153,'Norway'),(154,'Oman'),(155,'East Timor'),(156,'Austria'),(157,'Pakistan'),(158,'Palau'),(159,'Panama'),(160,'Papua New Guinea'),(161,'Paraguay'),(162,'Peru'),(163,'Philippines'),(164,'Pitcairn Islands'),(165,'Poland'),(166,'Portugal'),(167,'Puerto Rico'),(168,'South Africa'),(169,'Réunion'),(170,'Rwanda'),(171,'Romania'),(172,'Russia'),(173,'Saint Kitts and Nevis'),(174,'Saint Lucia'),(175,'Saint Vincent and the Grenadines'),(176,'Saint Pierre and Miquelon'),(177,'Solomon Islands'),(178,'Zambia'),(179,'Samoa'),(180,'San Marino'),(181,'Saint Helena'),(182,'São Tomé and Príncipe'),(183,'Saudi Arabia'),(184,'Sweden'),(185,'Switzerland'),(186,'Senegal'),(187,'Seychelles'),(188,'Sierra Leone'),(189,'Singapore'),(190,'Slovakia'),(191,'Slovenia'),(192,'Somalia'),(193,'Spain'),(194,'Sri Lanka'),(195,'Sudan'),(196,'South Georgia and the South Sandwich Islands'),(197,'Suriname'),(198,'Svalbard and Jan Mayen'),(199,'Swaziland'),(200,'Syria'),(201,'Tajikistan'),(202,'Taiwan'),(203,'Tanzania'),(204,'Thailand'),(205,'Togo'),(206,'Tokelau'),(207,'Tonga'),(208,'Trinidad and Tobago'),(209,'Chad'),(210,'Czech Republic'),(211,'Tunisia'),(212,'Turkey'),(213,'Turkmenistan'),(214,'Turks and Caicos Islands'),(215,'Tuvalu'),(216,'Uganda'),(217,'Ukraine'),(218,'Hungary'),(219,'Uruguay'),(220,'Uzbekistan'),(221,'Vanuatu'),(222,'Vatican City'),(223,'Venezuela'),(224,'United Arab Emirates'),(225,'United States of America'),(226,'United States Minor Outlying Islands'),(227,'Vietnam'),(228,'Wallis and Futuna'),(229,'Christmas Island'),(230,'Belarus'),(231,'Western Sahara'),(232,'Central African Republic'),(233,'Zimbabwe'),(234,'Cyprus'),(235,'United Kingdom'),(236,'Afghanistan'),(237,'Albania'),(238,'Algeria'),(239,'American Samoa'),(1301,'Comoros'),(1302,'Palestine'),(1303,'Timor-Leste');

--
-- Table structure for table `customerGroups`
--

CREATE TABLE `customerGroups` (
  `id` int(10) unsigned NOT NULL auto_increment,
  `name` varchar(255) NOT NULL default '',
  PRIMARY KEY  (`id`),
  FULLTEXT KEY `name` (`name`)
) ENGINE=MyISAM DEFAULT CHARSET=utf8;

--
-- Dumping data for table `customerGroups`
--



--
-- Table structure for table `customer_settings`
--

CREATE TABLE `customer_settings` (
  `customer_id` int(11) unsigned NOT NULL default '0',
  `value` text NOT NULL,
  `timestamp` timestamp NULL default CURRENT_TIMESTAMP,
  PRIMARY KEY  (`customer_id`)
) ENGINE=MyISAM DEFAULT CHARSET=utf8 COMMENT='Saves all user settings, specified by session variables star';

--
-- Dumping data for table `customer_settings`
--


INSERT INTO `customer_settings` VALUES (1,'a:1:{s:13:\"cs_bestseller\";i:0;}','2006-11-30 17:00:05');

--
-- Table structure for table `customersToCustomerGroups`
--

CREATE TABLE `customersToCustomerGroups` (
  `customerId` int(10) unsigned NOT NULL default '0',
  `customerGroupId` int(10) unsigned NOT NULL default '0',
  PRIMARY KEY  (`customerId`,`customerGroupId`),
  KEY `customerId` (`customerId`),
  KEY `customerGroupId` (`customerGroupId`)
) ENGINE=MyISAM DEFAULT CHARSET=utf8;

--
-- Dumping data for table `customersToCustomerGroups`
--



--
-- Table structure for table `data_provider`
--



--
-- Dumping data for table `data_provider`
--



--
-- Table structure for table `data_provider_category`
--

CREATE TABLE `data_provider_category` (
  `id` int(11) NOT NULL auto_increment,
  `name` varchar(255) default NULL,
  `identifier` varchar(255) default NULL,
  PRIMARY KEY  (`id`)
) ENGINE=MyISAM DEFAULT CHARSET=utf8;

--
-- Dumping data for table `data_provider_category`
--


INSERT INTO `data_provider_category` VALUES (1,'Connector','CONNECTOR'),(2,'XML-Importer','XMLIMPORTER');

--
-- Table structure for table `discountExclusions`
--

CREATE TABLE `discountExclusions` (
  `discountId` int(10) unsigned NOT NULL default '0',
  `excludesDiscountId` int(10) unsigned NOT NULL default '0',
  PRIMARY KEY  (`discountId`,`excludesDiscountId`),
  KEY `discountId` (`discountId`),
  KEY `excludesDiscountId` (`excludesDiscountId`)
) ENGINE=MyISAM DEFAULT CHARSET=utf8;

--
-- Dumping data for table `discountExclusions`
--



--
-- Table structure for table `discountGroups`
--

CREATE TABLE `discountGroups` (
  `discountGroupId` int(10) unsigned NOT NULL auto_increment,
  `nameTextId` int(10) unsigned NOT NULL default '0',
  PRIMARY KEY  (`discountGroupId`)
) ENGINE=MyISAM DEFAULT CHARSET=utf8;

--
-- Dumping data for table `discountGroups`
--



--
-- Table structure for table `discounts`
--

CREATE TABLE `discounts` (
  `discountId` int(11) NOT NULL auto_increment,
  `value` float(6,5) unsigned default NULL,
  `type` enum('A','R') NOT NULL default 'A',
  `owningShopId` int(10) unsigned NOT NULL default '0',
  `nameTextId` int(10) unsigned NOT NULL default '0',
  `discountGroupId` int(10) unsigned NOT NULL default '0',
  PRIMARY KEY  (`discountId`)
) ENGINE=MyISAM DEFAULT CHARSET=utf8;

--
-- Dumping data for table `discounts`
--



--
-- Table structure for table `discountsToCustomerGroups`
--

CREATE TABLE `discountsToCustomerGroups` (
  `discountId` int(10) unsigned NOT NULL default '0',
  `customerGroupId` int(10) NOT NULL default '0',
  `articleId` int(10) NOT NULL default '0',
  `shopId` int(10) unsigned NOT NULL default '0',
  `countryId` int(10) NOT NULL default '-1',
  PRIMARY KEY  (`discountId`,`articleId`,`customerGroupId`,`shopId`,`countryId`),
  KEY `discountRetrieval1` (`discountId`,`customerGroupId`,`articleId`),
  KEY `discountRetrieval2` (`discountId`,`customerGroupId`,`articleId`,`shopId`),
  KEY `discountRetrieval3` (`discountId`,`customerGroupId`,`articleId`,`countryId`),
  KEY `discountRetrieval4` (`discountId`,`customerGroupId`,`articleId`,`shopId`,`countryId`),
  KEY `discountId` (`discountId`)
) ENGINE=MyISAM DEFAULT CHARSET=utf8;

--
-- Dumping data for table `discountsToCustomerGroups`
--



--
-- Table structure for table `fake_id`
--

CREATE TABLE `fake_id` (
  `int_id` int(11) NOT NULL auto_increment,
  `id` int(11) NOT NULL default '0',
  `fake_id` int(11) NOT NULL default '0',
  `type` char(1) NOT NULL default 'C',
  PRIMARY KEY  (`int_id`),
  KEY `fake_id` (`fake_id`),
  KEY `type` (`type`),
  KEY `id` (`id`)
) ENGINE=MyISAM DEFAULT CHARSET=utf8;

--
-- Dumping data for table `fake_id`
--



--
-- Table structure for table `generalDiscountAssignments`
--

CREATE TABLE `generalDiscountAssignments` (
  `discountId` int(10) unsigned NOT NULL default '0',
  `customerGroupId` int(10) NOT NULL default '0',
  `shopId` int(10) unsigned NOT NULL default '0',
  `countryId` int(10) NOT NULL default '-1',
  PRIMARY KEY  (`discountId`,`customerGroupId`,`shopId`,`countryId`),
  KEY `customerGroupId` (`customerGroupId`,`shopId`,`countryId`)
) ENGINE=MyISAM DEFAULT CHARSET=utf8;

--
-- Dumping data for table `generalDiscountAssignments`
--



--
-- Table structure for table `generalShopSettings`
--

CREATE TABLE `generalShopSettings` (
  `shopId` int(10) unsigned NOT NULL default '0',
  `countryId` int(10) unsigned NOT NULL default '0',
  `showsPrices` enum('0','1') NOT NULL default '0',
  `usesDiscounts` enum('0','1') NOT NULL default '0',
  `VATExemptionAllowed` enum('0','1') NOT NULL default '0',
  `inheritsGeneralDiscounts` enum('0','1') NOT NULL default '0',
  `inheritsGeneralSurcharges` enum('0','1') NOT NULL default '0',
  `pricesNetGross` enum('net','gross') NOT NULL default 'gross',
  `lookUpOnly` enum('0','1') NOT NULL default '0',
  `selfserviceRegistration` enum('0','1') NOT NULL default '0',
  `loginOnly` enum('0','1') NOT NULL default '1',
  `defaultCustomerGroupId` int(11) NOT NULL default '0',
  `warrantyEmail` varchar(255) NOT NULL default '',
  `orderEmail` varchar(255) NOT NULL default '',
  `orderConfirmation` enum('0','1') NOT NULL default '0',
  PRIMARY KEY  (`shopId`,`countryId`)
) ENGINE=MyISAM DEFAULT CHARSET=utf8;

--
-- Dumping data for table `generalShopSettings`
--


INSERT INTO `generalShopSettings` VALUES (1,1,'1','1','1','0','0','net','0','0','1',0,'','','0');

--
-- Table structure for table `generalSurchargeAssignments`
--

CREATE TABLE `generalSurchargeAssignments` (
  `surchargeId` int(10) unsigned NOT NULL default '0',
  `customerGroupId` int(10) NOT NULL default '0',
  `shopId` int(10) unsigned NOT NULL default '0',
  `countryId` int(10) NOT NULL default '-1',
  PRIMARY KEY  (`surchargeId`,`customerGroupId`,`shopId`,`countryId`),
  KEY `customerGroupId` (`customerGroupId`,`shopId`,`countryId`)
) ENGINE=MyISAM DEFAULT CHARSET=utf8;

--
-- Dumping data for table `generalSurchargeAssignments`
--



--
-- Table structure for table `l_article`
--

CREATE TABLE `l_article` (
  `int_id` int(11) NOT NULL auto_increment,
  `parent_article` varchar(25) NOT NULL default '',
  `child_article` varchar(25) NOT NULL default '',
  `quantity` mediumint(9) NOT NULL default '0',
  `posNo` varchar(30) default NULL,
  `year` mediumint(9) NOT NULL default '0',
  `month` tinyint(4) NOT NULL default '0',
  `day` tinyint(4) NOT NULL default '0',
  `serialno` varchar(255) default NULL,
  `page` int(11) NOT NULL default '1',
  `pageNameID` int(11) NOT NULL default '0',
  PRIMARY KEY  (`int_id`),
  KEY `parent_article` (`parent_article`),
  KEY `child_article` (`child_article`),
  KEY `l_article_ymd` (`year`,`month`,`day`),
  KEY `parent_article_2` (`parent_article`,`serialno`),
  KEY `parent_article_3` (`parent_article`,`year`,`month`,`day`),
  KEY `parent_article_4` (`parent_article`,`posNo`),
  KEY `child_article_2` (`child_article`,`year`,`month`,`day`,`serialno`,`parent_article`,`page`),
  KEY `pageNameID` (`pageNameID`)
) ENGINE=MyISAM DEFAULT CHARSET=utf8;

--
-- Dumping data for table `l_article`
--



--
-- Table structure for table `l_article2productsettingname`
--

CREATE TABLE `l_article2productsettingname` (
  `id` int(11) unsigned NOT NULL auto_increment,
  `countryunique_id` int(11) NOT NULL default '0',
  `article_int_id` int(11) NOT NULL default '0',
  `shop_id` int(11) unsigned NOT NULL default '0',
  `ProductSettingName_id` int(11) unsigned NOT NULL default '0',
  `lastchange` timestamp NOT NULL default CURRENT_TIMESTAMP on update CURRENT_TIMESTAMP,
  PRIMARY KEY  (`id`),
  KEY `countryunique_id` (`countryunique_id`),
  KEY `article_int_id` (`article_int_id`),
  KEY `shop_id` (`shop_id`),
  KEY `ProductSettingName_id` (`ProductSettingName_id`)
) ENGINE=MyISAM DEFAULT CHARSET=utf8;

--
-- Dumping data for table `l_article2productsettingname`
--



--
-- Table structure for table `l_article_to_resource`
--

CREATE TABLE `l_article_to_resource` (
  `id` int(11) unsigned NOT NULL auto_increment,
  `countryunique_id` int(11) NOT NULL default '0',
  `article_int_id` int(11) NOT NULL default '0',
  `shop_id` int(11) unsigned NOT NULL default '0',
  `resource_id` int(11) unsigned NOT NULL default '0',
  `layout_order` int(3) unsigned default NULL,
  `hidden` tinyint(1) NOT NULL default '0',
  `lastchange` timestamp NOT NULL default CURRENT_TIMESTAMP on update CURRENT_TIMESTAMP,
  PRIMARY KEY  (`id`),
  KEY `countryunique_id` (`countryunique_id`),
  KEY `article_int_id` (`article_int_id`),
  KEY `shop_id` (`shop_id`),
  KEY `resource_id` (`resource_id`),
  KEY `hidden` (`hidden`)
) ENGINE=MyISAM DEFAULT CHARSET=utf8;

--
-- Dumping data for table `l_article_to_resource`
--



--
-- Table structure for table `l_article_to_sharedDataInstance`
--

CREATE TABLE `l_article_to_sharedDataInstance` (
  `id` int(11) unsigned NOT NULL auto_increment,
  `sharedDataInstance_id` int(11) unsigned NOT NULL default '0',
  `countryunique_id` int(11) NOT NULL default '0',
  `article_int_id` int(11) NOT NULL default '0',
  `shop_id` int(11) unsigned NOT NULL default '0',
  `layout_order` int(3) unsigned default NULL,
  `hidden` tinyint(1) NOT NULL default '0',
  `lastchange` timestamp NOT NULL default CURRENT_TIMESTAMP on update CURRENT_TIMESTAMP,
  PRIMARY KEY  (`id`),
  KEY `sharedDataInstance_id` (`sharedDataInstance_id`),
  KEY `countryunique_id` (`countryunique_id`),
  KEY `article_int_id` (`article_int_id`),
  KEY `shop_id` (`shop_id`),
  KEY `hidden` (`hidden`)
) ENGINE=MyISAM DEFAULT CHARSET=utf8;

--
-- Dumping data for table `l_article_to_sharedDataInstance`
--



--
-- Table structure for table `l_cat_value`
--

CREATE TABLE `l_cat_value` (
  `int_id` int(11) NOT NULL auto_increment,
  `parent_cat_value_id` int(11) NOT NULL default '0',
  `child_cat_value_id` int(11) NOT NULL default '0',
  PRIMARY KEY  (`int_id`),
  KEY `parent_cat_value_id` (`parent_cat_value_id`),
  KEY `child_cat_value_id` (`child_cat_value_id`)
) ENGINE=MyISAM DEFAULT CHARSET=utf8;

--
-- Dumping data for table `l_cat_value`
--



--
-- Table structure for table `l_cat_value_to_cat_name`
--

CREATE TABLE `l_cat_value_to_cat_name` (
  `int_id` int(11) NOT NULL auto_increment,
  `cat_value_id` int(11) NOT NULL default '0',
  `cat_name_id` int(11) NOT NULL default '0',
  PRIMARY KEY  (`int_id`),
  KEY `cat_value_id` (`cat_value_id`),
  KEY `cat_name_id` (`cat_name_id`)
) ENGINE=MyISAM DEFAULT CHARSET=utf8;

--
-- Dumping data for table `l_cat_value_to_cat_name`
--



--
-- Table structure for table `l_char_name_to_char_value`
--

CREATE TABLE `l_char_name_to_char_value` (
  `int_id` int(11) NOT NULL auto_increment,
  `char_name_id` int(11) NOT NULL default '0',
  `char_value_id` int(11) NOT NULL default '0',
  PRIMARY KEY  (`int_id`)
) ENGINE=MyISAM DEFAULT CHARSET=utf8;

--
-- Dumping data for table `l_char_name_to_char_value`
--



--
-- Table structure for table `l_char_value_to_article`
--

CREATE TABLE `l_char_value_to_article` (
  `int_id` int(11) NOT NULL auto_increment,
  `artno` varchar(25) NOT NULL default '',
  `char_value_id` int(11) NOT NULL default '0',
  PRIMARY KEY  (`int_id`),
  KEY `artno` (`artno`),
  KEY `char_value_id` (`char_value_id`)
) ENGINE=MyISAM DEFAULT CHARSET=utf8;

--
-- Dumping data for table `l_char_value_to_article`
--



--
-- Table structure for table `l_contact_area_to_contacts`
--

CREATE TABLE `l_contact_area_to_contacts` (
  `int_id` int(11) NOT NULL auto_increment,
  `contact_area_id` int(11) default NULL,
  `contacts_id` int(11) default NULL,
  PRIMARY KEY  (`int_id`),
  KEY `contact_area_id` (`contact_area_id`),
  KEY `contacts_id` (`contacts_id`)
) ENGINE=MyISAM DEFAULT CHARSET=utf8 PACK_KEYS=0;

--
-- Dumping data for table `l_contact_area_to_contacts`
--


INSERT INTO `l_contact_area_to_contacts` VALUES (1,10000,10000);

--
-- Table structure for table `l_contact_dealer_to_contact_area`
--

CREATE TABLE `l_contact_dealer_to_contact_area` (
  `int_id` int(11) NOT NULL auto_increment,
  `contact_dealer_id` int(11) default NULL,
  `contact_area_id` int(11) default NULL,
  PRIMARY KEY  (`int_id`),
  KEY `contact_id` (`contact_dealer_id`),
  KEY `contact_area_id` (`contact_area_id`)
) ENGINE=MyISAM DEFAULT CHARSET=utf8;

--
-- Dumping data for table `l_contact_dealer_to_contact_area`
--


INSERT INTO `l_contact_dealer_to_contact_area` VALUES (1,10000,10000);

--
-- Table structure for table `l_customer_2_showarticle_productshop_customergroup`
--

CREATE TABLE `l_customer_2_showarticle_productshop_customergroup` (
  `id` int(11) unsigned NOT NULL auto_increment,
  `showarticle_productshop_customergroup_id` int(11) unsigned NOT NULL default '0',
  `customer_int_id` int(11) NOT NULL default '0',
  `lastchange` timestamp NOT NULL default CURRENT_TIMESTAMP on update CURRENT_TIMESTAMP,
  PRIMARY KEY  (`id`),
  KEY `showarticle_productshop_customergroup_id` (`showarticle_productshop_customergroup_id`),
  KEY `customer_int_id` (`customer_int_id`)
) ENGINE=MyISAM DEFAULT CHARSET=utf8;

--
-- Dumping data for table `l_customer_2_showarticle_productshop_customergroup`
--



--
-- Table structure for table `l_customer_2_showarticle_sparepartshop_customergroup`
--

CREATE TABLE `l_customer_2_showarticle_sparepartshop_customergroup` (
  `id` int(11) unsigned NOT NULL auto_increment,
  `showarticle_sparepartshop_customergroup_id` int(11) unsigned NOT NULL default '0',
  `customer_int_id` int(11) NOT NULL default '0',
  `lastchange` timestamp NOT NULL default CURRENT_TIMESTAMP on update CURRENT_TIMESTAMP,
  PRIMARY KEY  (`id`),
  KEY `showarticle_sparepartshop_customergroup_id` (`showarticle_sparepartshop_customergroup_id`),
  KEY `customer_int_id` (`customer_int_id`)
) ENGINE=MyISAM DEFAULT CHARSET=utf8;

--
-- Dumping data for table `l_customer_2_showarticle_sparepartshop_customergroup`
--



--
-- Table structure for table `l_news2customergroups`
--

CREATE TABLE `l_news2customergroups` (
  `news_id` int(11) NOT NULL default '0',
  `conditioncustomergroup_id` int(11) NOT NULL default '0',
  `sparepartshopcustomergroup_id` int(11) NOT NULL default '0',
  `productshopcustomergroup_id` int(11) NOT NULL default '0',
  PRIMARY KEY  (`news_id`,`conditioncustomergroup_id`,`sparepartshopcustomergroup_id`,`productshopcustomergroup_id`)
) ENGINE=MyISAM DEFAULT CHARSET=utf8;

--
-- Dumping data for table `l_news2customergroups`
--



--
-- Table structure for table `l_product_to_category`
--

CREATE TABLE `l_product_to_category` (
  `id` int(11) unsigned NOT NULL auto_increment,
  `article_int_id` int(11) NOT NULL default '0',
  `fake_id` int(11) unsigned default NULL,
  PRIMARY KEY  (`id`),
  KEY `article_int_id` (`article_int_id`),
  KEY `fake_id` (`fake_id`)
) ENGINE=MyISAM DEFAULT CHARSET=utf8;

--
-- Dumping data for table `l_product_to_category`
--



--
-- Table structure for table `l_product_to_product`
--

CREATE TABLE `l_product_to_product` (
  `id` int(11) unsigned NOT NULL auto_increment,
  `article_int_id_a` int(11) NOT NULL default '0',
  `article_int_id_b` int(11) NOT NULL default '0',
  PRIMARY KEY  (`id`),
  KEY `article_int_id_a` (`article_int_id_a`),
  KEY `article_int_id_b` (`article_int_id_b`)
) ENGINE=MyISAM DEFAULT CHARSET=utf8;

--
-- Dumping data for table `l_product_to_product`
--



--
-- Table structure for table `l_resource2news`
--

CREATE TABLE `l_resource2news` (
  `resource_id` int(11) NOT NULL default '0',
  `news_id` int(11) NOT NULL default '0',
  PRIMARY KEY  (`resource_id`,`news_id`)
) ENGINE=MyISAM DEFAULT CHARSET=utf8;

--
-- Dumping data for table `l_resource2news`
--



--
-- Table structure for table `l_resource2shareddatainstance`
--

CREATE TABLE `l_resource2shareddatainstance` (
  `resource_id` int(11) NOT NULL default '0',
  `shareddatainstance_id` int(11) NOT NULL default '0',
  PRIMARY KEY  (`resource_id`,`shareddatainstance_id`)
) ENGINE=MyISAM DEFAULT CHARSET=utf8;

--
-- Dumping data for table `l_resource2shareddatainstance`
--



--
-- Table structure for table `l_reverse_category_to_category`
--

CREATE TABLE `l_reverse_category_to_category` (
  `id` int(11) NOT NULL auto_increment,
  `reverse_category_id` int(11) NOT NULL default '0',
  `category_value_id` int(11) NOT NULL default '0',
  PRIMARY KEY  (`id`)
) ENGINE=MyISAM DEFAULT CHARSET=utf8;

--
-- Dumping data for table `l_reverse_category_to_category`
--



--
-- Table structure for table `l_search`
--

CREATE TABLE `l_search` (
  `int_id` int(11) NOT NULL auto_increment,
  `cat_value_id` int(11) NOT NULL default '0',
  `char_name_ids` text NOT NULL,
  `char_value_ids` text NOT NULL,
  `bin_name_ids` text NOT NULL,
  PRIMARY KEY  (`int_id`),
  KEY `cat_value_id` (`cat_value_id`)
) ENGINE=MyISAM DEFAULT CHARSET=utf8;

--
-- Dumping data for table `l_search`
--



--
-- Table structure for table `l_search2`
--

CREATE TABLE `l_search2` (
  `int_id` int(11) NOT NULL auto_increment,
  `artno` varchar(255) NOT NULL default '',
  `catvf_id` int(11) NOT NULL default '0',
  `brand` varchar(255) NOT NULL default '',
  `name` varchar(255) NOT NULL default '',
  `cvf_ids` varchar(100) default NULL,
  `bf_ids` varchar(100) default NULL,
  `lang_id` int(11) NOT NULL default '0',
  PRIMARY KEY  (`int_id`),
  KEY `cvf_id` (`catvf_id`),
  KEY `artno` (`artno`),
  KEY `bf_ids` (`bf_ids`),
  KEY `catvf_id` (`catvf_id`),
  KEY `lang_id` (`lang_id`)
) ENGINE=MyISAM DEFAULT CHARSET=utf8;

--
-- Dumping data for table `l_search2`
--



--
-- Table structure for table `l_shareddatacategory2sharedcontentpossibleparameters`
--

CREATE TABLE `l_shareddatacategory2sharedcontentpossibleparameters` (
  `id` int(11) NOT NULL auto_increment,
  `shareddatacategory_id` int(11) NOT NULL default '0',
  `sharedcontentpossibleparameters_id` int(11) NOT NULL default '0',
  PRIMARY KEY  (`id`)
) ENGINE=MyISAM DEFAULT CHARSET=utf8;

--
-- Dumping data for table `l_shareddatacategory2sharedcontentpossibleparameters`
--


INSERT INTO `l_shareddatacategory2sharedcontentpossibleparameters` VALUES (1,123,14),(2,124,15);

--
-- Table structure for table `l_shop2countryunique`
--

CREATE TABLE `l_shop2countryunique` (
  `id` int(11) unsigned NOT NULL auto_increment,
  `countryunique_id` int(11) unsigned NOT NULL default '0',
  `shop_id` int(11) unsigned NOT NULL default '0',
  PRIMARY KEY  (`id`)
) ENGINE=MyISAM DEFAULT CHARSET=utf8;

--
-- Dumping data for table `l_shop2countryunique`
--



--
-- Table structure for table `l_showarticle_productshop_customergroup_2_article`
--

CREATE TABLE `l_showarticle_productshop_customergroup_2_article` (
  `id` int(11) unsigned NOT NULL auto_increment,
  `countryunique_id` int(3) NOT NULL default '-1',
  `article_int_id` int(11) NOT NULL default '0',
  `shop_id` int(3) NOT NULL default '1',
  `showarticle_productshop_customergroup_id` int(11) unsigned NOT NULL default '0',
  `hidden` tinyint(1) NOT NULL default '0',
  `lastchange` timestamp NOT NULL default CURRENT_TIMESTAMP on update CURRENT_TIMESTAMP,
  PRIMARY KEY  (`id`),
  KEY `article_int_id` (`article_int_id`),
  KEY `showarticle_productshop_customergroup_id` (`showarticle_productshop_customergroup_id`),
  KEY `countryunique_id` (`countryunique_id`),
  KEY `shop_id` (`shop_id`),
  KEY `hidden` (`hidden`)
) ENGINE=MyISAM DEFAULT CHARSET=utf8;

--
-- Dumping data for table `l_showarticle_productshop_customergroup_2_article`
--



--
-- Table structure for table `l_showarticle_sparepartshop_customergroup_2_category_value`
--

CREATE TABLE `l_showarticle_sparepartshop_customergroup_2_category_value` (
  `id` int(11) unsigned NOT NULL auto_increment,
  `countryunique_id` int(3) NOT NULL default '-1',
  `category_value_id` int(11) NOT NULL default '0',
  `shop_id` int(3) NOT NULL default '1',
  `showarticle_sparepartshop_customergroup_id` int(11) unsigned NOT NULL default '0',
  `hidden` tinyint(1) NOT NULL default '0',
  `lastchange` timestamp NOT NULL default CURRENT_TIMESTAMP on update CURRENT_TIMESTAMP,
  PRIMARY KEY  (`id`),
  KEY `showarticle_sparepartshop_customergroup_id` (`showarticle_sparepartshop_customergroup_id`),
  KEY `countryunique_id` (`countryunique_id`),
  KEY `shop_id` (`shop_id`),
  KEY `hidden` (`hidden`),
  KEY `category_value_id` (`category_value_id`)
) ENGINE=MyISAM DEFAULT CHARSET=utf8;

--
-- Dumping data for table `l_showarticle_sparepartshop_customergroup_2_category_value`
--



--
-- Table structure for table `l_vendor_to_category_value`
--

CREATE TABLE `l_vendor_to_category_value` (
  `vendor_id` int(11) NOT NULL default '0',
  `category_value_id` int(11) NOT NULL default '0',
  KEY `vendor_id` (`vendor_id`,`category_value_id`)
) ENGINE=MyISAM DEFAULT CHARSET=utf8;

--
-- Dumping data for table `l_vendor_to_category_value`
--



--
-- Table structure for table `language`
--

CREATE TABLE `language` (
  `int_id` int(11) NOT NULL auto_increment,
  `id` int(11) NOT NULL default '0',
  `name` varchar(255) NOT NULL default '',
  `abbreviation` varchar(8) NOT NULL default '',
  PRIMARY KEY  (`int_id`),
  KEY `id` (`id`),
  KEY `name` (`name`)
) ENGINE=MyISAM DEFAULT CHARSET=utf8;

--
-- Dumping data for table `language`
--


INSERT INTO `language` VALUES (3,3,'English','uk'),(1,1,'Deutsch','de'),(2,2,'Français','fr'),(4,4,'Español','es'),(5,5,'Italiano','it'),(6,6,'русском','ru'),(7,7,'Polski','pl'),(8,8,'česky','cz'),(9,9,'magyar','hu');

--
-- Table structure for table `menuitem`
--

CREATE TABLE `menuitem` (
  `id` int(11) unsigned NOT NULL auto_increment,
  `parent_menuItem_id` int(11) unsigned NOT NULL default '0',
  `countryunique_id` int(11) NOT NULL default '-1',
  `shop_id` int(11) unsigned NOT NULL default '0',
  `link` varchar(255) default NULL,
  `name` varchar(255) NOT NULL default 'Null not allowed',
  `order` int(3) NOT NULL default '0',
  `auto_childs_link` varchar(255) default NULL,
  `auto_childs_type` varchar(255) default NULL,
  `auto_childs_params` varchar(255) default NULL,
  `lastchange` timestamp NOT NULL default CURRENT_TIMESTAMP on update CURRENT_TIMESTAMP,
  PRIMARY KEY  (`id`),
  KEY `parent_menuItem_id` (`parent_menuItem_id`),
  KEY `countryunique_id` (`countryunique_id`),
  KEY `shop_id` (`shop_id`)
) ENGINE=MyISAM DEFAULT CHARSET=utf8;

--
-- Dumping data for table `menuitem`
--



--
-- Table structure for table `menuitemtranslation`
--

CREATE TABLE `menuitemtranslation` (
  `id` int(11) unsigned NOT NULL auto_increment,
  `menuItem_id` int(11) unsigned NOT NULL default '0',
  `lang_id` int(5) unsigned default NULL,
  `name` varchar(255) default NULL,
  `lastchange` timestamp NOT NULL default CURRENT_TIMESTAMP on update CURRENT_TIMESTAMP,
  PRIMARY KEY  (`id`),
  KEY `menuItem_id` (`menuItem_id`),
  KEY `lang_id` (`lang_id`)
) ENGINE=MyISAM DEFAULT CHARSET=utf8;

--
-- Dumping data for table `menuitemtranslation`
--



--
-- Table structure for table `mysql_queries`
--

CREATE TABLE `mysql_queries` (
  `id` int(11) NOT NULL auto_increment,
  `time` float NOT NULL default '0',
  `query` mediumtext NOT NULL,
  PRIMARY KEY  (`id`)
) ENGINE=MyISAM DEFAULT CHARSET=utf8;

--
-- Dumping data for table `mysql_queries`
--



--
-- Table structure for table `news`
--

CREATE TABLE `news` (
  `id` int(11) NOT NULL auto_increment,
  `newscategory_id` int(11) default NULL,
  `lang_id` int(11) default NULL,
  `headline` varchar(255) default NULL,
  `subheadline` text,
  `author` varchar(255) default NULL,
  `teaser` text,
  `newstext` text,
  `lastchange` int(14) default NULL,
  `hidden` int(1) default NULL,
  `order` int(11) default NULL,
  PRIMARY KEY  (`id`)
) ENGINE=MyISAM DEFAULT CHARSET=utf8;

--
-- Dumping data for table `news`
--



--
-- Table structure for table `newscategory`
--

CREATE TABLE `newscategory` (
  `id` int(11) NOT NULL auto_increment,
  `name` varchar(255) default NULL,
  `shop_id` int(11) default NULL,
  `countryunique_id` int(11) default NULL,
  PRIMARY KEY  (`id`)
) ENGINE=MyISAM DEFAULT CHARSET=utf8;

--
-- Dumping data for table `newscategory`
--



--
-- Table structure for table `newscategorytranslation`
--

CREATE TABLE `newscategorytranslation` (
  `id` int(11) NOT NULL auto_increment,
  `newscategory_id` int(11) default NULL,
  `lang_id` int(11) default NULL,
  `name` varchar(255) default NULL,
  PRIMARY KEY  (`id`)
) ENGINE=MyISAM DEFAULT CHARSET=utf8;

--
-- Dumping data for table `newscategorytranslation`
--



--
-- Table structure for table `order_part`
--

CREATE TABLE `order_part` (
  `int_id` int(11) NOT NULL auto_increment,
  `order_id` int(11) NOT NULL default '0',
  `artno` varchar(20) NOT NULL default '0',
  `quantity` int(5) NOT NULL default '0',
  `currency_id` int(5) NOT NULL default '0',
  `price` float(10,2) unsigned NOT NULL default '0.00',
  `timestamp` timestamp NOT NULL default CURRENT_TIMESTAMP,
  `from_artno` int(11) NOT NULL default '0',
  `dealerID` int(5) NOT NULL default '0',
  `discountRate` float(5,4) unsigned NOT NULL default '0.0000',
  PRIMARY KEY  (`int_id`),
  KEY `artno` (`artno`),
  KEY `order_id` (`order_id`)
) ENGINE=MyISAM DEFAULT CHARSET=utf8;

--
-- Dumping data for table `order_part`
--



--
-- Table structure for table `orders`
--

CREATE TABLE `orders` (
  `int_id` int(11) NOT NULL auto_increment,
  `timestamp` timestamp NOT NULL default '0000-00-00 00:00:00',
  `customer_row_id` int(11) NOT NULL default '-1',
  `orders_name` varchar(100) NOT NULL default '',
  `orderNumber` int(10) unsigned NOT NULL default '0',
  `company` varchar(255) NOT NULL default '',
  `company2` varchar(255) default NULL,
  `company3` varchar(255) default NULL,
  `street1` varchar(255) NOT NULL default '',
  `street2` varchar(255) default NULL,
  `postcode` varchar(255) NOT NULL default '',
  `city` varchar(255) NOT NULL default '',
  `country` varchar(255) NOT NULL default '',
  `regionName` varchar(255) NOT NULL default '',
  `area_code` varchar(255) NOT NULL default '',
  `phone_no` varchar(255) NOT NULL default '',
  `fax_no` varchar(255) default NULL,
  `email` varchar(255) default NULL,
  `url` varchar(255) default NULL,
  `info1` varchar(255) default NULL,
  `info2` varchar(255) default NULL,
  `info3` varchar(255) default NULL,
  `status` varchar(15) NOT NULL default '',
  `guarantee` enum('Y','N') NOT NULL default 'N',
  `countryID` int(5) NOT NULL default '235',
  `shopID` int(11) NOT NULL default '1',
  `dealerID` int(5) NOT NULL default '0',
  `orderTotal` float NOT NULL default '0',
  `orderTotalEuro` float NOT NULL default '0',
  `showToEndUser` tinyint(1) NOT NULL default '1',
  `shippingCost` float(5,4) NOT NULL default '0.0000',
  `taxValue` float(5,4) NOT NULL default '0.0000',
  `alternativeAddress` tinyint(1) NOT NULL default '0',
  `deliverToCompany` varchar(255) NOT NULL default '',
  `deliverToStreet` varchar(255) NOT NULL default '',
  `deliverToCity` varchar(255) NOT NULL default '',
  `deliverToPostcode` varchar(255) NOT NULL default '',
  `deliverToCountry` varchar(255) NOT NULL default '',
  `deliverToRegion` varchar(255) NOT NULL default '',
  PRIMARY KEY  (`int_id`),
  KEY `customer_id` (`customer_row_id`),
  KEY `guarantee` (`guarantee`),
  KEY `status` (`status`),
  KEY `orders_name_2` (`orders_name`),
  KEY `timestamp` (`timestamp`,`customer_row_id`),
  FULLTEXT KEY `country` (`country`)
) ENGINE=MyISAM DEFAULT CHARSET=utf8 PACK_KEYS=0;

--
-- Dumping data for table `orders`
--



--
-- Table structure for table `page_name`
--

CREATE TABLE `page_name` (
  `int_id` int(11) NOT NULL auto_increment,
  `ID` int(11) unsigned NOT NULL default '0',
  `changeDateID` int(11) NOT NULL default '0',
  `pageNum` tinyint(3) NOT NULL default '0',
  `pageName` varchar(255) NOT NULL default '',
  `lang_id` tinyint(3) NOT NULL default '0',
  `fileNamePattern` varchar(255) NOT NULL default '',
  PRIMARY KEY  (`int_id`),
  KEY `pageName` (`pageName`),
  KEY `ID` (`ID`)
) ENGINE=MyISAM DEFAULT CHARSET=utf8;

--
-- Dumping data for table `page_name`
--



--
-- Table structure for table `parsing_rules`
--

CREATE TABLE `parsing_rules` (
  `ID` int(11) NOT NULL default '0',
  `name` varchar(100) NOT NULL default '',
  `scaling` float NOT NULL default '0',
  `padding` float NOT NULL default '0',
  `regexp` tinytext NOT NULL,
  `excludes` tinytext NOT NULL,
  `hasSVG` tinyint(1) NOT NULL default '1',
  `hasMAP` tinyint(1) NOT NULL default '0',
  `hasPPL` tinyint(1) NOT NULL default '0',
  `hasGIF` tinyint(1) NOT NULL default '1',
  PRIMARY KEY  (`ID`)
) ENGINE=MyISAM DEFAULT CHARSET=utf8;

--
-- Dumping data for table `parsing_rules`
--



--
-- Table structure for table `price`
--

CREATE TABLE `price` (
  `int_id` int(11) NOT NULL auto_increment,
  `artno` varchar(25) NOT NULL default '',
  `currency_id` int(11) NOT NULL default '0',
  `shop_id` int(11) NOT NULL default '1',
  `purchase_price` float(10,2) NOT NULL default '0.00',
  `retail_price` float(10,2) NOT NULL default '0.00',
  `quantity` mediumint(9) NOT NULL default '1',
  `before_updt210101` float(10,2) NOT NULL default '0.00',
  `before_updt060302` float(10,2) NOT NULL default '0.00',
  PRIMARY KEY  (`int_id`),
  KEY `artno` (`artno`),
  KEY `currency_id` (`currency_id`),
  KEY `artno_2` (`artno`,`currency_id`),
  KEY `shop_id` (`shop_id`)
) ENGINE=MyISAM DEFAULT CHARSET=utf8;

--
-- Dumping data for table `price`
--



--
-- Table structure for table `productDataName`
--

CREATE TABLE `productDataName` (
  `id` int(11) unsigned NOT NULL auto_increment,
  `ProductDataNameCategory_id` int(11) unsigned NOT NULL default '0',
  `name` varchar(45) default NULL,
  `lang_id` int(5) unsigned default NULL,
  `lastchange` timestamp NOT NULL default CURRENT_TIMESTAMP on update CURRENT_TIMESTAMP,
  PRIMARY KEY  (`id`),
  KEY `ProductDataNameCategory_id` (`ProductDataNameCategory_id`),
  KEY `lang_id` (`lang_id`)
) ENGINE=MyISAM DEFAULT CHARSET=utf8;

--
-- Dumping data for table `productDataName`
--


INSERT INTO `productDataName` VALUES (1,1,'Long Teaser',3,'2006-07-05 11:09:08'),(2,1,'Langer Teaser',1,'2006-07-05 11:09:08'),(3,2,'Medium Teaser',3,'2006-07-05 11:09:08'),(4,3,'Short Teaser',3,'2006-07-05 11:09:08'),(5,2,'Mittellanger Teaser',1,'2006-07-05 11:09:08'),(6,3,'Kurz Teaser',1,'2006-07-05 11:09:08'),(7,5,'Description',3,'2006-07-05 11:09:08'),(8,5,'Beschreibungstext',1,'2006-07-05 11:09:08');

--
-- Table structure for table `productDataNameCategory`
--

CREATE TABLE `productDataNameCategory` (
  `id` int(11) unsigned NOT NULL auto_increment,
  `language_independent_name` varchar(255) default NULL,
  `lastchange` timestamp NOT NULL default CURRENT_TIMESTAMP on update CURRENT_TIMESTAMP,
  PRIMARY KEY  (`id`)
) ENGINE=MyISAM DEFAULT CHARSET=utf8;

--
-- Dumping data for table `productDataNameCategory`
--


INSERT INTO `productDataNameCategory` VALUES (1,'longTeaser','2006-07-05 11:10:00'),(2,'mediumTeaser','2006-07-05 11:10:00'),(3,'shortTeaser','2006-07-05 11:10:00'),(5,'description','2006-07-05 11:10:00');

--
-- Table structure for table `productDataValue`
--

CREATE TABLE `productDataValue` (
  `id` int(11) unsigned NOT NULL auto_increment,
  `countryunique_id` int(11) NOT NULL default '0',
  `article_int_id` int(11) NOT NULL default '0',
  `shop_id` int(11) unsigned NOT NULL default '0',
  `ProductDataName_id` int(11) unsigned NOT NULL default '0',
  `value` text,
  `lastchange` timestamp NULL default CURRENT_TIMESTAMP,
  PRIMARY KEY  (`id`),
  KEY `countryunique_id` (`countryunique_id`),
  KEY `article_int_id` (`article_int_id`),
  KEY `shop_id` (`shop_id`),
  KEY `ProductDataName_id` (`ProductDataName_id`)
) ENGINE=MyISAM DEFAULT CHARSET=utf8;

--
-- Dumping data for table `productDataValue`
--



--
-- Table structure for table `productShopSettings`
--

CREATE TABLE `productShopSettings` (
  `countryId` int(10) unsigned NOT NULL default '0',
  `shopId` int(10) unsigned NOT NULL default '0',
  `isActive` enum('0','1') NOT NULL default '0',
  `defaultShowarticleProductshopCustomergroupId` int(11) NOT NULL default '0',
  `inheritsArticleDiscounts` enum('0','1') NOT NULL default '0',
  `inheritsArticleSurcharges` enum('0','1') NOT NULL default '0',
  `inheritsPrices` enum('0','1') NOT NULL default '0',
  `inheritsPortfolioGroups` enum('0','1') NOT NULL default '0',
  `showsStockAvailability` enum('0','1') NOT NULL default '0',
  PRIMARY KEY  (`shopId`,`countryId`)
) ENGINE=MyISAM DEFAULT CHARSET=utf8;

--
-- Dumping data for table `productShopSettings`
--


INSERT INTO `productShopSettings` VALUES (1,1,'1',1,'1','1','1','1','1');

--
-- Table structure for table `productsettingname`
--

CREATE TABLE `productsettingname` (
  `id` int(11) unsigned NOT NULL auto_increment,
  `language_independent_name` varchar(255) default NULL,
  `lastchange` timestamp NOT NULL default CURRENT_TIMESTAMP on update CURRENT_TIMESTAMP,
  PRIMARY KEY  (`id`)
) ENGINE=MyISAM DEFAULT CHARSET=utf8;

--
-- Dumping data for table `productsettingname`
--


INSERT INTO `productsettingname` VALUES (1,'new','2006-07-05 11:12:54'),(2,'specialoffers','2006-07-05 11:12:54');

--
-- Table structure for table `productsettingnametranslation`
--

CREATE TABLE `productsettingnametranslation` (
  `id` int(11) unsigned NOT NULL auto_increment,
  `ProductSettingName_id` int(11) unsigned NOT NULL default '0',
  `name` varchar(255) default NULL,
  `lang_id` int(3) unsigned default NULL,
  `lastchange` timestamp NOT NULL default CURRENT_TIMESTAMP on update CURRENT_TIMESTAMP,
  PRIMARY KEY  (`id`),
  KEY `ProductSettingName_id` (`ProductSettingName_id`)
) ENGINE=MyISAM DEFAULT CHARSET=utf8;

--
-- Dumping data for table `productsettingnametranslation`
--



--
-- Table structure for table `productshop_visibility`
--

CREATE TABLE `productshop_visibility` (
  `id` int(11) NOT NULL auto_increment,
  `article_int_id` int(11) NOT NULL default '0',
  `shop_id` int(3) NOT NULL default '0',
  `countryunique_id` int(3) NOT NULL default '0',
  `hidden` tinyint(1) NOT NULL default '0',
  PRIMARY KEY  (`id`),
  KEY `article_int_id` (`article_int_id`),
  KEY `shop_id` (`shop_id`),
  KEY `countryunique_id` (`countryunique_id`),
  KEY `hidden` (`hidden`)
) ENGINE=MyISAM DEFAULT CHARSET=utf8;

--
-- Dumping data for table `productshop_visibility`
--



--
-- Table structure for table `region`
--

CREATE TABLE `region` (
  `id` int(11) unsigned NOT NULL auto_increment,
  `countryunique_id` int(11) NOT NULL default '0',
  `name` varchar(255) default NULL,
  PRIMARY KEY  (`id`),
  KEY `countryunique_id` (`countryunique_id`)
) ENGINE=MyISAM DEFAULT CHARSET=utf8;

--
-- Dumping data for table `region`
--


INSERT INTO `region` VALUES (1,1,'Baden-Württemberg'),(2,1,'Bayern'),(3,1,'Berlin'),(4,1,'Brandenburg'),(5,1,'Bremen'),(6,1,'Hamburg'),(7,1,'Hessen'),(8,1,'Mecklenburg-Vorpommern'),(9,1,'Niedersachsen'),(10,1,'Nordrhein-Westfalen'),(11,1,'Rheinland-Pfalz'),(12,1,'Saarland'),(13,1,'Sachsen'),(14,1,'Sachsen-Anhalt'),(15,1,'Schleswig-Holstein'),(16,1,'Thüringen'),(17,55,'Aquitaine'),(18,55,'Auvergne'),(19,55,'Basse-Normandie'),(20,55,'Bretagne'),(21,55,'Bourgogne'),(22,55,'Centre'),(23,55,'Champagne-Ardenne'),(24,55,'Alsace'),(25,55,'Franche-Comté'),(26,55,'Guyane française'),(27,55,'Guadeloupe'),(28,55,'Haute-Normandie'),(29,55,'Île-de-France'),(30,55,'Corse'),(31,55,'Languedoc-Roussillon'),(32,55,'Limousin'),(33,55,'Lorraine'),(34,55,'Martinique'),(35,55,'Midi-Pyrénées'),(36,55,'Nord-Pas-de-Calais'),(37,55,'Pays de la Loire'),(38,55,'Picardie'),(39,55,'Poitou-Charentes'),(40,55,'Provence-Alpes-Côte d\'Azur'),(41,55,'Réunion'),(42,55,'Rhône-Alpes'),(43,235,'Bedfordshire'),(44,235,'Berkshire'),(45,235,'Buckinghamshire'),(46,235,'Cambridgeshire'),(47,235,'Cheshire'),(48,235,'Cornwall'),(49,235,'Cumberland'),(50,235,'Derbyshire'),(51,235,'Devon'),(52,235,'Dorset'),(53,235,'Durham'),(54,235,'Essex'),(55,235,'Gloucestershire'),(56,235,'Hampshire'),(57,235,'Herefordshire'),(58,235,'Hertfordshire'),(59,235,'Huntingdonshire'),(60,235,'Kent'),(61,235,'Lancashire'),(62,235,'Leicestershire'),(63,235,'Lincolnshire'),(64,235,'Middlesex'),(65,235,'Norfolk'),(66,235,'Northamptonshire'),(67,235,'Northumberland'),(68,235,'Nottinghamshire'),(69,235,'Oxfordshire'),(70,235,'Rutland'),(71,235,'Shropshire'),(72,235,'Somerset'),(73,235,'Staffordshire'),(74,235,'Suffolk'),(75,235,'Surrey'),(76,235,'Sussex'),(77,235,'Warwickshire'),(78,235,'Westmorland'),(79,235,'Wiltshire'),(80,235,'Worcestershire'),(81,235,'Yorkshire'),(82,235,'Anglesey/Sir Fon'),(83,235,'Brecknockshire/Sir Frycheiniog'),(84,235,'Caernarfonshire/Sir Gaernarfon'),(85,235,'Carmarthenshire/Sir Gaerfyrddin'),(86,235,'Cardiganshire/Ceredigion'),(87,235,'Denbighshire/Sir Ddinbych'),(88,235,'Flintshire/Sir Fflint'),(89,235,'Glamorgan/Morgannwg'),(90,235,'Merioneth/Meirionnydd'),(91,235,'Monmouthshire/Sir Fynwy'),(92,235,'Montgomeryshire/Sir Drefaldwyn'),(93,235,'Pembrokeshire/Sir Benfro'),(94,235,'Radnorshire/Sir Faesyfed'),(95,235,'Aberdeenshire'),(96,235,'Angus/Forfarshire'),(97,235,'Argyllshire'),(98,235,'Ayrshire'),(99,235,'Banffshire'),(100,235,'Berwickshire'),(101,235,'Buteshire'),(102,235,'Cromartyshire'),(103,235,'Caithness'),(104,235,'Clackmannanshire'),(105,235,'Dumfriesshire'),(106,235,'Dunbartonshire/Dumbartonshire'),(107,235,'East Lothian/Haddingtonshire'),(108,235,'Fife'),(109,235,'Inverness-shire'),(110,235,'Kincardineshire'),(111,235,'Kinross-shire'),(112,235,'Kirkcudbrightshire'),(113,235,'Lanarkshire'),(114,235,'Midlothian/Edinburghshire'),(115,235,'Morayshire'),(116,235,'Nairnshire'),(117,235,'Orkney'),(118,235,'Peeblesshire'),(119,235,'Perthshire'),(120,235,'Renfrewshire'),(121,235,'Ross-shire'),(122,235,'Roxburghshire'),(123,235,'Selkirkshire'),(124,235,'Shetland'),(125,235,'Stirlingshire'),(126,235,'Sutherland'),(127,235,'West Lothian/Linlithgowshire'),(128,235,'Wigtownshire');

--
-- Table structure for table `renames`
--

CREATE TABLE `renames` (
  `int_id` int(11) NOT NULL auto_increment,
  `old_filename` varchar(255) NOT NULL default '',
  `new_filename` varchar(255) NOT NULL default '',
  PRIMARY KEY  (`int_id`)
) ENGINE=MyISAM DEFAULT CHARSET=utf8;

--
-- Dumping data for table `renames`
--



--
-- Table structure for table `resource`
--

CREATE TABLE `resource` (
  `id` int(11) unsigned NOT NULL auto_increment,
  `creator_countryunique_id` int(11) NOT NULL default '0',
  `creator_shop_id` int(11) unsigned NOT NULL default '0',
  `resourceCategory_id` int(11) unsigned NOT NULL default '0',
  `name` varchar(255) NOT NULL default '',
  `filepath` varchar(255) NOT NULL default '',
  `lang_id` int(3) NOT NULL default '0',
  `lastchange` timestamp NULL default NULL,
  PRIMARY KEY  (`id`),
  UNIQUE KEY `filepath` (`filepath`),
  KEY `creator_countryunique_id` (`creator_countryunique_id`),
  KEY `creator_shop_id` (`creator_shop_id`),
  KEY `resourceCategory_id` (`resourceCategory_id`),
  KEY `lang_id` (`lang_id`)
) ENGINE=MyISAM DEFAULT CHARSET=utf8;

--
-- Dumping data for table `resource`
--



--
-- Table structure for table `resourceCategory`
--

CREATE TABLE `resourceCategory` (
  `id` int(11) unsigned NOT NULL auto_increment,
  `language_independent_name` varchar(255) default NULL,
  `lastchange` timestamp NULL default CURRENT_TIMESTAMP,
  PRIMARY KEY  (`id`),
  KEY `language_independent_name` (`language_independent_name`)
) ENGINE=MyISAM DEFAULT CHARSET=utf8;

--
-- Dumping data for table `resourceCategory`
--


INSERT INTO `resourceCategory` VALUES (1,'Manuals','2006-07-18 19:56:54'),(2,'Product_Images_XXL','2006-07-21 15:43:23'),(3,'Product_Images_XL','2006-07-21 15:43:23'),(4,'Product_Images_L','2006-07-21 15:43:23'),(5,'Product_Images_M','2006-07-21 15:43:23'),(6,'Product_Images_S','2006-07-21 15:49:44'),(7,'Product_Images_XS','2006-07-21 15:43:23'),(8,'Shared_Product_Data_Images','2006-07-21 15:43:23'),(9,'Videos','2006-07-18 19:59:04'),(10,'QTVR','2006-08-07 11:21:58');

--
-- Table structure for table `resourceCategoryTranslation`
--

CREATE TABLE `resourceCategoryTranslation` (
  `id` int(11) unsigned NOT NULL auto_increment,
  `resourceCategory_id` int(11) unsigned NOT NULL default '0',
  `name` varchar(255) default NULL,
  `lang_id` int(3) default NULL,
  `lastchange` timestamp NULL default CURRENT_TIMESTAMP,
  PRIMARY KEY  (`id`),
  KEY `resourceCategory_id` (`resourceCategory_id`),
  KEY `lang_id` (`lang_id`)
) ENGINE=MyISAM DEFAULT CHARSET=utf8;

--
-- Dumping data for table `resourceCategoryTranslation`
--


INSERT INTO `resourceCategoryTranslation` VALUES (1,2,'Product Images XXL',3,'2006-07-21 15:44:57'),(2,3,'Product Images XL',3,'2006-07-21 15:44:57'),(3,4,'Product Images L',3,'2006-07-21 15:45:32'),(4,5,'Product Images M',3,'2006-07-21 15:45:32'),(5,6,'Product Images S',3,'2006-07-21 15:46:13'),(6,7,'Product Images XS',3,'2006-07-21 15:46:13'),(7,8,'Shared Product Data Images',3,'2006-07-21 15:46:37'),(8,2,'Product Images XXL',-1,'2006-07-21 15:57:25'),(9,3,'Product Images XL',-1,'2006-07-21 15:57:25'),(10,4,'Product Images L',-1,'2006-07-21 15:57:25'),(11,5,'Product Images M',-1,'2006-07-21 15:57:25'),(12,6,'Product Images S',-1,'2006-07-21 15:57:25'),(13,7,'Product Images XS',-1,'2006-07-21 15:57:25'),(14,8,'Shared Product Data Images',-1,'2006-07-21 15:57:25');

--
-- Table structure for table `reverse_category`
--

CREATE TABLE `reverse_category` (
  `id` int(11) NOT NULL auto_increment,
  `name` varchar(80) NOT NULL default '',
  PRIMARY KEY  (`id`)
) ENGINE=MyISAM DEFAULT CHARSET=utf8;

--
-- Dumping data for table `reverse_category`
--



--
-- Table structure for table `rumUserChallange`
--

CREATE TABLE `rumUserChallange` (
  `id` int(10) unsigned NOT NULL auto_increment,
  `timestamp` timestamp NOT NULL default '0000-00-00 00:00:00',
  `challangeCode` varchar(255) NOT NULL default '',
  `userId` int(10) unsigned NOT NULL default '0',
  `valid` enum('0','1') NOT NULL default '0',
  PRIMARY KEY  (`id`),
  UNIQUE KEY `challangeCode` (`challangeCode`)
) ENGINE=MyISAM DEFAULT CHARSET=utf8;

--
-- Dumping data for table `rumUserChallange`
--



--
-- Table structure for table `rum_area`
--

CREATE TABLE `rum_area` (
  `area_id` int(11) NOT NULL auto_increment,
  `sort` float NOT NULL default '0',
  UNIQUE KEY `ID` (`area_id`)
) ENGINE=MyISAM DEFAULT CHARSET=utf8;

--
-- Dumping data for table `rum_area`
--


INSERT INTO `rum_area` VALUES (1,10),(2,20),(3,30),(4,40),(6,60);

--
-- Table structure for table `rum_group`
--

CREATE TABLE `rum_group` (
  `group_id` int(11) NOT NULL auto_increment,
  `area_id` int(11) NOT NULL default '0',
  `sort` int(11) NOT NULL default '0',
  PRIMARY KEY  (`group_id`)
) ENGINE=MyISAM DEFAULT CHARSET=utf8;

--
-- Dumping data for table `rum_group`
--


INSERT INTO `rum_group` VALUES (1,1,10),(2,1,20),(3,1,30),(4,1,40),(5,1,35),(6,6,40),(7,6,20),(8,6,30),(9,3,60),(10,2,70),(11,2,80),(12,2,90),(13,2,100),(14,1,110),(15,6,60),(16,6,50),(17,4,130),(18,4,140),(24,1,180),(23,1,170),(21,2,95),(22,6,70),(25,6,80),(26,6,90),(27,6,100),(28,4,270),(29,6,10),(30,6,0),(31,6,280),(32,3,290),(33,3,300),(36,1,100);

--
-- Table structure for table `rum_l_shop_to_country`
--

CREATE TABLE `rum_l_shop_to_country` (
  `shop_id` int(11) NOT NULL default '1',
  `country_id` int(11) NOT NULL default '0',
  KEY `shopcountry` (`shop_id`,`country_id`)
) ENGINE=MyISAM DEFAULT CHARSET=utf8;

--
-- Dumping data for table `rum_l_shop_to_country`
--


INSERT INTO `rum_l_shop_to_country` VALUES (1,1);

--
-- Table structure for table `rum_l_shop_to_language`
--

CREATE TABLE `rum_l_shop_to_language` (
  `shop_id` int(11) NOT NULL default '1',
  `language_id` int(11) NOT NULL default '0',
  KEY `shoplanguage` (`shop_id`,`language_id`)
) ENGINE=MyISAM DEFAULT CHARSET=utf8;

--
-- Dumping data for table `rum_l_shop_to_language`
--


INSERT INTO `rum_l_shop_to_language` VALUES (1,-1);

--
-- Table structure for table `rum_l_shop_to_right`
--

CREATE TABLE `rum_l_shop_to_right` (
  `shop_id` int(11) NOT NULL default '1',
  `right_id` int(11) NOT NULL default '0',
  KEY `shopright` (`shop_id`,`right_id`)
) ENGINE=MyISAM DEFAULT CHARSET=utf8;

--
-- Dumping data for table `rum_l_shop_to_right`
--


INSERT INTO `rum_l_shop_to_right` VALUES (1,-1);

--
-- Table structure for table `rum_l_shop_to_user_group`
--

CREATE TABLE `rum_l_shop_to_user_group` (
  `shop_id` int(11) NOT NULL default '1',
  `user_group_id` int(11) NOT NULL default '0',
  KEY `shopusergroup` (`shop_id`,`user_group_id`)
) ENGINE=MyISAM DEFAULT CHARSET=utf8;

--
-- Dumping data for table `rum_l_shop_to_user_group`
--



--
-- Table structure for table `rum_l_user_group_to_right`
--

CREATE TABLE `rum_l_user_group_to_right` (
  `user_group_id` int(11) NOT NULL default '0',
  `right_id` int(11) NOT NULL default '0',
  KEY `group_right` (`user_group_id`,`right_id`)
) ENGINE=MyISAM DEFAULT CHARSET=utf8;

--
-- Dumping data for table `rum_l_user_group_to_right`
--


INSERT INTO `rum_l_user_group_to_right` VALUES (1,1),(1,2),(1,3),(1,4),(1,5),(1,6),(1,7),(1,8),(1,9),(1,10),(1,11),(1,12),(1,13),(1,14),(1,15),(1,16),(1,17),(1,18),(1,19),(1,20),(1,21),(1,22),(1,23),(1,24),(1,25),(1,26),(1,27),(1,28),(1,29),(1,30),(1,31),(1,32),(1,33),(1,34),(1,35),(1,36),(1,37),(1,38),(1,39),(1,40),(1,41),(1,42),(1,43),(1,44),(1,45),(1,46),(1,47),(1,48),(1,49),(1,50),(1,51),(1,52),(1,53),(1,54),(1,55),(1,56),(1,57),(1,58),(1,59),(1,60),(1,61),(1,62),(1,63),(1,64),(1,65),(1,66),(1,67),(1,69),(1,70),(1,70),(1,71),(1,72),(1,73),(1,74),(1,75),(1,76),(1,77),(1,78),(1,79),(1,80),(1,81),(1,82),(1,83),(1,84),(1,85),(1,86),(1,87),(1,88),(1,89),(1,90),(1,91),(1,92),(1,93),(1,94),(1,95),(1,96),(1,97),(1,98),(1,100),(1,101),(1,110),(1,111),(2,17),(2,18),(2,19),(2,20),(2,21),(2,30),(2,31),(2,34),(2,35),(2,36),(2,37),(2,38),(2,39),(2,40),(2,41),(2,42),(2,47),(2,58),(2,89),(2,90),(3,21),(3,39),(3,40),(3,41),(3,42),(3,44),(3,91),(4,22),(4,23),(4,24),(4,25),(4,26),(4,27),(4,28),(4,29),(4,53),(4,54),(4,56),(5,1),(5,2),(5,3),(5,4),(5,5),(5,6),(5,7),(5,8),(5,11),(5,12),(5,13),(5,14),(5,15),(5,59),(5,60),(5,63),(5,64),(5,65),(5,69),(5,71),(5,74),(5,75),(5,76),(5,78),(5,88),(5,92),(5,93),(5,94),(5,95),(5,96),(5,97),(5,98),(5,100),(5,101),(6,43),(7,30),(7,31),(7,32),(7,36),(7,37),(7,38),(7,46),(7,47),(7,49),(7,51),(7,52),(7,58),(7,70),(7,72),(7,73),(7,81),(7,82),(7,83),(7,84),(7,85),(7,86),(7,87),(7,89),(7,90),(7,91),(8,29),(8,34),(8,35),(8,74),(8,75),(8,76),(8,88),(9,16),(9,33),(9,57),(9,66),(9,67),(9,79),(9,80),(12,13),(12,46),(12,49),(12,51),(12,52),(12,89);

--
-- Table structure for table `rum_l_user_to_country`
--

CREATE TABLE `rum_l_user_to_country` (
  `user_id` int(11) NOT NULL default '0',
  `shop_id` int(11) NOT NULL default '1',
  `country_id` int(11) NOT NULL default '0',
  KEY `user_country` (`user_id`,`shop_id`)
) ENGINE=MyISAM DEFAULT CHARSET=utf8;

--
-- Dumping data for table `rum_l_user_to_country`
--


INSERT INTO `rum_l_user_to_country` VALUES (1,1,-1);

--
-- Table structure for table `rum_l_user_to_language`
--

CREATE TABLE `rum_l_user_to_language` (
  `user_id` int(11) NOT NULL default '0',
  `shop_id` int(11) NOT NULL default '1',
  `language_id` int(11) NOT NULL default '0',
  KEY `user_language` (`user_id`,`language_id`)
) ENGINE=MyISAM DEFAULT CHARSET=utf8;

--
-- Dumping data for table `rum_l_user_to_language`
--


INSERT INTO `rum_l_user_to_language` VALUES (1,1,-1);

--
-- Table structure for table `rum_l_user_to_right`
--

CREATE TABLE `rum_l_user_to_right` (
  `user_id` int(11) NOT NULL default '0',
  `shop_id` int(11) NOT NULL default '1',
  `right_id` int(11) NOT NULL default '0',
  KEY `user_right` (`user_id`,`shop_id`)
) ENGINE=MyISAM DEFAULT CHARSET=utf8;

--
-- Dumping data for table `rum_l_user_to_right`
--



--
-- Table structure for table `rum_l_user_to_shop`
--

CREATE TABLE `rum_l_user_to_shop` (
  `user_id` int(11) NOT NULL default '0',
  `shop_id` int(11) NOT NULL default '1',
  KEY `user_shop` (`user_id`,`shop_id`)
) ENGINE=MyISAM DEFAULT CHARSET=utf8;

--
-- Dumping data for table `rum_l_user_to_shop`
--


INSERT INTO `rum_l_user_to_shop` VALUES (1,1);

--
-- Table structure for table `rum_l_user_to_user_group`
--

CREATE TABLE `rum_l_user_to_user_group` (
  `user_id` int(11) NOT NULL default '0',
  `shop_id` int(11) NOT NULL default '1',
  `user_group_id` int(11) NOT NULL default '0',
  KEY `user_group` (`user_id`,`shop_id`)
) ENGINE=MyISAM DEFAULT CHARSET=utf8;

--
-- Dumping data for table `rum_l_user_to_user_group`
--


INSERT INTO `rum_l_user_to_user_group` VALUES (1,1,1);

--
-- Table structure for table `rum_right`
--

CREATE TABLE `rum_right` (
  `right_id` int(11) NOT NULL auto_increment,
  `right_name` varchar(100) NOT NULL default '',
  `right_is_shop_dependant` tinyint(1) NOT NULL default '0',
  `group_id` int(11) NOT NULL default '0',
  `href` varchar(255) NOT NULL default '',
  `sort` int(11) NOT NULL default '0',
  PRIMARY KEY  (`right_id`)
) ENGINE=MyISAM DEFAULT CHARSET=utf8;

--
-- Dumping data for table `rum_right`
--


INSERT INTO `rum_right` VALUES (1,'ART_ART_CREATE',0,1,'./article/ArticleCat.php?action=new',10),(2,'ART_ART_EDIT',0,1,'./article/ArticleCat.php?action=edit',20),(3,'ART_ART_TODO',0,1,'./article/todo.php',30),(4,'ART_ART_DEL',0,1,'./article/ArticleCat.php?action=del',40),(5,'ART_SPARE_CREATE',0,2,'./article/ArticleCat.php?action=createsp',20),(6,'ART_SPARE_EDIT',0,2,'./article/ArticleCat.php?action=editsp',0),(7,'ART_SPARE_DEL',0,2,'./article/ArticleCat.php?action=delsp',10),(8,'ART_CAT_CHANGE',0,3,'./article/ArticleCat.php?catAction=catparent',80),(9,'ART_CAT_EDIT',0,3,'./article/ArticleCat.php?catAction=catrename',90),(10,'ART_CAT_DEL',0,3,'./article/ArticleCat.php?catAction=catdel',100),(11,'ART_ATT_RENAME',0,5,'./article/Attribute.php?type=rename',110),(12,'ART_ATT_DEL',0,5,'./article/Attribute.php?type=delete',120),(13,'ART_VIEW_SIMPLE',0,4,'./article/overview.php',130),(14,'ART_VIEW_EXTENDED',0,4,'./article/overview_extended.php',140),(15,'ART_VIEW_CATTREE',0,4,'./article/CatTreeNew.php',150),(16,'USER_RIGHT_ADMIN',0,6,'./user/right.php?action=admin',160),(17,'USER_USER_ADD',1,7,'./user/user.php?action=add',170),(18,'USER_USER_ADMIN',1,7,'./user/user.php?action=admin',180),(19,'USER_GROUP_ADD',1,8,'./user/group.php?action=add',190),(20,'USER_GROUP_ADMIN',1,8,'./user/group.php?action=admin',200),(21,'TEXT_TRANSLATE_TEMPLATES',1,9,'./text/translate_frontoffice.php',210),(22,'DRAFTS_DRAFTS_UPLOAD',0,10,'./upload/step1.php',220),(23,'DRAFTS_DRAFTS_EDIT',0,10,'./upload/change.php',230),(24,'DRAFTS_DRAFTS_BATCH',0,10,'./upload/batch.php?action=7',240),(25,'DRAFTS_CHECK_PAGENUM',0,12,'./drafts/missingPages.php',250),(26,'DRAFTS_CHECK_MAPS',0,12,'./drafts/compsvgzmap.php',260),(27,'DRAFTS_ADMIN_RULE',0,11,'./upload/ruleeditor.php',270),(28,'DRAFTS_ADMIN_EXCLUDE_LIST',0,11,'./upload/ruleeditor.php',280),(29,'DRAFTS_HELP_BOOK',0,13,'./help/handbuch_zeichnungsbearbeitung.pdf',290),(30,'EXTRA_SPAREPART_IMPORT',1,14,'./extra/ImportExport.php?action=import',300),(31,'EXTRA_SPAREPART_IMPORT_REPLACE',0,14,'./extra/ImportRep.php?action=replace',310),(32,'EXTRA_SPAREPART_EXPORT',0,14,'./extra/ImportExport.php?action=export',320),(33,'EXTRA_CUSTOMIZE_DESIGN',0,15,'./extra/design.php?action=edit&ID=1',330),(34,'EXTRA_INTERNATIONAL_LANG',0,16,'./extra/inter.php?action=lang',340),(35,'EXTRA_INTERNATIONAL_COUNTRY',0,16,'./extra/inter.php?action=country',350),(36,'DEALER_DEALER_DIRECT',1,17,'./dealer/dealer.php',10),(90,'DEALER_DEALER_WARRANTY',1,17,'./dealer/dealer.php?warranty',30),(37,'DEALER_DEALER_WHOLESALE',1,17,'./dealer/dealer.php?wholesaler',20),(38,'DEALER_CONTACT_ADMIN',1,18,'./dealer/contacts.php',380),(89,'DEALER_DEALER_SHOPOWNER',1,17,'./dealer/dealer.php?shopowner',0),(39,'TEXT_TRANSLATE_CAT',0,9,'./text/translate_cat.php',390),(40,'TEXT_TRANSLATE_ATT',0,9,'./text/translate_db.php',400),(41,'TEXT_TRANSLATE_SPAREPART',0,9,'./text/translate_prod.php',410),(42,'TEXT_TRANSLATE_BO',0,9,'./text/translate_backoffice.php',420),(44,'TEXT_TRANS_TODO',0,9,'./text/todo.php',430),(45,'ORDERS_ORDERS_SEARCH',0,19,'./order/search.php',440),(46,'ORDERS_ORDERS_LAST',1,19,'./order/topOrders.php',450),(80,'CLEAR_SMARTY_CACHE',0,22,'./product/clearSmartyCache.php',20),(49,'ORDERS_STATS_MOSTSOLD',1,20,'./order/topArticles.php',480),(50,'ORDERS_ART_SEARCH',0,20,'./order/searchArt.php',490),(51,'ORDERS_SALES_STATS',1,20,'./order/sales.php',500),(52,'ORDERS_BEST_CUST',1,20,'./order/topCustomers.php',510),(47,'DEALER_DEALER_SINGLE',1,17,'./dealer/customers.php',40),(53,'ART_BUILDYEAR_CHANGE',0,21,'./drafts/buildyear.php?action=do_search&nextaction=do_edit',520),(54,'ART_BUILDYEAR_DEL',0,21,'./drafts/buildyear.php?action=do_search&nextaction=do_delete',530),(57,'DATABASE_PHPMYADMIN',0,22,'http://admin.rochfords.co.uk/phpMyAdmin',0),(56,'DRAFTS_DRAFTS_EDIT_PAGES',0,10,'./drafts/page_name_manager.php',245),(58,'DEALER_DEALER_IMPORT',1,17,'./extra/importCustomers.php',50),(59,'PRODUCTS_EDIT_DATA',1,23,'./product/editData.php',10),(60,'PRODUCTS_EDIT_TECHNICAL_DATA',1,23,'./product/editTechnicalData.php',20),(69,'PRODUCT_LINKS_EDIT',0,23,'./product/editLinkedProducts.php',590),(68,'IMPORT_DISCOUNTS_PRICES_DESCRIPTIONS',0,23,'',0),(63,'IMPORT_CONNECTOR',0,24,'./article/CopyArticles.php',550),(64,'PRODUCTS_EDIT_SHARED_PRODUCT_DATA',1,23,'./product/assignSharedProductData.php',30),(65,'PRODUCTS_EDIT_RESOURCE',1,23,'./product/editAddDeleteResource.php',560),(66,'DATA_PROVIDER_EDIT',0,25,'./article/dataProvider.php',570),(67,'DATA_PROVIDER_ADD',0,25,'./article/provider.php?action=add',580),(71,'PRODUCTS_EDIT_SETTINGS',1,23,'./product/editSettings.php',610),(70,'DISCOUNTS_LIST_ARTICLE_DISCOUNTS',1,27,'discounts/listArticleDiscounts.php',600),(72,'EDIT_CUSTOMERGROUPS_SHOWPRODUCT_PRODUCTSHOP',1,28,'./product/editCustomergroups.php?type=productshop',620),(73,'EDIT_CUSTOMERGROUPS_SHOWPRODUCT_SPAREPARTSHOP',1,28,'./product/editCustomergroups.php?type=sparepartshop',630),(74,'EDIT_CUSTOMERGROUPS_SHOWPRODUCT_PORTFOLIO_PRODUCTSHOP',1,29,'./product/editPortfolio.php?type=productshop',640),(75,'EDIT_CUSTOMERGROUPS_SHOWPRODUCT_PORTFOLIO_SPAREPARTSHOP',1,29,'./product/editPortfolio.php?type=sparepartshop',650),(76,'EDIT_SHOP_PORTFOLIO_PRODUCTSHOP',1,30,'./product/editPortfolio.php?type=productshopsettings',10),(81,'DISCOUNTS_LIST_GENERAL_DISCOUNTS',0,27,'discounts/listGeneralDiscounts.php',690),(78,'FAKE_ID_OVERVIEW',0,4,'./product/categorytree_fakeid.php',680),(79,'SYSTEM_EACCELERATOR',0,22,'http://admin.rochfords.co.uk/eaccelerator.php',10),(82,'DISCOUNTS_ADD_GROUP',0,27,'discounts/addDiscountGroup.php',700),(83,'DISCOUNTS_EDIT_GROUP',0,27,'discounts/editDiscountGroup.php',710),(84,'SURCHARGES_LIST_ARTICLE_SURCHARGES',0,31,'surcharges/listArticleSurcharges.php',720),(85,'SURCHARGES_LIST_GENERAL_SURCHARGES',0,31,'surcharges/listGeneralSurcharges.php',730),(86,'SURCHARGES_ADD_GROUP',0,31,'surcharges/addSurchargeGroup.php',740),(87,'SURCHARGES_EDIT_GROUP',0,31,'surcharges/editSurchargeGroup.php',750),(88,'EDIT_SHOP_PORTFOLIO_SPAREPARTSHOP',1,30,'./product/editPortfolio.php?type=sparepartshopsettings',760),(91,'EXTRA_SPAREPART_EDIT_PRICE',0,14,'./extra/editPrice.php?action=edit',770),(92,'ART_SPARE_EDIT_SUPERSESSION',0,2,'./article/ArticleCat.php?action=editsupersess',40),(93,'ART_SPARE_IMPORTSUPERSESS',0,2,'./extra/ImportRep.php?action=replace',30),(94,'SHARED_CONTENT_CATEGORIES',0,32,'./sharedcontent/shareddatacategory.php',0),(95,'SHARED_CONTENT_CONTENT',0,32,'./sharedcontent/sharedcontent.php',30),(96,'SHARED_CONTENT_MANAGE',0,32,'./sharedcontent/sharedvalues.php',20),(97,'NEWS_NEWSCATEGORIES',0,33,'./news/newscategory.php',810),(98,'NEWS_ENTRIES',0,33,'./news/news.php',820),(99,'SHARED_CONTENT_LINK',0,32,'./sharedcontent/sharedvalues.php',10),(100,'DISCOUNTS_EDIT_ARTICLE_DISCOUNTS',1,27,'discounts/editArticleDiscount.php',601),(101,'PRODUCTS_EDIT_RESOURCE',0,23,'./product/assignResource.php',830),(110,'IMPORT_XML',0,24,'./xmlimporter/import_frontend.php',600),(111,'EXPORT_XML',0,36,'./xmlimporter/export_frontend.php',100);

--
-- Table structure for table `rum_user_group`
--

CREATE TABLE `rum_user_group` (
  `user_group_id` int(11) NOT NULL default '0',
  `shop_id` int(11) NOT NULL default '1',
  `user_group_name` varchar(255) NOT NULL default '',
  `is_global` tinyint(1) NOT NULL default '0',
  PRIMARY KEY  (`user_group_id`)
) ENGINE=MyISAM DEFAULT CHARSET=utf8;

--
-- Dumping data for table `rum_user_group`
--


INSERT INTO `rum_user_group` VALUES (1,1,'1_super_admin',1),(2,1,'1_country_admin',1),(3,1,'1_translator',1),(4,1,'1_drawing_editor',1),(5,1,'1_article_admin',1),(7,1,'1_sales_manager',1),(8,1,'1_country_maintainer',1),(9,1,'1_database_admin',1);

--
-- Table structure for table `sharedDataCategory`
--

CREATE TABLE `sharedDataCategory` (
  `id` int(11) unsigned NOT NULL auto_increment,
  `language_independent_name` varchar(255) default NULL,
  `layout_order` int(3) unsigned default NULL,
  `lastchange` timestamp NOT NULL default CURRENT_TIMESTAMP on update CURRENT_TIMESTAMP,
  PRIMARY KEY  (`id`)
) ENGINE=MyISAM DEFAULT CHARSET=utf8;

--
-- Dumping data for table `sharedDataCategory`
--


INSERT INTO `sharedDataCategory` VALUES (1,'features',10,'2006-07-05 11:04:20'),(2,'warranty',20,'2006-07-05 11:04:20'),(3,'p_and_p',30,'2006-07-17 18:07:10'),(123,'Help text (sparepartshop portfolio group)',NULL,'2007-05-14 14:40:22'),(124,'Help text (productshop portfolio group)',NULL,'2007-05-14 14:40:22');

--
-- Table structure for table `sharedDataCategoryTranslation`
--

CREATE TABLE `sharedDataCategoryTranslation` (
  `id` int(11) unsigned NOT NULL auto_increment,
  `sharedDataCategory_id` int(11) unsigned NOT NULL default '0',
  `name` varchar(255) default NULL,
  `lang_id` int(5) unsigned default NULL,
  `lastchange` timestamp NOT NULL default CURRENT_TIMESTAMP on update CURRENT_TIMESTAMP,
  PRIMARY KEY  (`id`),
  KEY `sharedDataCategory_id` (`sharedDataCategory_id`),
  KEY `lang_id` (`lang_id`)
) ENGINE=MyISAM DEFAULT CHARSET=utf8;

--
-- Dumping data for table `sharedDataCategoryTranslation`
--


INSERT INTO `sharedDataCategoryTranslation` VALUES (1,1,'Features',3,'2006-07-05 11:05:04'),(2,1,'Eigenschaften',1,'2006-07-05 11:05:04'),(3,2,'Warranty',3,'2006-07-05 11:05:04'),(4,2,'Garantie',1,'2006-07-05 11:05:04'),(5,3,'P&P',3,'2006-07-05 11:05:04'),(6,3,'P&P',1,'2006-07-05 11:05:04'),(7,123,'sparepartshop portfolio group',3,'2007-05-14 14:40:22'),(8,124,'productshop portfolio group',3,'2007-05-14 14:40:22');

--
-- Table structure for table `sharedDataInstance`
--

CREATE TABLE `sharedDataInstance` (
  `id` int(11) unsigned NOT NULL auto_increment,
  `creator_countryunique_id` int(11) NOT NULL default '-1',
  `creator_shop_id` int(11) unsigned NOT NULL default '1',
  `sharedDataCategory_id` int(11) unsigned NOT NULL default '0',
  `language_independent_name` varchar(255) default NULL,
  `lastchange` timestamp NOT NULL default CURRENT_TIMESTAMP on update CURRENT_TIMESTAMP,
  PRIMARY KEY  (`id`),
  KEY `creator_countryunique_id` (`creator_countryunique_id`),
  KEY `creator_shop_id` (`creator_shop_id`),
  KEY `sharedDataCategory_id` (`sharedDataCategory_id`),
  KEY `language_independent_name` (`language_independent_name`)
) ENGINE=MyISAM DEFAULT CHARSET=utf8;

--
-- Dumping data for table `sharedDataInstance`
--



--
-- Table structure for table `sharedDataName`
--

CREATE TABLE `sharedDataName` (
  `id` int(11) unsigned NOT NULL auto_increment,
  `sharedDataInstance_id` int(11) unsigned NOT NULL default '0',
  `name` varchar(255) default NULL,
  `lang_id` int(5) unsigned default NULL,
  `lastchange` timestamp NOT NULL default CURRENT_TIMESTAMP on update CURRENT_TIMESTAMP,
  PRIMARY KEY  (`id`),
  KEY `sharedDataInstance_id` (`sharedDataInstance_id`),
  KEY `lang_id` (`lang_id`),
  KEY `name` (`name`)
) ENGINE=MyISAM DEFAULT CHARSET=utf8;

--
-- Dumping data for table `sharedDataName`
--



--
-- Table structure for table `sharedDataValue`
--

CREATE TABLE `sharedDataValue` (
  `id` int(11) unsigned NOT NULL auto_increment,
  `countryunique_id` int(11) NOT NULL default '0',
  `shop_id` int(11) unsigned NOT NULL default '0',
  `sharedDataName_id` int(11) unsigned NOT NULL default '0',
  `value` text,
  `lastchange` timestamp NOT NULL default CURRENT_TIMESTAMP on update CURRENT_TIMESTAMP,
  PRIMARY KEY  (`id`),
  KEY `countryunique_id` (`countryunique_id`),
  KEY `shop_id` (`shop_id`),
  KEY `sharedDataName_id` (`sharedDataName_id`)
) ENGINE=MyISAM DEFAULT CHARSET=utf8;

--
-- Dumping data for table `sharedDataValue`
--



--
-- Table structure for table `sharedcontenthook`
--

CREATE TABLE `sharedcontenthook` (
  `id` int(11) NOT NULL auto_increment,
  `shareddatainstance_id` int(11) NOT NULL default '0',
  `layout_order` int(11) NOT NULL default '0',
  `hidden` int(11) NOT NULL default '0',
  `lastchange` datetime NOT NULL default '0000-00-00 00:00:00',
  PRIMARY KEY  (`id`)
) ENGINE=MyISAM DEFAULT CHARSET=utf8;

--
-- Dumping data for table `sharedcontenthook`
--



--
-- Table structure for table `sharedcontenthookhidden`
--

CREATE TABLE `sharedcontenthookhidden` (
  `id` int(11) NOT NULL auto_increment,
  `sharedcontenthook_id` int(11) default NULL,
  `shop_id` int(11) default NULL,
  `countryunique_id` int(11) default NULL,
  `language_id` int(11) default NULL,
  PRIMARY KEY  (`id`)
) ENGINE=MyISAM DEFAULT CHARSET=utf8;

--
-- Dumping data for table `sharedcontenthookhidden`
--


INSERT INTO `sharedcontenthookhidden` VALUES (1,0,0,0,0);

--
-- Table structure for table `sharedcontenthookparameters`
--

CREATE TABLE `sharedcontenthookparameters` (
  `id` int(11) NOT NULL auto_increment,
  `sharedcontenthook_id` int(11) NOT NULL default '0',
  `sharedcontentpossibleparameters_id` int(11) NOT NULL default '0',
  `value` text NOT NULL,
  PRIMARY KEY  (`id`),
  KEY `idx_sharedcontenthookparameters_1` (`sharedcontenthook_id`,`sharedcontentpossibleparameters_id`)
) ENGINE=MyISAM DEFAULT CHARSET=utf8;

--
-- Dumping data for table `sharedcontenthookparameters`
--



--
-- Table structure for table `sharedcontentpossibleparameters`
--

CREATE TABLE `sharedcontentpossibleparameters` (
  `id` int(11) NOT NULL auto_increment,
  `fieldname` varchar(30) NOT NULL default '',
  `language_independent_name` varchar(50) NOT NULL default '',
  `description` text NOT NULL,
  `lastchange` datetime NOT NULL default '0000-00-00 00:00:00',
  `hidden` int(11) NOT NULL default '0',
  `order` int(3) NOT NULL default '0',
  PRIMARY KEY  (`id`)
) ENGINE=MyISAM DEFAULT CHARSET=utf8;

--
-- Dumping data for table `sharedcontentpossibleparameters`
--


INSERT INTO `sharedcontentpossibleparameters` VALUES (1,'artno','article number','the article number of an article, _not_ the int_id!','0000-00-00 00:00:00',0,1),(2,'brand','brand name','written name of a brand','0000-00-00 00:00:00',0,1),(3,'man_year','year of manufacturing','the manufacturing year of a specific article','0000-00-00 00:00:00',0,2),(4,'position','position of sparepart','the position number of the positon of a sparepart','0000-00-00 00:00:00',0,4),(5,'page','page of sparepart list','the page number of a page of the sparepart list','0000-00-00 00:00:00',0,3),(6,'partno','part article number','the article number of a sparepart','0000-00-00 00:00:00',0,5),(11,'customergroup','customer group','','0000-00-00 00:00:00',0,0),(8,'lob','line of business','','0000-00-00 00:00:00',0,2),(9,'category','category','','0000-00-00 00:00:00',0,3),(10,'fakeid','global category','','0000-00-00 00:00:00',0,0),(12,'customerno','customer number','the customer number of a specific customer','0000-00-00 00:00:00',0,0),(13,'serialno','serial number','the serial number of an article','0000-00-00 00:00:00',0,2),(14,'sparepartshopcustomergroup','sparepartshop customer group','name of a sparepartshop customer group','0000-00-00 00:00:00',0,0),(15,'productshopcustomergroup','productshop customer group','name of a productshop customer group','0000-00-00 00:00:00',0,0);

--
-- Table structure for table `sharedcontentpossibleparametertranslation`
--

CREATE TABLE `sharedcontentpossibleparametertranslation` (
  `id` int(11) NOT NULL auto_increment,
  `sharedcontentpossibleparameters_id` int(11) NOT NULL default '0',
  `name` varchar(50) NOT NULL default '',
  `lang_id` int(11) NOT NULL default '0',
  `lastchange` datetime NOT NULL default '0000-00-00 00:00:00',
  PRIMARY KEY  (`id`)
) ENGINE=MyISAM DEFAULT CHARSET=utf8;

--
-- Dumping data for table `sharedcontentpossibleparametertranslation`
--


INSERT INTO `sharedcontentpossibleparametertranslation` VALUES (25,14,'Ersatzteilshop-Kundengruppe',1,'0000-00-00 00:00:00'),(26,14,'Sparepartshop Customergroup',3,'0000-00-00 00:00:00'),(27,15,'Produktshop-Kundengruppe',1,'0000-00-00 00:00:00'),(28,15,'Productshop Customergroup',3,'0000-00-00 00:00:00');

--
-- Table structure for table `shop`
--

CREATE TABLE `shop` (
  `id` int(11) unsigned NOT NULL auto_increment,
  `ip` varchar(45) NOT NULL default '127.0.0.1',
  `parentshop_id` int(11) unsigned NOT NULL default '1',
  `name` varchar(255) default NULL,
  `frontendcsspath` varchar(255) default NULL,
  `prefix` varchar(255) default NULL,
  `has_article_prefix` tinyint(1) NOT NULL default '1',
  PRIMARY KEY  (`id`),
  KEY `parentshop_id` (`parentshop_id`)
) ENGINE=MyISAM DEFAULT CHARSET=utf8;

--
-- Dumping data for table `shop`
--


INSERT INTO `shop` VALUES (1,'195.143.91.17',1,'DefaultShop','default_design',NULL,1);

--
-- Table structure for table `shopPreferences`
--

CREATE TABLE `shopPreferences` (
  `shopId` int(10) unsigned NOT NULL default '0',
  `preferenceKey` varchar(255) NOT NULL default '',
  `preferenceValue` varchar(255) NOT NULL default '',
  `valueType` enum('boolean','integer','float','string') NOT NULL default 'boolean',
  PRIMARY KEY  (`shopId`,`preferenceKey`),
  KEY `shopId` (`shopId`)
) ENGINE=MyISAM DEFAULT CHARSET=utf8;

--
-- Dumping data for table `shopPreferences`
--



--
-- Table structure for table `showarticle_productshop_customergroup`
--

CREATE TABLE `showarticle_productshop_customergroup` (
  `id` int(11) unsigned NOT NULL auto_increment,
  `name` varchar(255) default NULL,
  `creator_shop_id` int(3) NOT NULL default '1',
  `creator_countryunique_id` int(3) NOT NULL default '-1',
  `lastchange` timestamp NOT NULL default CURRENT_TIMESTAMP on update CURRENT_TIMESTAMP,
  PRIMARY KEY  (`id`),
  KEY `creator_shop_id` (`creator_shop_id`,`creator_countryunique_id`)
) ENGINE=MyISAM DEFAULT CHARSET=utf8;

--
-- Dumping data for table `showarticle_productshop_customergroup`
--



--
-- Table structure for table `showarticle_sparepartshop_customergroup`
--

CREATE TABLE `showarticle_sparepartshop_customergroup` (
  `id` int(11) unsigned NOT NULL auto_increment,
  `name` varchar(255) default NULL,
  `creator_shop_id` int(3) NOT NULL default '1',
  `creator_countryunique_id` int(11) NOT NULL default '-1',
  `lastchange` timestamp NOT NULL default CURRENT_TIMESTAMP on update CURRENT_TIMESTAMP,
  PRIMARY KEY  (`id`),
  KEY `creator_shop_id` (`creator_shop_id`,`creator_countryunique_id`)
) ENGINE=MyISAM DEFAULT CHARSET=utf8;

--
-- Dumping data for table `showarticle_sparepartshop_customergroup`
--



--
-- Table structure for table `sparepartShopSettings`
--

CREATE TABLE `sparepartShopSettings` (
  `countryId` int(10) NOT NULL default '0',
  `shopId` int(10) unsigned NOT NULL default '0',
  `isActive` enum('0','1') NOT NULL default '0',
  `defaultShowarticleSparepartshopCustomerGroupId` int(11) NOT NULL default '0',
  `inheritsArticleDiscounts` enum('0','1') NOT NULL default '0',
  `inheritsArticleSurcharges` enum('0','1') NOT NULL default '0',
  `inheritsPrices` enum('0','1') NOT NULL default '0',
  `inheritsPortfolioGroups` enum('0','1') NOT NULL default '0',
  `showsWarrantyApplication` enum('0','1') NOT NULL default '0',
  `showsQuotation` enum('0','1') NOT NULL default '0',
  `showsStockAvailability` enum('0','1') NOT NULL default '0',
  `showsInfo` enum('0','1') NOT NULL default '0',
  `showsOrderManagement` enum('0','1') NOT NULL default '1',
  `showsBasket` enum('0','1') NOT NULL default '0',
  `showsProfile` enum('0','1') NOT NULL default '1',
  `showsContact` enum('0','1') NOT NULL default '1',
  `showsBookmarks` enum('0','1') NOT NULL default '1',
  `showsHelp` enum('0','1') NOT NULL default '1',
  `showsLogout` enum('0','1') NOT NULL default '1',
  `showsExpressOrder` enum('0','1') NOT NULL default '1',
  `showsReverseSearch` enum('0','1') NOT NULL default '0',
  PRIMARY KEY  (`shopId`,`countryId`)
) ENGINE=MyISAM DEFAULT CHARSET=utf8;

--
-- Dumping data for table `sparepartShopSettings`
--


INSERT INTO `sparepartShopSettings` VALUES (1,1,'1',1,'0','0','0','0','1','1','0','0','1','0','1','1','1','1','1','1','0');

--
-- Table structure for table `sparepartshop_visibility`
--

CREATE TABLE `sparepartshop_visibility` (
  `id` int(11) NOT NULL auto_increment,
  `category_value_id` int(11) NOT NULL default '0',
  `shop_id` int(3) NOT NULL default '0',
  `countryunique_id` int(3) NOT NULL default '0',
  `hidden` tinyint(1) NOT NULL default '0',
  PRIMARY KEY  (`id`),
  KEY `shop_id` (`shop_id`),
  KEY `countryunique_id` (`countryunique_id`),
  KEY `hidden` (`hidden`),
  KEY `category_value_id` (`category_value_id`)
) ENGINE=MyISAM DEFAULT CHARSET=utf8;

--
-- Dumping data for table `sparepartshop_visibility`
--



--
-- Table structure for table `structured_text`
--

CREATE TABLE `structured_text` (
  `textId` int(10) unsigned NOT NULL default '0',
  `languageId` int(10) unsigned NOT NULL default '0',
  `text` text NOT NULL,
  PRIMARY KEY  (`textId`,`languageId`)
) ENGINE=MyISAM DEFAULT CHARSET=utf8;

--
-- Dumping data for table `structured_text`
--


INSERT INTO `structured_text` VALUES (1,3,'Article Discounts'),(2,3,'Discount'),(3,3,'Warranty Discount Group'),(4,3,'Post & Package'),(5,3,'Free Shipping'),(6,3,'Default Surcharge Group'),(7,3,'Free Shipping Surcharge Group');

--
-- Table structure for table `style_backoffice`
--

CREATE TABLE `style_backoffice` (
  `ID` tinyint(4) NOT NULL default '0',
  `fontFamily` varchar(255) NOT NULL default 'Verdana, Arial, Helvetica, sans-serif',
  `fontColor` varchar(255) NOT NULL default 'black',
  `fontSize` varchar(255) NOT NULL default '10pt',
  `fontColorWarning` varchar(255) NOT NULL default 'red',
  `linkColor` varchar(255) NOT NULL default '#CC0000',
  `linkColorHover` varchar(255) NOT NULL default '#425871',
  `linkColorActive` varchar(255) NOT NULL default '#000000',
  `backgroundColor` varchar(255) NOT NULL default 'white',
  `borderColorNav` varchar(255) NOT NULL default '#858585',
  `backgroundColorNav` varchar(255) NOT NULL default '#FFEEB9',
  `backgroundColorTopNav` varchar(255) NOT NULL default '#FFCC33',
  PRIMARY KEY  (`ID`)
) ENGINE=MyISAM DEFAULT CHARSET=utf8;

--
-- Dumping data for table `style_backoffice`
--


INSERT INTO `style_backoffice` VALUES (1,'Verdana, Arial, Helvetica, sans-serif','#000000','10pt','red','#EF1821','#000000','#EF1821','white','#666666','#E5E5E5','#999999'),(2,'Verdana, Arial, Helvetica, sans-serif','#000000','10pt','red','#003366','#000000','#000000','#FFFFFF','#858585','#E5EAED','#CCD5DB');

--
-- Table structure for table `surchargeExclusions`
--

CREATE TABLE `surchargeExclusions` (
  `surchargeId` int(10) unsigned NOT NULL default '0',
  `excludesSurchargeId` int(10) unsigned NOT NULL default '0',
  PRIMARY KEY  (`surchargeId`,`excludesSurchargeId`),
  KEY `surchargeId` (`surchargeId`),
  KEY `excludesSurchargeId` (`excludesSurchargeId`)
) ENGINE=MyISAM DEFAULT CHARSET=utf8;

--
-- Dumping data for table `surchargeExclusions`
--



--
-- Table structure for table `surchargeGroups`
--

CREATE TABLE `surchargeGroups` (
  `surchargeGroupId` int(10) unsigned NOT NULL auto_increment,
  `nameTextId` int(10) unsigned NOT NULL default '0',
  PRIMARY KEY  (`surchargeGroupId`),
  KEY `nameTextId` (`nameTextId`)
) ENGINE=MyISAM DEFAULT CHARSET=utf8;

--
-- Dumping data for table `surchargeGroups`
--



--
-- Table structure for table `surcharges`
--

CREATE TABLE `surcharges` (
  `surchargeId` int(10) unsigned NOT NULL auto_increment,
  `amount` float(6,5) unsigned NOT NULL default '0.00000',
  `type` enum('A','R') NOT NULL default 'A',
  `appliesTo` enum('N','G') NOT NULL default 'N',
  `owningShopId` int(4) unsigned NOT NULL default '0',
  `surchargeGroupId` int(10) unsigned NOT NULL default '0',
  `nameTextId` int(10) unsigned NOT NULL default '0',
  `description` varchar(50) NOT NULL default '',
  PRIMARY KEY  (`surchargeId`),
  KEY `shopId` (`owningShopId`)
) ENGINE=MyISAM DEFAULT CHARSET=utf8;

--
-- Dumping data for table `surcharges`
--



--
-- Table structure for table `surchargesToCountries`
--

CREATE TABLE `surchargesToCountries` (
  `surchargeId` int(10) unsigned NOT NULL default '0',
  `countryId` int(10) unsigned NOT NULL default '0',
  PRIMARY KEY  (`surchargeId`,`countryId`)
) ENGINE=MyISAM DEFAULT CHARSET=utf8;

--
-- Dumping data for table `surchargesToCountries`
--



--
-- Table structure for table `surchargesToCustomerGroups`
--

CREATE TABLE `surchargesToCustomerGroups` (
  `surchargeId` int(10) unsigned NOT NULL default '0',
  `customerGroupId` int(10) NOT NULL default '0',
  `articleId` int(10) NOT NULL default '0',
  `shopId` int(10) unsigned NOT NULL default '0',
  `countryId` int(10) NOT NULL default '-1',
  PRIMARY KEY  (`surchargeId`,`customerGroupId`,`articleId`,`shopId`,`countryId`)
) ENGINE=MyISAM DEFAULT CHARSET=utf8;

--
-- Dumping data for table `surchargesToCustomerGroups`
--



--
-- Table structure for table `sync_log`
--

CREATE TABLE `sync_log` (
  `ID` int(11) NOT NULL auto_increment,
  `action` varchar(25) NOT NULL default '',
  `logKey` varchar(25) NOT NULL default '',
  `miscID` int(11) NOT NULL default '0',
  `buildYear` varchar(10) NOT NULL default '',
  `nameBefore` varchar(100) NOT NULL default '',
  `timestamp` timestamp NOT NULL default CURRENT_TIMESTAMP on update CURRENT_TIMESTAMP,
  UNIQUE KEY `ID` (`ID`)
) ENGINE=MyISAM DEFAULT CHARSET=utf8;

--
-- Dumping data for table `sync_log`
--



--
-- Table structure for table `system_basics`
--

CREATE TABLE `system_basics` (
  `int_id` bigint(15) NOT NULL auto_increment,
  `is_online` enum('Y','N') NOT NULL default 'N',
  `currency_format` enum('american','german') NOT NULL default 'german',
  `std_currency` enum('Y','N') NOT NULL default 'N',
  `std_currency_id` bigint(5) NOT NULL default '0',
  `std_language_id` varchar(20) NOT NULL default '1',
  `disc_amount` float(10,2) NOT NULL default '0.00',
  `disc_value` float(10,2) NOT NULL default '0.00',
  PRIMARY KEY  (`int_id`),
  UNIQUE KEY `int_id_2` (`int_id`),
  KEY `int_id` (`int_id`)
) ENGINE=MyISAM DEFAULT CHARSET=utf8;

--
-- Dumping data for table `system_basics`
--



--
-- Table structure for table `system_text`
--

CREATE TABLE `system_text` (
  `int_id` int(11) NOT NULL auto_increment,
  `shop_id` int(11) NOT NULL default '1',
  `text_name` varchar(100) NOT NULL default '',
  `text_value` text,
  `language_id` int(11) NOT NULL default '0',
  PRIMARY KEY  (`int_id`),
  KEY `language_id` (`language_id`),
  KEY `text_name` (`text_name`(14))
) ENGINE=MyISAM DEFAULT CHARSET=utf8;

--
-- Dumping data for table `system_text`
--




--
-- Table structure for table `techname`
--

CREATE TABLE `techname` (
  `id` int(11) unsigned NOT NULL auto_increment,
  `TechNameCategory_id` int(11) unsigned NOT NULL default '0',
  `name` varchar(255) default NULL,
  `lang_id` int(5) unsigned default NULL,
  `lastchange` timestamp NOT NULL default CURRENT_TIMESTAMP on update CURRENT_TIMESTAMP,
  PRIMARY KEY  (`id`),
  KEY `TechNameCategory_id` (`TechNameCategory_id`),
  KEY `lang_id` (`lang_id`)
) ENGINE=MyISAM DEFAULT CHARSET=utf8;

--
-- Dumping data for table `techname`
--



--
-- Table structure for table `technamecategory`
--

CREATE TABLE `technamecategory` (
  `id` int(11) unsigned NOT NULL auto_increment,
  `creator_countryunique_id` int(11) NOT NULL default '-1',
  `creator_shop_id` int(11) NOT NULL default '1',
  `language_independent_name` varchar(255) default NULL,
  `lastchange` timestamp NOT NULL default CURRENT_TIMESTAMP on update CURRENT_TIMESTAMP,
  PRIMARY KEY  (`id`),
  KEY `creator_shop_id` (`creator_shop_id`),
  KEY `creator_countryunique_id` (`creator_countryunique_id`)
) ENGINE=MyISAM DEFAULT CHARSET=utf8;

--
-- Dumping data for table `technamecategory`
--



--
-- Table structure for table `techvalue`
--

CREATE TABLE `techvalue` (
  `id` int(11) unsigned NOT NULL auto_increment,
  `countryunique_id` int(11) NOT NULL default '0',
  `article_int_id` int(11) NOT NULL default '0',
  `shop_id` int(11) unsigned NOT NULL default '0',
  `TechName_id` int(11) unsigned NOT NULL default '0',
  `value` varchar(255) default NULL,
  `layout_order` int(3) unsigned default NULL,
  `lastchange` timestamp NOT NULL default CURRENT_TIMESTAMP,
  PRIMARY KEY  (`id`),
  KEY `countryunique_id` (`countryunique_id`),
  KEY `article_int_id` (`article_int_id`),
  KEY `shop_id` (`shop_id`),
  KEY `TechName_id` (`TechName_id`),
  KEY `layout_order` (`layout_order`)
) ENGINE=MyISAM DEFAULT CHARSET=utf8;

--
-- Dumping data for table `techvalue`
--



--
-- Table structure for table `text_info`
--

CREATE TABLE `text_info` (
  `id` int(11) NOT NULL auto_increment,
  `lang_id` int(11) NOT NULL default '1',
  `type` varchar(3) NOT NULL default 'FAQ',
  `position` int(11) NOT NULL default '1',
  `title` varchar(255) default NULL,
  `teaser` text,
  `text` text,
  `pic_url` varchar(255) default NULL,
  UNIQUE KEY `id` (`id`)
) ENGINE=MyISAM DEFAULT CHARSET=utf8;

--
-- Dumping data for table `text_info`
--



--
-- Table structure for table `vendor`
--

CREATE TABLE `vendor` (
  `vendor_id` int(11) NOT NULL auto_increment,
  `vendor_name` tinytext NOT NULL,
  `vendor_prefix` varchar(2) NOT NULL default '',
  PRIMARY KEY  (`vendor_id`)
) ENGINE=MyISAM DEFAULT CHARSET=utf8;

--
-- Dumping data for table `vendor`
--



--
-- Table structure for table `warrantyApplications`
--

CREATE TABLE `warrantyApplications` (
  `warrantyApplicationId` int(10) unsigned NOT NULL auto_increment,
  `warrantyReferenceId` int(11) NOT NULL default '0',
  `name` varchar(30) default NULL,
  `timestamp` bigint(20) unsigned NOT NULL default '0',
  `customerId` int(10) unsigned default NULL,
  `customerAdditionalInformation` text,
  `customerAreaCode` varchar(10) default NULL,
  `customerCity` varchar(50) default NULL,
  `customerCompany` varchar(255) default NULL,
  `customerCompanySecondary` varchar(255) default NULL,
  `customerCountry` varchar(50) default NULL,
  `customerRegion` varchar(255) NOT NULL default '',
  `customerEmail` varchar(255) default NULL,
  `customerFaxNumber` varchar(20) default NULL,
  `customerPhoneNumber` varchar(20) default NULL,
  `customerStreet` varchar(50) default NULL,
  `customerStreetSecondary` varchar(50) default NULL,
  `customerUrl` varchar(255) default NULL,
  `customerZip` varchar(10) default NULL,
  `surcharge` float(6,4) unsigned default NULL,
  `tax` float(6,4) unsigned default NULL,
  PRIMARY KEY  (`warrantyApplicationId`),
  UNIQUE KEY `warrantyReferenceId` (`warrantyReferenceId`)
) ENGINE=MyISAM DEFAULT CHARSET=utf8;

--
-- Dumping data for table `warrantyApplications`
--




